From mboxrd@z Thu Jan  1 00:00:00 1970
Return-Path: <test-report-bounces@dpdk.org>
Received: from mails.dpdk.org (mails.dpdk.org [217.70.189.124])
	by inbox.dpdk.org (Postfix) with ESMTP id 055DF43F01
	for <public@inbox.dpdk.org>; Thu, 25 Apr 2024 15:00:41 +0200 (CEST)
Received: from mails.dpdk.org (localhost [127.0.0.1])
	by mails.dpdk.org (Postfix) with ESMTP id F294C435F4;
	Thu, 25 Apr 2024 15:00:40 +0200 (CEST)
Received: from mail-io1-f99.google.com (mail-io1-f99.google.com
 [209.85.166.99]) by mails.dpdk.org (Postfix) with ESMTP id AEB9040284
 for <test-report@dpdk.org>; Thu, 25 Apr 2024 15:00:39 +0200 (CEST)
Received: by mail-io1-f99.google.com with SMTP id
 ca18e2360f4ac-7dbc33bdf08so38995639f.1
 for <test-report@dpdk.org>; Thu, 25 Apr 2024 06:00:39 -0700 (PDT)
DKIM-Signature: v=1; a=rsa-sha256; c=relaxed/relaxed;
 d=iol.unh.edu; s=unh-iol; t=1714050039; x=1714654839; darn=dpdk.org;
 h=references:in-reply-to:cc:to:from:subject:message-id:date:from:to
 :cc:subject:date:message-id:reply-to;
 bh=5Og0NKPgW+Wlk+y53KHAsS0MoGvD8DuYT1Om0DoafC4=;
 b=HCo1H45zZYVZTxK1346AJSrt78FzJebVOgwuUfKJ87lYd3dZOIRPjSQNtYfIR+WFiI
 oEVUIVfhp3rrEw+Xu2nmLLEn7jRXw9vfwiqmaUlswN75I4vWBRmF6JfvhhSjXSb0H5t5
 zGQOO36TOUZ8RaqBYKuXN3ODH5joOeIkykOPQ=
X-Google-DKIM-Signature: v=1; a=rsa-sha256; c=relaxed/relaxed;
 d=1e100.net; s=20230601; t=1714050039; x=1714654839;
 h=references:in-reply-to:cc:to:from:subject:message-id:date
 :x-gm-message-state:from:to:cc:subject:date:message-id:reply-to;
 bh=5Og0NKPgW+Wlk+y53KHAsS0MoGvD8DuYT1Om0DoafC4=;
 b=AujSvCbZq9CjjpxPcor1aDA13e36F2p4yeyi0NR8919o8bsS4oaLQK+h3bgnlwV7/N
 xhEtKGeCziCXj+jC4Ix4Flkd8PBJwPQNp2ncxvVZCBHoHqX7AtuseivQm7jS/kiWq+fI
 NfpyMQxBkuZytxQeEsjnQ2JZAvE3A6WI7sYd3pOex0Xv/40R+N404si2Z1uXme/LOJ+c
 yldTTIvxuU6u2UP+jpgwNUGWJ1fQtBfsxY43eooeyYdAndqqdJA9JcscFtPDB6Wq8JYG
 vLnD5i1WdTSpjUhEZ3pZvrMSQQD/rrdWwIeRvmOAMNya8o0p+W0KM4vQ05oZ8tycZL6u
 UkIw==
X-Gm-Message-State: AOJu0Yw6zmS8fGceuSsxXQYZ58YA5kHrYC1mUTd7iAO96FcaKREroqkD
 Zz3P5zUhS9HtXE3oHcusE7fsfpTd56m6572JP1hyW6MC04YtKB44h4jmNG89S3/xaOLK1yyFkLk
 hj+iajr12qrYehGZGJXerv0IX3R5HN5Lem2rnVAR7C1B3Pquw
X-Google-Smtp-Source: AGHT+IFhnX13TQHqa+hcNu2p5a5Q2PONmHIoXEqrmYzU7OSyM9eK76+B+6EQeko3Zn2V8Sz/CNOpUD8vultV
X-Received: by 2002:a6b:e905:0:b0:7da:5360:71be with SMTP id
 u5-20020a6be905000000b007da536071bemr6553472iof.3.1714050039068; 
 Thu, 25 Apr 2024 06:00:39 -0700 (PDT)
Received: from postal.iol.unh.edu (postal.iol.unh.edu.
 [2606:4100:3880:1234::84]) by smtp-relay.gmail.com with ESMTPS id
 x6-20020a056638248600b00482fa81db81sm1130244jat.5.2024.04.25.06.00.38
 (version=TLS1_2 cipher=ECDHE-ECDSA-AES128-GCM-SHA256 bits=128/128);
 Thu, 25 Apr 2024 06:00:39 -0700 (PDT)
X-Relaying-Domain: iol.unh.edu
Date: Thu, 25 Apr 2024 06:00:39 -0700 (PDT)
Message-ID: <662a53f7.050a0220.1e3b8.a3d7SMTPIN_ADDED_MISSING@mx.google.com>
Received: from [172.17.0.3] (unknown [172.18.0.217])
 by postal.iol.unh.edu (Postfix) with ESMTP id AA8F56052514;
 Thu, 25 Apr 2024 09:00:38 -0400 (EDT)
Subject: |FAILURE| pw139670 [PATCH] eal/linux: enhanced error handling for af
From: dpdklab@iol.unh.edu
To: Test Report <test-report@dpdk.org>
Cc: dpdk-test-reports@iol.unh.edu, Wu Jian Yue  <wujianyue000@163.com>
In-Reply-To: <20240423030243.59895-1-wujianyue000@163.com>
References: <20240423030243.59895-1-wujianyue000@163.com>
Content-Type: text/plain
X-BeenThere: test-report@dpdk.org
X-Mailman-Version: 2.1.29
Precedence: list
List-Id: automatic DPDK test reports <test-report.dpdk.org>
List-Unsubscribe: <https://mails.dpdk.org/options/test-report>,
 <mailto:test-report-request@dpdk.org?subject=unsubscribe>
List-Archive: <http://mails.dpdk.org/archives/test-report/>
List-Post: <mailto:test-report@dpdk.org>
List-Help: <mailto:test-report-request@dpdk.org?subject=help>
List-Subscribe: <https://mails.dpdk.org/listinfo/test-report>,
 <mailto:test-report-request@dpdk.org?subject=subscribe>
Errors-To: test-report-bounces@dpdk.org

Test-Label: iol-compile-amd64-testing
Test-Status: FAILURE
http://dpdk.org/patch/139670

_Testing issues_

Submitter: Wu Jian Yue  <wujianyue000@163.com>
Date: Tuesday, April 23 2024 03:02:43 
DPDK git baseline: Repo:dpdk
  Branch: master
  CommitID:7e06c0de1952d3109a5b0c4779d7e7d8059c9d78

139670 --> testing fail

Test environment and result as below:

+---------------------+--------------------+----------------------+-------------------+
|     Environment     | dpdk_meson_compile | dpdk_mingw64_compile | dpdk_msvc_compile |
+=====================+====================+======================+===================+
| FreeBSD 13.3        | FAIL               | SKIPPED              | SKIPPED           |
+---------------------+--------------------+----------------------+-------------------+
| Windows Server 2019 | PASS               | PASS                 | SKIPPED           |
+---------------------+--------------------+----------------------+-------------------+
| Windows Server 2022 | PASS               | PASS                 | PASS              |
+---------------------+--------------------+----------------------+-------------------+
| CentOS Stream 9     | FAIL               | SKIPPED              | SKIPPED           |
+---------------------+--------------------+----------------------+-------------------+
| CentOS Stream 8     | FAIL               | SKIPPED              | SKIPPED           |
+---------------------+--------------------+----------------------+-------------------+
| Debian Bullseye     | FAIL               | SKIPPED              | SKIPPED           |
+---------------------+--------------------+----------------------+-------------------+
| Debian 12           | FAIL               | SKIPPED              | SKIPPED           |
+---------------------+--------------------+----------------------+-------------------+
| Fedora 37           | FAIL               | SKIPPED              | SKIPPED           |
+---------------------+--------------------+----------------------+-------------------+
| Fedora 38           | FAIL               | SKIPPED              | SKIPPED           |
+---------------------+--------------------+----------------------+-------------------+
| Fedora 39           | FAIL               | SKIPPED              | SKIPPED           |
+---------------------+--------------------+----------------------+-------------------+
| openSUSE Leap 15    | FAIL               | SKIPPED              | SKIPPED           |
+---------------------+--------------------+----------------------+-------------------+
| RHEL8               | FAIL               | SKIPPED              | SKIPPED           |
+---------------------+--------------------+----------------------+-------------------+
| Ubuntu 20.04        | FAIL               | SKIPPED              | SKIPPED           |
+---------------------+--------------------+----------------------+-------------------+
| Ubuntu 22.04        | FAIL               | SKIPPED              | SKIPPED           |
+---------------------+--------------------+----------------------+-------------------+

==== 20 line log output for Ubuntu 22.04 (dpdk_meson_compile): ====

FreeBSD 13.3
	Kernel: 13.3-RELEASE-p1
	Compiler: clang 17.0.6

Windows Server 2019
	Kernel: 10.0.17763
	Compiler: clang 14.0 and gcc 8.1.0 (MinGW)

Windows Server 2022
	Kernel: 10.0.20348.2031
	Compiler: clang 15.0.7, gcc 8.1.0 (MinGW), and MSVC VS 17.9

CentOS Stream 9
	Kernel: 5.4.0-167-generic
	Compiler: gcc 11.4.1 20230605

CentOS Stream 8
	Kernel: 5.4.0-167-generic
	Compiler: gcc 8.5.0 20210514

Debian Bullseye
	Kernel: 5.4.0-167-generic
	Compiler: gcc 10.2.1-6

Debian 12
	Kernel: Container Host Kernel
	Compiler: gcc 10.2.1

Fedora 37
	Kernel: Depends on container host system
	Compiler: gcc 12.3.1

Fedora 38
	Kernel: Depends on container host
	Compiler: gcc 13.2.1

Fedora 39
	Kernel: Depends on container host
	Compiler: gcc 13.2.1

openSUSE Leap 15
	Kernel: 5.4.0-167-generic
	Compiler: gcc 7.5.0

RHEL8
	Kernel: 5.4.0-167-generic
	Compiler: gcc 8.5.0 20210514 (Red Hat 8.5.0-20)

Ubuntu 20.04
	Kernel: 5.4.0-167-generic
	Compiler: gcc 9.4.0-1ubuntu1~20.04.1

Ubuntu 22.04
	Kernel: 5.4.0-167-generic
	Compiler: gcc 11.4.0

To view detailed results, visit:
https://lab.dpdk.org/results/dashboard/patchsets/29851/

UNH-IOL DPDK Community Lab

To manage your email subscriptions, visit: 
https://lab.dpdk.org/results/dashboard/preferences/subscriptions/