From mboxrd@z Thu Jan  1 00:00:00 1970
Return-Path: <test-report-bounces@dpdk.org>
Received: from mails.dpdk.org (mails.dpdk.org [217.70.189.124])
	by inbox.dpdk.org (Postfix) with ESMTP id 520F343B8D
	for <public@inbox.dpdk.org>; Fri, 26 Apr 2024 12:01:29 +0200 (CEST)
Received: from mails.dpdk.org (localhost [127.0.0.1])
	by mails.dpdk.org (Postfix) with ESMTP id 4C94543CEA;
	Fri, 26 Apr 2024 12:01:29 +0200 (CEST)
Received: from mail-oi1-f225.google.com (mail-oi1-f225.google.com
 [209.85.167.225])
 by mails.dpdk.org (Postfix) with ESMTP id AFD7E40289
 for <test-report@dpdk.org>; Fri, 26 Apr 2024 12:01:28 +0200 (CEST)
Received: by mail-oi1-f225.google.com with SMTP id
 5614622812f47-3c74ff209f6so1262705b6e.0
 for <test-report@dpdk.org>; Fri, 26 Apr 2024 03:01:28 -0700 (PDT)
DKIM-Signature: v=1; a=rsa-sha256; c=relaxed/relaxed;
 d=iol.unh.edu; s=unh-iol; t=1714125688; x=1714730488; darn=dpdk.org;
 h=references:in-reply-to:cc:to:from:subject:message-id:date:from:to
 :cc:subject:date:message-id:reply-to;
 bh=YL0heJbZjqvEtTMDv46Jt9ZfXNBvLwgOA4DUwaly3UI=;
 b=jmnl5T9WJowA9uTuilclZp5Cs0og6uG7gIS/MLAmtta9b9RCQvaX36GFy0mmJgZYcB
 RXNZdYBvl0TUkv1VmEreuK14Es9mvQhIZ0GiqtnUXTlc3VI3/9zo5+4ofIi6RveBerEg
 E1Dyr8guwvkwYmx56+4qB03J7sFBTsoBt97cY=
X-Google-DKIM-Signature: v=1; a=rsa-sha256; c=relaxed/relaxed;
 d=1e100.net; s=20230601; t=1714125688; x=1714730488;
 h=references:in-reply-to:cc:to:from:subject:message-id:date
 :x-gm-message-state:from:to:cc:subject:date:message-id:reply-to;
 bh=YL0heJbZjqvEtTMDv46Jt9ZfXNBvLwgOA4DUwaly3UI=;
 b=tBNoyCcZ8X+gxSuV8Y5V34SNRvaiuYj77wA9SfDd67ZW/BNW6Popyb9cbo0B1+GQSJ
 Z30z+RS0Lu4fB6uz2MTxdIghzDREZCKB8juRk96tlHkqXmqeQYo+nfs6B3jwqeXFMtEx
 VTfPDf9vrlquZrSnhpgDa3iLd/H6C4x5guh3LsG1BUoT61vryTwATdQJWsXEN5ZQiMJP
 z0bbiYTrTwmhcafSSOmE7Am2OwJMLgKvTKX857B/tqmj3jYRwtesQcyZi2tbvPw+s8UF
 rgqTWVOx+i9s/woeKCxwn4b6eq10Zl5qfAZEHrgAO4AkZ4YzLvMJYOLTzyiivi+AK1ve
 npBQ==
X-Gm-Message-State: AOJu0YwqdGJeehks5uKsTelTjFMcndA+UwOYc7qLVWx7yH+cmCEE9Xwu
 mTilIra5UpZSCHTAUVgXTB0QnQB0JtJQ92EQg8u5mR/cE/uQ23ibGUYf8PEmEfvd0Cx1UG4aFBN
 QJLEi6MlRcrXkF595eJK22/odxvizHt3A0CRkyNISsmxCCeL5ceqpIy3P
X-Google-Smtp-Source: AGHT+IHRDaxmq9fEnoNsrFit9INxAo0pucr4Yg3OFjDqHZHEQCZdFjB+/ytNcBRzoOqClR4dVzWo2UdjEirg
X-Received: by 2002:a05:6808:a09:b0:3c8:53aa:b1cd with SMTP id
 n9-20020a0568080a0900b003c853aab1cdmr2381871oij.23.1714125688077; 
 Fri, 26 Apr 2024 03:01:28 -0700 (PDT)
Received: from postal.iol.unh.edu (postal.iol.unh.edu.
 [2606:4100:3880:1234::84]) by smtp-relay.gmail.com with ESMTPS id
 c11-20020ad4430b000000b006a0a744392dsm113432qvs.2.2024.04.26.03.01.27
 (version=TLS1_2 cipher=ECDHE-ECDSA-AES128-GCM-SHA256 bits=128/128);
 Fri, 26 Apr 2024 03:01:28 -0700 (PDT)
X-Relaying-Domain: iol.unh.edu
Date: Fri, 26 Apr 2024 03:01:28 -0700 (PDT)
Message-ID: <662b7b78.d40a0220.65d09.813bSMTPIN_ADDED_MISSING@mx.google.com>
Received: from [172.21.0.8] (unknown [172.18.0.240])
 by postal.iol.unh.edu (Postfix) with ESMTP id BE4BD6052514;
 Fri, 26 Apr 2024 06:01:27 -0400 (EDT)
Subject: |FAILURE| pw139688 [PATCH] net/af_packet: cache align Rx/Tx structs
From: dpdklab@iol.unh.edu
To: Test Report <test-report@dpdk.org>
Cc: dpdk-test-reports@iol.unh.edu,
 Mattias Ronnblom <mattias.ronnblom@ericsson.com>
In-Reply-To: <20240426073824.100386-1-mattias.ronnblom@ericsson.com>
References: <20240426073824.100386-1-mattias.ronnblom@ericsson.com>
Content-Type: text/plain
X-BeenThere: test-report@dpdk.org
X-Mailman-Version: 2.1.29
Precedence: list
List-Id: automatic DPDK test reports <test-report.dpdk.org>
List-Unsubscribe: <https://mails.dpdk.org/options/test-report>,
 <mailto:test-report-request@dpdk.org?subject=unsubscribe>
List-Archive: <http://mails.dpdk.org/archives/test-report/>
List-Post: <mailto:test-report@dpdk.org>
List-Help: <mailto:test-report-request@dpdk.org?subject=help>
List-Subscribe: <https://mails.dpdk.org/listinfo/test-report>,
 <mailto:test-report-request@dpdk.org?subject=subscribe>
Errors-To: test-report-bounces@dpdk.org

Test-Label: iol-compile-amd64-testing
Test-Status: FAILURE
http://dpdk.org/patch/139688

_Testing issues_

Submitter: Mattias Ronnblom <mattias.ronnblom@ericsson.com>
Date: Friday, April 26 2024 07:38:24 
DPDK git baseline: Repo:dpdk
  Branch: master
  CommitID:8841786ab4aa72d205f97528af8708a13a851f4f

139688 --> testing fail

Test environment and result as below:

+---------------------+--------------------+----------------------+-------------------+
|     Environment     | dpdk_meson_compile | dpdk_mingw64_compile | dpdk_msvc_compile |
+=====================+====================+======================+===================+
| FreeBSD 13.3        | PASS               | SKIPPED              | SKIPPED           |
+---------------------+--------------------+----------------------+-------------------+
| Windows Server 2019 | PASS               | PASS                 | SKIPPED           |
+---------------------+--------------------+----------------------+-------------------+
| Windows Server 2022 | PASS               | PASS                 | PASS              |
+---------------------+--------------------+----------------------+-------------------+
| Debian 12           | PASS               | SKIPPED              | SKIPPED           |
+---------------------+--------------------+----------------------+-------------------+
| CentOS Stream 8     | PASS               | SKIPPED              | SKIPPED           |
+---------------------+--------------------+----------------------+-------------------+
| Debian Bullseye     | PASS               | SKIPPED              | SKIPPED           |
+---------------------+--------------------+----------------------+-------------------+
| Fedora 37           | PASS               | SKIPPED              | SKIPPED           |
+---------------------+--------------------+----------------------+-------------------+
| Fedora 38           | PASS               | SKIPPED              | SKIPPED           |
+---------------------+--------------------+----------------------+-------------------+
| RHEL8               | PASS               | SKIPPED              | SKIPPED           |
+---------------------+--------------------+----------------------+-------------------+
| Fedora 39           | PASS               | SKIPPED              | SKIPPED           |
+---------------------+--------------------+----------------------+-------------------+
| Ubuntu 20.04        | PASS               | SKIPPED              | SKIPPED           |
+---------------------+--------------------+----------------------+-------------------+
| Ubuntu 22.04        | PASS               | SKIPPED              | SKIPPED           |
+---------------------+--------------------+----------------------+-------------------+
| CentOS Stream 9     | PASS               | SKIPPED              | SKIPPED           |
+---------------------+--------------------+----------------------+-------------------+
| openSUSE Leap 15    | PASS               | SKIPPED              | SKIPPED           |
+---------------------+--------------------+----------------------+-------------------+
| Alpine              | FAIL               | SKIPPED              | SKIPPED           |
+---------------------+--------------------+----------------------+-------------------+

==== 20 line log output for Alpine (dpdk_meson_compile): ====

FreeBSD 13.3
	Kernel: 13.3-RELEASE-p1
	Compiler: clang 17.0.6

Windows Server 2019
	Kernel: 10.0.17763
	Compiler: clang 14.0 and gcc 8.1.0 (MinGW)

Windows Server 2022
	Kernel: 10.0.20348.2031
	Compiler: clang 15.0.7, gcc 8.1.0 (MinGW), and MSVC VS 17.9

Debian 12
	Kernel: Container Host Kernel
	Compiler: gcc 10.2.1

CentOS Stream 8
	Kernel: 5.4.0-167-generic
	Compiler: gcc 8.5.0 20210514

Debian Bullseye
	Kernel: 5.4.0-167-generic
	Compiler: gcc 10.2.1-6

Fedora 37
	Kernel: Depends on container host system
	Compiler: gcc 12.3.1

Fedora 38
	Kernel: Depends on container host
	Compiler: gcc 13.2.1

RHEL8
	Kernel: 5.4.0-167-generic
	Compiler: gcc 8.5.0 20210514 (Red Hat 8.5.0-20)

Fedora 39
	Kernel: Depends on container host
	Compiler: gcc 13.2.1

Ubuntu 20.04
	Kernel: 5.4.0-167-generic
	Compiler: gcc 9.4.0-1ubuntu1~20.04.1

Ubuntu 22.04
	Kernel: 5.4.0-167-generic
	Compiler: gcc 11.4.0

CentOS Stream 9
	Kernel: 5.4.0-167-generic
	Compiler: gcc 11.4.1 20230605

openSUSE Leap 15
	Kernel: 5.4.0-167-generic
	Compiler: gcc 7.5.0

Alpine
	Kernel: 5.4.0-167-generic
	Compiler: gcc (Alpine 13.2.1_git20231014) 13.2.1 20231014

To view detailed results, visit:
https://lab.dpdk.org/results/dashboard/patchsets/29861/

UNH-IOL DPDK Community Lab

To manage your email subscriptions, visit: 
https://lab.dpdk.org/results/dashboard/preferences/subscriptions/