From mboxrd@z Thu Jan  1 00:00:00 1970
Return-Path: <test-report-bounces@dpdk.org>
Received: from mails.dpdk.org (mails.dpdk.org [217.70.189.124])
	by inbox.dpdk.org (Postfix) with ESMTP id C9B2943F15
	for <public@inbox.dpdk.org>; Fri, 26 Apr 2024 14:33:20 +0200 (CEST)
Received: from mails.dpdk.org (localhost [127.0.0.1])
	by mails.dpdk.org (Postfix) with ESMTP id C568043DB6;
	Fri, 26 Apr 2024 14:33:20 +0200 (CEST)
Received: from mail-yw1-f228.google.com (mail-yw1-f228.google.com
 [209.85.128.228])
 by mails.dpdk.org (Postfix) with ESMTP id 5C8A243DB0
 for <test-report@dpdk.org>; Fri, 26 Apr 2024 14:33:20 +0200 (CEST)
Received: by mail-yw1-f228.google.com with SMTP id
 00721157ae682-618769020bcso22733947b3.3
 for <test-report@dpdk.org>; Fri, 26 Apr 2024 05:33:20 -0700 (PDT)
DKIM-Signature: v=1; a=rsa-sha256; c=relaxed/relaxed;
 d=iol.unh.edu; s=unh-iol; t=1714134800; x=1714739600; darn=dpdk.org;
 h=references:in-reply-to:cc:to:from:subject:message-id:date:from:to
 :cc:subject:date:message-id:reply-to;
 bh=+YWQu8xA2D7XXLtzUSsTmrgr9nxtAIQ7+0aW6CkM2bs=;
 b=HACcTq7tuBa0tuNl9AePo5I9YSB5wK7Mmpd/S0B1E6nvCO1/ocQP8CB/DjfZNIpE1P
 /NbvooYPxow7NI0E+hmTZyzZ9cGXYU/Pcj+gMBEprXFYoFA2j/8tGEqtc1Cc/emUaepa
 qodSLE+GZU6S9zXWdrV4yDAKErQk1OLbbPhSY=
X-Google-DKIM-Signature: v=1; a=rsa-sha256; c=relaxed/relaxed;
 d=1e100.net; s=20230601; t=1714134800; x=1714739600;
 h=references:in-reply-to:cc:to:from:subject:message-id:date
 :x-gm-message-state:from:to:cc:subject:date:message-id:reply-to;
 bh=+YWQu8xA2D7XXLtzUSsTmrgr9nxtAIQ7+0aW6CkM2bs=;
 b=MXzOc1fUEKtkqkPU9H5jwT+6OhJg3vMd9PFS7rC0eBGHSdsaJdpTba2/YXHEb2AxpK
 eZ6xdf79tpzHd/zWrzn7cseogSqkfai8abRRHI4fK0Wpzlgfu7I3GT0Xx+4/UkEusexj
 0bkoY116nvdSLcBPN5Y0pnHUyVNWs0Onu231m+n7J4Q4VRl77rGRv3hvL1nmcmFFYPES
 7OzbvP9DEhDrs66dH/qhx0gqovI4Iejjd47u38biIuPw3ryDUkygRrKdTtmVCYaskp9Z
 eNKul2LNHvgDzu8xrwNICUzkOK+tmZeb8vxfRazX1UdXBTelqiDKzdVx6/hQCjwleC9v
 Z9yw==
X-Gm-Message-State: AOJu0YwqrLznE4z5XlM4czEHm3J9w/LJXrnE2Nfq5VGEaeAFSvJ8NZuY
 N7Xy/BoudB12FFdKt8CWvcmGNRXLJjEqWjcP6+6eaSvLqc5v09QMxj9Os+sJDiVrLF1WVoWOwsr
 cTIprIXIlx2QCM9LTAwtWIvFUauLXMM2mYJLLnn8u
X-Google-Smtp-Source: AGHT+IEzQ2dIhZVv72r83wmghunqWOI4YTRzS/TVf+2bSHFiFkClB7vm5JkMXbKEKOofIx3Ulw7f/gaHnrvq
X-Received: by 2002:a05:690c:700f:b0:611:7132:e6ba with SMTP id
 jf15-20020a05690c700f00b006117132e6bamr2313054ywb.40.1714134799831; 
 Fri, 26 Apr 2024 05:33:19 -0700 (PDT)
Received: from postal.iol.unh.edu (postal.iol.unh.edu. [132.177.123.84])
 by smtp-relay.gmail.com with ESMTPS id
 p198-20020a0de6cf000000b0061581563303sm1352916ywe.35.2024.04.26.05.33.19
 (version=TLS1_2 cipher=ECDHE-ECDSA-AES128-GCM-SHA256 bits=128/128);
 Fri, 26 Apr 2024 05:33:19 -0700 (PDT)
X-Relaying-Domain: iol.unh.edu
Date: Fri, 26 Apr 2024 05:33:19 -0700 (PDT)
Message-ID: <662b9f0f.0d0a0220.25d26.9664SMTPIN_ADDED_MISSING@mx.google.com>
Received: from [172.21.0.6] (unknown [172.18.0.240])
 by postal.iol.unh.edu (Postfix) with ESMTP id 763296052514;
 Fri, 26 Apr 2024 08:33:19 -0400 (EDT)
Subject: |FAILURE| pw139702 [PATCH] [v2] vhost: cleanup resubmit info before 
From: dpdklab@iol.unh.edu
To: Test Report <test-report@dpdk.org>
Cc: dpdk-test-reports@iol.unh.edu, Haoqian He <haoqian.he@smartx.com>
In-Reply-To: <20240426110947.881407-1-haoqian.he@smartx.com>
References: <20240426110947.881407-1-haoqian.he@smartx.com>
Content-Type: text/plain
X-BeenThere: test-report@dpdk.org
X-Mailman-Version: 2.1.29
Precedence: list
List-Id: automatic DPDK test reports <test-report.dpdk.org>
List-Unsubscribe: <https://mails.dpdk.org/options/test-report>,
 <mailto:test-report-request@dpdk.org?subject=unsubscribe>
List-Archive: <http://mails.dpdk.org/archives/test-report/>
List-Post: <mailto:test-report@dpdk.org>
List-Help: <mailto:test-report-request@dpdk.org?subject=help>
List-Subscribe: <https://mails.dpdk.org/listinfo/test-report>,
 <mailto:test-report-request@dpdk.org?subject=subscribe>
Errors-To: test-report-bounces@dpdk.org

Test-Label: iol-unit-amd64-testing
Test-Status: FAILURE
http://dpdk.org/patch/139702

_Testing issues_

Submitter: Haoqian He <haoqian.he@smartx.com>
Date: Friday, April 26 2024 11:09:46 
DPDK git baseline: Repo:dpdk
  Branch: master
  CommitID:deedfb86a7a6e10064d3cccd593f62072de96e36

139702 --> testing fail

Test environment and result as below:

+---------------------+----------------+
|     Environment     | dpdk_unit_test |
+=====================+================+
| Windows Server 2019 | PASS           |
+---------------------+----------------+
| CentOS Stream 8     | PASS           |
+---------------------+----------------+
| CentOS Stream 9     | PASS           |
+---------------------+----------------+
| Debian Bullseye     | PASS           |
+---------------------+----------------+
| Windows Server 2022 | PASS           |
+---------------------+----------------+
| Fedora 38           | PASS           |
+---------------------+----------------+
| Fedora 37           | PASS           |
+---------------------+----------------+
| Fedora 39           | PASS           |
+---------------------+----------------+
| Debian 12           | FAIL           |
+---------------------+----------------+

==== 20 line log output for Debian 12 (dpdk_unit_test): ====

Windows Server 2019
	Kernel: 10.0.17763
	Compiler: clang 14.0 and gcc 8.1.0 (MinGW)

CentOS Stream 8
	Kernel: 5.4.0-167-generic
	Compiler: gcc 8.5.0 20210514

CentOS Stream 9
	Kernel: 5.4.0-167-generic
	Compiler: gcc 11.4.1 20230605

Debian Bullseye
	Kernel: 5.4.0-167-generic
	Compiler: gcc 10.2.1-6

Windows Server 2022
	Kernel: 10.0.20348.2031
	Compiler: clang 15.0.7, gcc 8.1.0 (MinGW), and MSVC VS 17.9

Fedora 38
	Kernel: Depends on container host
	Compiler: clang 16.0.6

Fedora 37
	Kernel: Depends on container host system
	Compiler: gcc 12.3.1

Fedora 39
	Kernel: Depends on container host
	Compiler: gcc 13.2.1

Debian 12
	Kernel: Container Host Kernel
	Compiler: gcc 10.2.1

To view detailed results, visit:
https://lab.dpdk.org/results/dashboard/patchsets/29866/

UNH-IOL DPDK Community Lab

To manage your email subscriptions, visit: 
https://lab.dpdk.org/results/dashboard/preferences/subscriptions/