From mboxrd@z Thu Jan  1 00:00:00 1970
Return-Path: <test-report-bounces@dpdk.org>
Received: from mails.dpdk.org (mails.dpdk.org [217.70.189.124])
	by inbox.dpdk.org (Postfix) with ESMTP id 2BD3343F17
	for <public@inbox.dpdk.org>; Fri, 26 Apr 2024 17:10:43 +0200 (CEST)
Received: from mails.dpdk.org (localhost [127.0.0.1])
	by mails.dpdk.org (Postfix) with ESMTP id 1BE4543ECD;
	Fri, 26 Apr 2024 17:10:43 +0200 (CEST)
Received: from mail-qv1-f98.google.com (mail-qv1-f98.google.com
 [209.85.219.98]) by mails.dpdk.org (Postfix) with ESMTP id B2EA143ECF
 for <test-report@dpdk.org>; Fri, 26 Apr 2024 17:10:41 +0200 (CEST)
Received: by mail-qv1-f98.google.com with SMTP id
 6a1803df08f44-699320fcbc1so14771106d6.3
 for <test-report@dpdk.org>; Fri, 26 Apr 2024 08:10:41 -0700 (PDT)
DKIM-Signature: v=1; a=rsa-sha256; c=relaxed/relaxed;
 d=iol.unh.edu; s=unh-iol; t=1714144241; x=1714749041; darn=dpdk.org;
 h=references:in-reply-to:cc:to:from:subject:message-id:date:from:to
 :cc:subject:date:message-id:reply-to;
 bh=s64Iv4+PGzBxxVDLb6MsWVx8zlu5zcqUHJQGn84b1bQ=;
 b=Tuu1YyIyiHHt1NbgbuVJeYL1y+3joRrXOjiZmlkgF4vWni1oOYf9B283EDIvlTbU1A
 S45su719REisXbtlWT3RfRBij/M1u2YSqEOqHJtBllSn+X3SiZLDQrPqIlPRTrwI0ore
 wkJ3tPPt+3X4slw48beE9Y9LSQQMKmA2zUUpU=
X-Google-DKIM-Signature: v=1; a=rsa-sha256; c=relaxed/relaxed;
 d=1e100.net; s=20230601; t=1714144241; x=1714749041;
 h=references:in-reply-to:cc:to:from:subject:message-id:date
 :x-gm-message-state:from:to:cc:subject:date:message-id:reply-to;
 bh=s64Iv4+PGzBxxVDLb6MsWVx8zlu5zcqUHJQGn84b1bQ=;
 b=Dml7IcEV+RxkjLCRPIOsaVPLTdoo/okK9Vfl4G5D76UnFjbjKDNi4Rgpus1mSlbqMB
 c4741PlW81Ex8ACYSqRnZYtJ9Xv/exc/BWw+vIDdtVkOAMJBdD/URmLmtuWF5jwzmIVM
 ANQTrvU+kQnTAEdRWL1G9wUUlRsNKrcqTpuqiPs41DqJEF6HWwXnQKH1C+nXmKgkxJlW
 hqWWjugeTxGQPUi79fDtmlaq/X1ixAR+i2kYhCpCgbqpkLd1gY+9EUuuAT/0HU6FVJ38
 +B2DJ0fQoRbeSkb9qUsNMtbpG6oy+oRN2+5PinPqNMT8Me3Da3FuYc4a9CPB5poEWJSr
 UTRQ==
X-Gm-Message-State: AOJu0YyBZsI4M8vQoUoblWHRVqkTSaGbycUDMWiyJykusOehtwE5p0jE
 dXAJE+yIs0GR1h0OuqLn4DfvaThCZDQqJ4P1VvZ0Lliz7zedd6Y32uE62p/a+SxvhemncUOuKLs
 ar9wCL5RgLgOr5fqrxt5z60jnXSKlAa8uQ/usdxd/EfBM3jyNuqGOio+q
X-Google-Smtp-Source: AGHT+IGNu6Mu7F7Dbk8OlSkSvM81nopfpowVK8vjSHpdQqaoQnNRoq92gObk4Iqf+3mcJSxpZ12TbgZkpMb1
X-Received: by 2002:a05:6214:1249:b0:69b:5d39:f556 with SMTP id
 r9-20020a056214124900b0069b5d39f556mr4135177qvv.1.1714144241097; 
 Fri, 26 Apr 2024 08:10:41 -0700 (PDT)
Received: from postal.iol.unh.edu (postal.iol.unh.edu.
 [2606:4100:3880:1234::84]) by smtp-relay.gmail.com with ESMTPS id
 gv6-20020a056214262600b0069b45ef4c51sm1417988qvb.64.2024.04.26.08.10.41
 (version=TLS1_2 cipher=ECDHE-ECDSA-AES128-GCM-SHA256 bits=128/128);
 Fri, 26 Apr 2024 08:10:41 -0700 (PDT)
X-Relaying-Domain: iol.unh.edu
Date: Fri, 26 Apr 2024 08:10:41 -0700 (PDT)
Message-ID: <662bc3f1.050a0220.51c19.baddSMTPIN_ADDED_MISSING@mx.google.com>
Received: from [172.21.0.6] (unknown [172.18.0.240])
 by postal.iol.unh.edu (Postfix) with ESMTP id B145F604D420;
 Fri, 26 Apr 2024 11:10:40 -0400 (EDT)
Subject: |FAILURE| pw139700 [PATCH] [v4] lib/vhost: add flag for async connec
From: dpdklab@iol.unh.edu
To: Test Report <test-report@dpdk.org>
Cc: dpdk-test-reports@iol.unh.edu, Daniil Ushkov <daniil.ushkov@yandex.ru>
In-Reply-To: <20240426084706.709653-1-daniil.ushkov@yandex.ru>
References: <20240426084706.709653-1-daniil.ushkov@yandex.ru>
Content-Type: text/plain
X-BeenThere: test-report@dpdk.org
X-Mailman-Version: 2.1.29
Precedence: list
List-Id: automatic DPDK test reports <test-report.dpdk.org>
List-Unsubscribe: <https://mails.dpdk.org/options/test-report>,
 <mailto:test-report-request@dpdk.org?subject=unsubscribe>
List-Archive: <http://mails.dpdk.org/archives/test-report/>
List-Post: <mailto:test-report@dpdk.org>
List-Help: <mailto:test-report-request@dpdk.org?subject=help>
List-Subscribe: <https://mails.dpdk.org/listinfo/test-report>,
 <mailto:test-report-request@dpdk.org?subject=subscribe>
Errors-To: test-report-bounces@dpdk.org

Test-Label: iol-compile-amd64-testing
Test-Status: FAILURE
http://dpdk.org/patch/139700

_Testing issues_

Submitter: Daniil Ushkov <daniil.ushkov@yandex.ru>
Date: Friday, April 26 2024 08:47:06 
DPDK git baseline: Repo:dpdk
  Branch: master
  CommitID:deedfb86a7a6e10064d3cccd593f62072de96e36

139700 --> testing fail

Test environment and result as below:

+---------------------+-------------------+--------------------+----------------------+
|     Environment     | dpdk_msvc_compile | dpdk_meson_compile | dpdk_mingw64_compile |
+=====================+===================+====================+======================+
| Windows Server 2022 | PASS              | PASS               | PASS                 |
+---------------------+-------------------+--------------------+----------------------+
| FreeBSD 13.3        | SKIPPED           | PASS               | SKIPPED              |
+---------------------+-------------------+--------------------+----------------------+
| Windows Server 2019 | SKIPPED           | PASS               | PASS                 |
+---------------------+-------------------+--------------------+----------------------+
| CentOS Stream 8     | SKIPPED           | PASS               | SKIPPED              |
+---------------------+-------------------+--------------------+----------------------+
| Debian Bullseye     | SKIPPED           | PASS               | SKIPPED              |
+---------------------+-------------------+--------------------+----------------------+
| Fedora 37           | SKIPPED           | PASS               | SKIPPED              |
+---------------------+-------------------+--------------------+----------------------+
| Debian 12           | SKIPPED           | PASS               | SKIPPED              |
+---------------------+-------------------+--------------------+----------------------+
| Fedora 39           | SKIPPED           | PASS               | SKIPPED              |
+---------------------+-------------------+--------------------+----------------------+
| Ubuntu 22.04        | SKIPPED           | PASS               | SKIPPED              |
+---------------------+-------------------+--------------------+----------------------+
| Alpine              | SKIPPED           | FAIL               | SKIPPED              |
+---------------------+-------------------+--------------------+----------------------+
| Fedora 38           | SKIPPED           | PASS               | SKIPPED              |
+---------------------+-------------------+--------------------+----------------------+
| CentOS Stream 9     | SKIPPED           | PASS               | SKIPPED              |
+---------------------+-------------------+--------------------+----------------------+
| openSUSE Leap 15    | SKIPPED           | PASS               | SKIPPED              |
+---------------------+-------------------+--------------------+----------------------+

==== 20 line log output for Alpine (dpdk_meson_compile): ====

Windows Server 2022
	Kernel: 10.0.20348.2031
	Compiler: clang 15.0.7, gcc 8.1.0 (MinGW), and MSVC VS 17.9

FreeBSD 13.3
	Kernel: 13.3-RELEASE-p1
	Compiler: clang 17.0.6

Windows Server 2019
	Kernel: 10.0.17763
	Compiler: clang 14.0 and gcc 8.1.0 (MinGW)

CentOS Stream 8
	Kernel: 5.4.0-167-generic
	Compiler: gcc 8.5.0 20210514

Debian Bullseye
	Kernel: 5.4.0-167-generic
	Compiler: gcc 10.2.1-6

Fedora 37
	Kernel: Depends on container host system
	Compiler: gcc 12.3.1

Debian 12
	Kernel: Container Host Kernel
	Compiler: gcc 10.2.1

Fedora 39
	Kernel: Depends on container host
	Compiler: gcc 13.2.1

Ubuntu 22.04
	Kernel: 5.4.0-167-generic
	Compiler: gcc 11.4.0

Alpine
	Kernel: 5.4.0-167-generic
	Compiler: gcc (Alpine 13.2.1_git20231014) 13.2.1 20231014

Fedora 38
	Kernel: Depends on container host
	Compiler: clang 16.0.6

CentOS Stream 9
	Kernel: 5.4.0-167-generic
	Compiler: gcc 11.4.1 20230605

openSUSE Leap 15
	Kernel: 5.4.0-167-generic
	Compiler: gcc 7.5.0

To view detailed results, visit:
https://lab.dpdk.org/results/dashboard/patchsets/29864/

UNH-IOL DPDK Community Lab

To manage your email subscriptions, visit: 
https://lab.dpdk.org/results/dashboard/preferences/subscriptions/