From mboxrd@z Thu Jan  1 00:00:00 1970
Return-Path: <test-report-bounces@dpdk.org>
Received: from mails.dpdk.org (mails.dpdk.org [217.70.189.124])
	by inbox.dpdk.org (Postfix) with ESMTP id DA05E43F1A
	for <public@inbox.dpdk.org>; Fri, 26 Apr 2024 19:58:33 +0200 (CEST)
Received: from mails.dpdk.org (localhost [127.0.0.1])
	by mails.dpdk.org (Postfix) with ESMTP id D4D5A4026C;
	Fri, 26 Apr 2024 19:58:33 +0200 (CEST)
Received: from mail-ot1-f99.google.com (mail-ot1-f99.google.com
 [209.85.210.99]) by mails.dpdk.org (Postfix) with ESMTP id D2A2940144
 for <test-report@dpdk.org>; Fri, 26 Apr 2024 19:58:31 +0200 (CEST)
Received: by mail-ot1-f99.google.com with SMTP id
 46e09a7af769-6ebca142b27so1189912a34.0
 for <test-report@dpdk.org>; Fri, 26 Apr 2024 10:58:31 -0700 (PDT)
DKIM-Signature: v=1; a=rsa-sha256; c=relaxed/relaxed;
 d=iol.unh.edu; s=unh-iol; t=1714154311; x=1714759111; darn=dpdk.org;
 h=references:in-reply-to:cc:to:from:subject:message-id:date:from:to
 :cc:subject:date:message-id:reply-to;
 bh=Q8+G6hMQ6+KsFfKqek3XMtT/JSkUq5mzJ1MJOgnaSRg=;
 b=AZT2rymVfWz680DwbMphJs6foU2so0pf2mJFSq3GEXbj6NK7ItNZdo6h/OaUWjMxCM
 5B8XPbBH1+H9CjTV7Sv63HX7KP6RqNCOcsCWoLQO33ckxrN3tgsQuSM/PHNZaYezOV7O
 43zhnfri/x0/DkcFo4I/CnW94gJS/zHaDxVBE=
X-Google-DKIM-Signature: v=1; a=rsa-sha256; c=relaxed/relaxed;
 d=1e100.net; s=20230601; t=1714154311; x=1714759111;
 h=references:in-reply-to:cc:to:from:subject:message-id:date
 :x-gm-message-state:from:to:cc:subject:date:message-id:reply-to;
 bh=Q8+G6hMQ6+KsFfKqek3XMtT/JSkUq5mzJ1MJOgnaSRg=;
 b=O1QVBoE8LFOhJ466SxKvni/mMnLKUKDHW6aePemQmfXEj/03mtLCdJtxgjZGsXI+1T
 evugqCXQ7dhzmJ6Y/LwwWJcI7anrhuygQDi88R7PdhL4iZ6J3494iaQqXGimKj1Lcj1k
 riX6cTZPssyBMcC8lS5c9+PMv7/HNJy3/saASEGpszQbZRku4Kf7ezkJ90PdZGaXtNA8
 2el5kYKjiYjSf4k20h9E5y3LK85r8YHSzP+qCYFRvTSanPEHCYGv3Xg8ypwfLxFKIQrT
 ZDCHD4Pa0jj5s04xeKFnxtv4bHpotafLsXroqlKmAJnQW022JMkAwpm4uewprqzDFm9W
 IV/g==
X-Gm-Message-State: AOJu0YzB9AtEaqwSb4zriVn5yzpJLjEfLgttX5ocmtskrfIVyxe029QN
 +OJ92BD0kuLJeBcu7zBsRcG1EF7SoUDO1ko9Sbomh9JIFTS8TiGxdGsUZ28HSyiKMoeHrcd+3d7
 +4E3xIjBl0nHxNmff6iuUJACfp78chwYy9SJWA+N4J2qUmQoFjiY/Taaz
X-Google-Smtp-Source: AGHT+IGP/r789ZdmcU/hWJDND3ZSfOKkaqruaMrS0kLt+6xBAua8i+RE1b5PJ/kIVu3G5ghlpktZA+EqbEZh
X-Received: by 2002:a05:6830:1b6f:b0:6eb:c554:b54c with SMTP id
 d15-20020a0568301b6f00b006ebc554b54cmr258410ote.15.1714154311126; 
 Fri, 26 Apr 2024 10:58:31 -0700 (PDT)
Received: from postal.iol.unh.edu (postal.iol.unh.edu.
 [2606:4100:3880:1234::84]) by smtp-relay.gmail.com with ESMTPS id
 ed18-20020a0568306e9200b006ea36441199sm860158otb.8.2024.04.26.10.58.31
 (version=TLS1_2 cipher=ECDHE-ECDSA-AES128-GCM-SHA256 bits=128/128);
 Fri, 26 Apr 2024 10:58:31 -0700 (PDT)
X-Relaying-Domain: iol.unh.edu
Date: Fri, 26 Apr 2024 10:58:31 -0700 (PDT)
Message-ID: <662beb47.050a0220.7f922.8a74SMTPIN_ADDED_MISSING@mx.google.com>
Received: from [172.17.0.2] (unknown [172.18.0.217])
 by postal.iol.unh.edu (Postfix) with ESMTP id 2D29D604D420;
 Fri, 26 Apr 2024 13:58:30 -0400 (EDT)
Subject: |FAILURE| pw139704-139703 [PATCH] [RFC,2/2] graph: add ip4 output fe
From: dpdklab@iol.unh.edu
To: Test Report <test-report@dpdk.org>
Cc: dpdk-test-reports@iol.unh.edu, Nitin Saxena <nsaxena@marvell.com>
In-Reply-To: <20240426122203.32357-3-nsaxena@marvell.com>
References: <20240426122203.32357-3-nsaxena@marvell.com>
Content-Type: text/plain
X-BeenThere: test-report@dpdk.org
X-Mailman-Version: 2.1.29
Precedence: list
List-Id: automatic DPDK test reports <test-report.dpdk.org>
List-Unsubscribe: <https://mails.dpdk.org/options/test-report>,
 <mailto:test-report-request@dpdk.org?subject=unsubscribe>
List-Archive: <http://mails.dpdk.org/archives/test-report/>
List-Post: <mailto:test-report@dpdk.org>
List-Help: <mailto:test-report-request@dpdk.org?subject=help>
List-Subscribe: <https://mails.dpdk.org/listinfo/test-report>,
 <mailto:test-report-request@dpdk.org?subject=subscribe>
Errors-To: test-report-bounces@dpdk.org

Test-Label: iol-compile-amd64-testing
Test-Status: FAILURE
http://dpdk.org/patch/139703

_Testing issues_

Submitter: Nitin Saxena <nsaxena@marvell.com>
Date: Friday, April 26 2024 12:22:03 
DPDK git baseline: Repo:dpdk
  Branch: master
  CommitID:7e06c0de1952d3109a5b0c4779d7e7d8059c9d78

139704-139703 --> testing fail

Test environment and result as below:

+---------------------+--------------------+----------------------+-------------------+
|     Environment     | dpdk_meson_compile | dpdk_mingw64_compile | dpdk_msvc_compile |
+=====================+====================+======================+===================+
| FreeBSD 13.3        | PASS               | SKIPPED              | SKIPPED           |
+---------------------+--------------------+----------------------+-------------------+
| Windows Server 2022 | PASS               | PASS                 | PASS              |
+---------------------+--------------------+----------------------+-------------------+
| Windows Server 2019 | PASS               | PASS                 | SKIPPED           |
+---------------------+--------------------+----------------------+-------------------+
| CentOS Stream 8     | PASS               | SKIPPED              | SKIPPED           |
+---------------------+--------------------+----------------------+-------------------+
| Debian Bullseye     | PASS               | SKIPPED              | SKIPPED           |
+---------------------+--------------------+----------------------+-------------------+
| CentOS Stream 9     | PASS               | SKIPPED              | SKIPPED           |
+---------------------+--------------------+----------------------+-------------------+
| Debian 12           | PASS               | SKIPPED              | SKIPPED           |
+---------------------+--------------------+----------------------+-------------------+
| Fedora 39           | PASS               | SKIPPED              | SKIPPED           |
+---------------------+--------------------+----------------------+-------------------+
| Ubuntu 20.04        | PASS               | SKIPPED              | SKIPPED           |
+---------------------+--------------------+----------------------+-------------------+
| Alpine              | FAIL               | SKIPPED              | SKIPPED           |
+---------------------+--------------------+----------------------+-------------------+
| RHEL8               | PASS               | SKIPPED              | SKIPPED           |
+---------------------+--------------------+----------------------+-------------------+
| Ubuntu 22.04        | PASS               | SKIPPED              | SKIPPED           |
+---------------------+--------------------+----------------------+-------------------+
| Fedora 37           | PASS               | SKIPPED              | SKIPPED           |
+---------------------+--------------------+----------------------+-------------------+
| Fedora 38           | PASS               | SKIPPED              | SKIPPED           |
+---------------------+--------------------+----------------------+-------------------+
| openSUSE Leap 15    | PASS               | SKIPPED              | SKIPPED           |
+---------------------+--------------------+----------------------+-------------------+

==== 20 line log output for Alpine (dpdk_meson_compile): ====

FreeBSD 13.3
	Kernel: 13.3-RELEASE-p1
	Compiler: clang 17.0.6

Windows Server 2022
	Kernel: 10.0.20348.2031
	Compiler: clang 15.0.7, gcc 8.1.0 (MinGW), and MSVC VS 17.9

Windows Server 2019
	Kernel: 10.0.17763
	Compiler: clang 14.0 and gcc 8.1.0 (MinGW)

CentOS Stream 8
	Kernel: 5.4.0-167-generic
	Compiler: gcc 8.5.0 20210514

Debian Bullseye
	Kernel: 5.4.0-167-generic
	Compiler: gcc 10.2.1-6

CentOS Stream 9
	Kernel: 5.4.0-167-generic
	Compiler: gcc 11.4.1 20230605

Debian 12
	Kernel: Container Host Kernel
	Compiler: gcc 10.2.1

Fedora 39
	Kernel: Depends on container host
	Compiler: gcc 13.2.1

Ubuntu 20.04
	Kernel: 5.4.0-167-generic
	Compiler: gcc 9.4.0-1ubuntu1~20.04.1

Alpine
	Kernel: 5.4.0-167-generic
	Compiler: gcc (Alpine 13.2.1_git20231014) 13.2.1 20231014

RHEL8
	Kernel: 5.4.0-167-generic
	Compiler: gcc 8.5.0 20210514 (Red Hat 8.5.0-20)

Ubuntu 22.04
	Kernel: 5.4.0-167-generic
	Compiler: gcc 11.4.0

Fedora 37
	Kernel: Depends on container host system
	Compiler: gcc 12.3.1

Fedora 38
	Kernel: Depends on container host
	Compiler: gcc 13.2.1

openSUSE Leap 15
	Kernel: 5.4.0-167-generic
	Compiler: gcc 7.5.0

To view detailed results, visit:
https://lab.dpdk.org/results/dashboard/patchsets/29867/

UNH-IOL DPDK Community Lab

To manage your email subscriptions, visit: 
https://lab.dpdk.org/results/dashboard/preferences/subscriptions/