From mboxrd@z Thu Jan  1 00:00:00 1970
Return-Path: <test-report-bounces@dpdk.org>
Received: from mails.dpdk.org (mails.dpdk.org [217.70.189.124])
	by inbox.dpdk.org (Postfix) with ESMTP id E55B843F1B
	for <public@inbox.dpdk.org>; Fri, 26 Apr 2024 20:01:06 +0200 (CEST)
Received: from mails.dpdk.org (localhost [127.0.0.1])
	by mails.dpdk.org (Postfix) with ESMTP id E02FF4026C;
	Fri, 26 Apr 2024 20:01:06 +0200 (CEST)
Received: from mail-il1-f225.google.com (mail-il1-f225.google.com
 [209.85.166.225])
 by mails.dpdk.org (Postfix) with ESMTP id B98C340144
 for <test-report@dpdk.org>; Fri, 26 Apr 2024 20:01:02 +0200 (CEST)
Received: by mail-il1-f225.google.com with SMTP id
 e9e14a558f8ab-36a1e9b94d4so10976145ab.1
 for <test-report@dpdk.org>; Fri, 26 Apr 2024 11:01:02 -0700 (PDT)
DKIM-Signature: v=1; a=rsa-sha256; c=relaxed/relaxed;
 d=iol.unh.edu; s=unh-iol; t=1714154462; x=1714759262; darn=dpdk.org;
 h=references:in-reply-to:cc:to:from:subject:message-id:date:from:to
 :cc:subject:date:message-id:reply-to;
 bh=NgzR5M+jDRzy9gJoavh9VGOXDWy50d2gErEY1RwchC8=;
 b=CF6hzC6OC38tkFwDEkHSf+wmowAI7K16RjVLdRuW5SRrxSPJQZRRdGEOo2rxvNNzOL
 1TpcUsSspVZtTjRMbnlpQwk7NQneGy1Qgncc7G3H8EoQFhfClc7lGp7JDRFy5xc31zJW
 Z1peWPBVIbFONqQpE4gNWlXtTLQT5xjlLRKgo=
X-Google-DKIM-Signature: v=1; a=rsa-sha256; c=relaxed/relaxed;
 d=1e100.net; s=20230601; t=1714154462; x=1714759262;
 h=references:in-reply-to:cc:to:from:subject:message-id:date
 :x-gm-message-state:from:to:cc:subject:date:message-id:reply-to;
 bh=NgzR5M+jDRzy9gJoavh9VGOXDWy50d2gErEY1RwchC8=;
 b=lvagq/L8QsAMsW8IvoLoMEhn2UZlkfbR8uOGlttdJTAvLT/aqfThHaSBRB57temWnW
 E2XXK5wqLc0GOrSdgnXm8msFdTZ4UMRxH7FuWV6du9Cy8veVRX+oN2l/tyheDOshI2JU
 pJChp7enqvuB0O/5ylWXhGId++Bj0SOwc+NUtDv1kHrsKPnO168D1Ze68wxEQo6p4vO3
 mFvCCGbFY8JomoNaVoaQeGrOuFCamja4NcGDKVbpaZnsBl5mcWDr5qCYftVz4/yPEhTJ
 7R1X6u0OiiOH0MKgTCgT6rOwGP8eQuF+HLIj5+fBOtERCPoBXWQi3Wge4XnnRGYO74C5
 h7aQ==
X-Gm-Message-State: AOJu0Yz5ZpOSAESun2nGg8PdStU97uI8X847YHISCi3EbDX4MZAMd47W
 aAmlGY4rwhNLnHoNGUEV2n1k2HpizeAJpI9ChjlF8M6IBbcnQv4rZordemwjUHz7oWW64+6X8VK
 1Xac0IwVyUJ5uDH7YgzssRcD4CVQW9Q1viUGwNU45
X-Google-Smtp-Source: AGHT+IHfuaXeshJszDaGNcCMO72G1bMuRMX1el3hS2SQ5gvSskw6yP5oNTGq/ZEXw8RFAIeUngziowz5oFLf
X-Received: by 2002:a92:ca49:0:b0:36a:25c6:f35d with SMTP id
 q9-20020a92ca49000000b0036a25c6f35dmr4263317ilo.12.1714154462137; 
 Fri, 26 Apr 2024 11:01:02 -0700 (PDT)
Received: from postal.iol.unh.edu (postal.iol.unh.edu. [132.177.123.84])
 by smtp-relay.gmail.com with ESMTPS id
 j16-20020a92c210000000b003687e2bdd5bsm1023429ilo.67.2024.04.26.11.01.02
 (version=TLS1_2 cipher=ECDHE-ECDSA-AES128-GCM-SHA256 bits=128/128);
 Fri, 26 Apr 2024 11:01:02 -0700 (PDT)
X-Relaying-Domain: iol.unh.edu
Date: Fri, 26 Apr 2024 11:01:02 -0700 (PDT)
Message-ID: <662bebde.920a0220.a66e7.802eSMTPIN_ADDED_MISSING@mx.google.com>
Received: from [172.17.0.3] (unknown [172.18.0.217])
 by postal.iol.unh.edu (Postfix) with ESMTP id 91BFB604D420;
 Fri, 26 Apr 2024 14:01:01 -0400 (EDT)
Subject: |FAILURE| pw139704-139703 [PATCH] [RFC,2/2] graph: add ip4 output fe
From: dpdklab@iol.unh.edu
To: Test Report <test-report@dpdk.org>
Cc: dpdk-test-reports@iol.unh.edu, Nitin Saxena <nsaxena@marvell.com>
In-Reply-To: <20240426122203.32357-3-nsaxena@marvell.com>
References: <20240426122203.32357-3-nsaxena@marvell.com>
Content-Type: text/plain
X-BeenThere: test-report@dpdk.org
X-Mailman-Version: 2.1.29
Precedence: list
List-Id: automatic DPDK test reports <test-report.dpdk.org>
List-Unsubscribe: <https://mails.dpdk.org/options/test-report>,
 <mailto:test-report-request@dpdk.org?subject=unsubscribe>
List-Archive: <http://mails.dpdk.org/archives/test-report/>
List-Post: <mailto:test-report@dpdk.org>
List-Help: <mailto:test-report-request@dpdk.org?subject=help>
List-Subscribe: <https://mails.dpdk.org/listinfo/test-report>,
 <mailto:test-report-request@dpdk.org?subject=subscribe>
Errors-To: test-report-bounces@dpdk.org

Test-Label: iol-compile-arm64-testing
Test-Status: FAILURE
http://dpdk.org/patch/139703

_Testing issues_

Submitter: Nitin Saxena <nsaxena@marvell.com>
Date: Friday, April 26 2024 12:22:03 
DPDK git baseline: Repo:dpdk
  Branch: master
  CommitID:7e06c0de1952d3109a5b0c4779d7e7d8059c9d78

139704-139703 --> testing fail

Test environment and result as below:

+----------------------------------------+--------------------+
|              Environment               | dpdk_meson_compile |
+========================================+====================+
| Ubuntu 20.04 ARM SVE                   | PASS               |
+----------------------------------------+--------------------+
| Debian 12 with MUSDK                   | PASS               |
+----------------------------------------+--------------------+
| Fedora 37 (ARM)                        | PASS               |
+----------------------------------------+--------------------+
| Fedora 38 (ARM)                        | PASS               |
+----------------------------------------+--------------------+
| Fedora 39 (ARM)                        | PASS               |
+----------------------------------------+--------------------+
| Ubuntu 20.04 aarch32 GCC Cross Compile | FAIL               |
+----------------------------------------+--------------------+
| Ubuntu 20.04 (ARM)                     | PASS               |
+----------------------------------------+--------------------+
| CentOS Stream 9 (ARM)                  | PASS               |
+----------------------------------------+--------------------+
| Debian 12 (arm)                        | PASS               |
+----------------------------------------+--------------------+

==== 20 line log output for Ubuntu 20.04 aarch32 GCC Cross Compile (dpdk_meson_compile): ====

Ubuntu 20.04 ARM SVE
	Kernel: 5.4.0-167-generic
	Compiler: gcc (Ubuntu 10.5.0-1ubuntu1~20.04) 10.5.0

Debian 12 with MUSDK
	Kernel: Container Host Kernel
	Compiler: gcc 12.2.0

Fedora 37 (ARM)
	Kernel: Depends on container host
	Compiler: gcc 12.3.1

Fedora 38 (ARM)
	Kernel: Depends on container host
	Compiler: gcc 13.2.1

Fedora 39 (ARM)
	Kernel: Depends on container host
	Compiler: gcc 13.2.1

Ubuntu 20.04 aarch32 GCC Cross Compile
	Kernel: 5.4.0-167-generic
	Compiler: gcc 9.4.0

Ubuntu 20.04 (ARM)
	Kernel: Container Host Kernel
	Compiler: gcc 9.4.0

CentOS Stream 9 (ARM)
	Kernel: Container Host Kernel
	Compiler: gcc 11.4.1

Debian 12 (arm)
	Kernel: Container Host Kernel
	Compiler: gcc 12.2.0

To view detailed results, visit:
https://lab.dpdk.org/results/dashboard/patchsets/29867/

UNH-IOL DPDK Community Lab

To manage your email subscriptions, visit: 
https://lab.dpdk.org/results/dashboard/preferences/subscriptions/