From mboxrd@z Thu Jan  1 00:00:00 1970
Return-Path: <test-report-bounces@dpdk.org>
Received: from mails.dpdk.org (mails.dpdk.org [217.70.189.124])
	by inbox.dpdk.org (Postfix) with ESMTP id BCF0F43F1B
	for <public@inbox.dpdk.org>; Fri, 26 Apr 2024 21:12:06 +0200 (CEST)
Received: from mails.dpdk.org (localhost [127.0.0.1])
	by mails.dpdk.org (Postfix) with ESMTP id 9A9014026C;
	Fri, 26 Apr 2024 21:12:06 +0200 (CEST)
Received: from mail-pf1-f226.google.com (mail-pf1-f226.google.com
 [209.85.210.226])
 by mails.dpdk.org (Postfix) with ESMTP id D79D840144
 for <test-report@dpdk.org>; Fri, 26 Apr 2024 21:12:05 +0200 (CEST)
Received: by mail-pf1-f226.google.com with SMTP id
 d2e1a72fcca58-6ed20fb620fso2324272b3a.2
 for <test-report@dpdk.org>; Fri, 26 Apr 2024 12:12:05 -0700 (PDT)
DKIM-Signature: v=1; a=rsa-sha256; c=relaxed/relaxed;
 d=iol.unh.edu; s=unh-iol; t=1714158725; x=1714763525; darn=dpdk.org;
 h=references:in-reply-to:cc:to:from:subject:message-id:date:from:to
 :cc:subject:date:message-id:reply-to;
 bh=lPCOsd9YoMZlFM/kDY41rUC5lTS+j0ku/kE25nK11fk=;
 b=RZoin1RvQoWFmLazPGt/PA4izx9ILMzZ+7fjW+PcWbIOjXxx7IFQshAlifthGG1YDA
 bIVJBef2h02M0JYIMTWW+pEHQ+xWz1LpkzLjUQwbQz0SzbaLxITJj/vTxeEyldzdp0op
 VoGXj3YHuHgBF3j/bNBQ2+CRILL7WycSXnJ+U=
X-Google-DKIM-Signature: v=1; a=rsa-sha256; c=relaxed/relaxed;
 d=1e100.net; s=20230601; t=1714158725; x=1714763525;
 h=references:in-reply-to:cc:to:from:subject:message-id:date
 :x-gm-message-state:from:to:cc:subject:date:message-id:reply-to;
 bh=lPCOsd9YoMZlFM/kDY41rUC5lTS+j0ku/kE25nK11fk=;
 b=CPFL8EL2ljOBv7n/E/YjwhUY0yjdjUmwudXV/sctmNBBvSVsz8PoUqLKnVi6IEHRvN
 YflNdl+u0JrOdrYfS1Vwbl68E/hAupAUoHrZTm1omrbJRdK0usx5flazUlBE1zlroT11
 wN2egGOYJ/5UERRcDcvkiDJCUWvhtNSexPcEzZufajT0OnvwlXyioooXys93YlBgeB68
 zTLrtMTb2eOcCsfxn4+jtgB8KamfoVKPVLdTaSM47Xwr5abTQm2R5TfjZfIKktdsrVqy
 UOcm7amw8r+v2QTW4MgGCXo552/LE6vn8+fauqxPlDhcXntNbvi81+H8zADDGT4T8RWf
 4LrA==
X-Gm-Message-State: AOJu0YzV69OGdeeXiefKrCwM8/A4MPEqOKCnPXkot8E2N8SSDtZkM1se
 7acjJ0mn/TpYsC57Hq7lpTdVXo8i+vl3fw38qrSmkSYpRkYpp4hDegOEa5I6ueJjt2FXgVUT77E
 Env9BUP3UkQlai0ZBQ6N06krvLTrTbXhUf9J7PoUZpOEDqeoTHnC2aano
X-Google-Smtp-Source: AGHT+IEi8sm4qskVLII6Aknsgt5NShSyaceOeSl7xPGNm/p43kK5Awo526vAzIO9GNIEvAFCkKPcicYeUQJi
X-Received: by 2002:a05:6a20:3241:b0:1a7:6a90:8820 with SMTP id
 hm1-20020a056a20324100b001a76a908820mr3749919pzc.4.1714158724785; 
 Fri, 26 Apr 2024 12:12:04 -0700 (PDT)
Received: from postal.iol.unh.edu (postal.iol.unh.edu.
 [2606:4100:3880:1234::84]) by smtp-relay.gmail.com with ESMTPS id
 bd18-20020a056a00279200b006f388a36d83sm491350pfb.13.2024.04.26.12.12.04
 (version=TLS1_2 cipher=ECDHE-ECDSA-AES128-GCM-SHA256 bits=128/128);
 Fri, 26 Apr 2024 12:12:04 -0700 (PDT)
X-Relaying-Domain: iol.unh.edu
Date: Fri, 26 Apr 2024 12:12:04 -0700 (PDT)
Message-ID: <662bfc84.050a0220.eb68c.7615SMTPIN_ADDED_MISSING@mx.google.com>
Received: from [172.17.0.2] (unknown [172.18.0.217])
 by postal.iol.unh.edu (Postfix) with ESMTP id B4E36604D420;
 Fri, 26 Apr 2024 15:12:03 -0400 (EDT)
Subject: |FAILURE| pw139704-139703 [PATCH] [RFC,2/2] graph: add ip4 output fe
From: dpdklab@iol.unh.edu
To: Test Report <test-report@dpdk.org>
Cc: dpdk-test-reports@iol.unh.edu, Nitin Saxena <nsaxena@marvell.com>
In-Reply-To: <20240426122203.32357-3-nsaxena@marvell.com>
References: <20240426122203.32357-3-nsaxena@marvell.com>
Content-Type: text/plain
X-BeenThere: test-report@dpdk.org
X-Mailman-Version: 2.1.29
Precedence: list
List-Id: automatic DPDK test reports <test-report.dpdk.org>
List-Unsubscribe: <https://mails.dpdk.org/options/test-report>,
 <mailto:test-report-request@dpdk.org?subject=unsubscribe>
List-Archive: <http://mails.dpdk.org/archives/test-report/>
List-Post: <mailto:test-report@dpdk.org>
List-Help: <mailto:test-report-request@dpdk.org?subject=help>
List-Subscribe: <https://mails.dpdk.org/listinfo/test-report>,
 <mailto:test-report-request@dpdk.org?subject=subscribe>
Errors-To: test-report-bounces@dpdk.org

Test-Label: iol-compile-arm64-testing
Test-Status: FAILURE
http://dpdk.org/patch/139703

_Testing issues_

Submitter: Nitin Saxena <nsaxena@marvell.com>
Date: Friday, April 26 2024 12:22:03 
DPDK git baseline: Repo:dpdk
  Branch: master
  CommitID:7e06c0de1952d3109a5b0c4779d7e7d8059c9d78

139704-139703 --> testing fail

Test environment and result as below:

+----------------------------------------+--------------------+
|              Environment               | dpdk_meson_compile |
+========================================+====================+
| Ubuntu 20.04 ARM SVE                   | PASS               |
+----------------------------------------+--------------------+
| Debian 12 with MUSDK                   | PASS               |
+----------------------------------------+--------------------+
| Fedora 37 (ARM)                        | PASS               |
+----------------------------------------+--------------------+
| Fedora 38 (ARM)                        | PASS               |
+----------------------------------------+--------------------+
| Fedora 39 (ARM)                        | PASS               |
+----------------------------------------+--------------------+
| Ubuntu 20.04 aarch32 GCC Cross Compile | FAIL               |
+----------------------------------------+--------------------+
| Ubuntu 20.04 (ARM)                     | PASS               |
+----------------------------------------+--------------------+
| CentOS Stream 9 (ARM)                  | PASS               |
+----------------------------------------+--------------------+
| Debian 12 (arm)                        | PASS               |
+----------------------------------------+--------------------+
| Debian 11 (Buster) (ARM)               | PASS               |
+----------------------------------------+--------------------+
| Ubuntu 20.04 ARM Clang Cross Compile   | PASS               |
+----------------------------------------+--------------------+
| Ubuntu 20.04 ARM GCC Cross Compile     | PASS               |
+----------------------------------------+--------------------+
| Fedora 39 (ARM Clang)                  | PASS               |
+----------------------------------------+--------------------+

==== 20 line log output for Ubuntu 20.04 aarch32 GCC Cross Compile (dpdk_meson_compile): ====

Ubuntu 20.04 ARM SVE
	Kernel: 5.4.0-167-generic
	Compiler: gcc (Ubuntu 10.5.0-1ubuntu1~20.04) 10.5.0

Debian 12 with MUSDK
	Kernel: Container Host Kernel
	Compiler: gcc 12.2.0

Fedora 37 (ARM)
	Kernel: Depends on container host
	Compiler: gcc 12.3.1

Fedora 38 (ARM)
	Kernel: Depends on container host
	Compiler: gcc 13.2.1

Fedora 39 (ARM)
	Kernel: Depends on container host
	Compiler: gcc 13.2.1

Ubuntu 20.04 aarch32 GCC Cross Compile
	Kernel: 5.4.0-167-generic
	Compiler: gcc 9.4.0

Ubuntu 20.04 (ARM)
	Kernel: Container Host Kernel
	Compiler: gcc 9.4.0

CentOS Stream 9 (ARM)
	Kernel: Container Host Kernel
	Compiler: gcc 11.4.1

Debian 12 (arm)
	Kernel: Container Host Kernel
	Compiler: gcc 12.2.0

Debian 11 (Buster) (ARM)
	Kernel: Container Host Kernel
	Compiler: gcc 10.2.1

Ubuntu 20.04 ARM Clang Cross Compile
	Kernel: 5.4.0-72-generic
	Compiler: clang 10.0.0-4ubuntu1

Ubuntu 20.04 ARM GCC Cross Compile
	Kernel: 5.4.0-167-generic
	Compiler: aarch64-linux-gnu-gcc (Ubuntu 9.4.0-1ubuntu1~20.04.2) 9.4.0

Fedora 39 (ARM Clang)
	Kernel: Depends on container host
	Compiler: clang 17.0.6

To view detailed results, visit:
https://lab.dpdk.org/results/dashboard/patchsets/29867/

UNH-IOL DPDK Community Lab

To manage your email subscriptions, visit: 
https://lab.dpdk.org/results/dashboard/preferences/subscriptions/