From mboxrd@z Thu Jan  1 00:00:00 1970
Return-Path: <test-report-bounces@dpdk.org>
Received: from mails.dpdk.org (mails.dpdk.org [217.70.189.124])
	by inbox.dpdk.org (Postfix) with ESMTP id 2AD7343F1F
	for <public@inbox.dpdk.org>; Sat, 27 Apr 2024 00:09:58 +0200 (CEST)
Received: from mails.dpdk.org (localhost [127.0.0.1])
	by mails.dpdk.org (Postfix) with ESMTP id 1BA49402BE;
	Sat, 27 Apr 2024 00:09:58 +0200 (CEST)
Received: from mail-yw1-f227.google.com (mail-yw1-f227.google.com
 [209.85.128.227])
 by mails.dpdk.org (Postfix) with ESMTP id B219D402BA
 for <test-report@dpdk.org>; Sat, 27 Apr 2024 00:09:56 +0200 (CEST)
Received: by mail-yw1-f227.google.com with SMTP id
 00721157ae682-61500da846fso20030707b3.1
 for <test-report@dpdk.org>; Fri, 26 Apr 2024 15:09:56 -0700 (PDT)
DKIM-Signature: v=1; a=rsa-sha256; c=relaxed/relaxed;
 d=iol.unh.edu; s=unh-iol; t=1714169396; x=1714774196; darn=dpdk.org;
 h=references:in-reply-to:cc:to:from:subject:message-id:date:from:to
 :cc:subject:date:message-id:reply-to;
 bh=kJn0QDtwOzwZGW4AIdneEaIqsGyjJNmtgB8LegJ8hV4=;
 b=QjrirJpR91HHe0ZRQINzmFzUsmNp4IcNv9gO8OhqY0JiVoTfjAZFhw/Oop5H8Tc0Lg
 njiAGn0tnRLpSr9Z7p6xPqo3pwl9hVX+TiEsZrg6FXcZ1pFzVd92dEtpYKiQA5yyL0vt
 uIS33QSZlk/GYFiK37ZUPlrh1N20Ed92/WQqA=
X-Google-DKIM-Signature: v=1; a=rsa-sha256; c=relaxed/relaxed;
 d=1e100.net; s=20230601; t=1714169396; x=1714774196;
 h=references:in-reply-to:cc:to:from:subject:message-id:date
 :x-gm-message-state:from:to:cc:subject:date:message-id:reply-to;
 bh=kJn0QDtwOzwZGW4AIdneEaIqsGyjJNmtgB8LegJ8hV4=;
 b=pwIUh88i4FreSLewHPvIPImEJYEDuvv4vBz32USaZ9n/6ujvroLm2qBq5NhU7QCfi/
 plu275KuF8ROA6bwWUEv+I5zPUCLgirQbkE5q08URYuB+N0NCqdAr88alx0WqedF077q
 b/vhczcKoj2bttxdhAOf1rpWpvsM5mwmBcMRTNT3uUjEWPEchJ4w6jA8kK7o9WRki5RF
 1f/34jdTUP0+D8Hi/OPsb7d7T+EhVfefgP1pbTQ7tn+OyZOyTcNnPF+VhJ8xs1uC8oW3
 cQpj6LK2WbjaRvjSCkZ320UFpT8HYCUq3xiB9igw4Wbt/f9KOuRJhTPyaiIjEI2s/aka
 NVKw==
X-Gm-Message-State: AOJu0Yyl48Y10QYnRSDlCc4N6zDbQIqwkQyXe+8RGle95uYg7lzTEf1p
 ozXFHo+hKNZFvD8n/yQ40VbyFdUBOGC/BCMq2ExiDfOpq5owHj+llr19fG8vkB9R/IJXREpBC3R
 Bi2WW3p6JLJlQRZD6Pn/DzpavsbVUDwbT
X-Google-Smtp-Source: AGHT+IGYpVwqAewsHrnuHQQBH08bVRncZmeXs4En9TgGfg1IN9WrMQJonzfDJObPsifSX3DZZWP2hJYGM3CN
X-Received: by 2002:a05:690c:6102:b0:61a:d4ea:b856 with SMTP id
 hi2-20020a05690c610200b0061ad4eab856mr3778811ywb.40.1714169396033; 
 Fri, 26 Apr 2024 15:09:56 -0700 (PDT)
Received: from postal.iol.unh.edu (postal.iol.unh.edu. [132.177.123.84])
 by smtp-relay.gmail.com with ESMTPS id
 q129-20020a815c87000000b0061538cdc799sm1405350ywb.26.2024.04.26.15.09.55
 (version=TLS1_2 cipher=ECDHE-ECDSA-AES128-GCM-SHA256 bits=128/128);
 Fri, 26 Apr 2024 15:09:56 -0700 (PDT)
X-Relaying-Domain: iol.unh.edu
Date: Fri, 26 Apr 2024 15:09:56 -0700 (PDT)
Message-ID: <662c2634.810a0220.44234.daacSMTPIN_ADDED_MISSING@mx.google.com>
Received: from [172.21.0.6] (unknown [172.18.0.240])
 by postal.iol.unh.edu (Postfix) with ESMTP id 9A78C604D420;
 Fri, 26 Apr 2024 18:09:55 -0400 (EDT)
Subject: |WARNING| pw139682 [PATCH] [RFC] net/af_packet: make stats reset rel
From: dpdklab@iol.unh.edu
To: Test Report <test-report@dpdk.org>
Cc: dpdk-test-reports@iol.unh.edu, Ferruh Yigit <ferruh.yigit@amd.com>
In-Reply-To: <20240425174617.2126159-1-ferruh.yigit@amd.com>
References: <20240425174617.2126159-1-ferruh.yigit@amd.com>
Content-Type: text/plain
X-BeenThere: test-report@dpdk.org
X-Mailman-Version: 2.1.29
Precedence: list
List-Id: automatic DPDK test reports <test-report.dpdk.org>
List-Unsubscribe: <https://mails.dpdk.org/options/test-report>,
 <mailto:test-report-request@dpdk.org?subject=unsubscribe>
List-Archive: <http://mails.dpdk.org/archives/test-report/>
List-Post: <mailto:test-report@dpdk.org>
List-Help: <mailto:test-report-request@dpdk.org?subject=help>
List-Subscribe: <https://mails.dpdk.org/listinfo/test-report>,
 <mailto:test-report-request@dpdk.org?subject=subscribe>
Errors-To: test-report-bounces@dpdk.org

Test-Label: iol-compile-amd64-testing
Test-Status: WARNING
http://dpdk.org/patch/139682

_Testing issues_

Submitter: Ferruh Yigit <ferruh.yigit@amd.com>
Date: Thursday, April 25 2024 17:46:17 
DPDK git baseline: Repo:dpdk
  Branch: master
  CommitID:8841786ab4aa72d205f97528af8708a13a851f4f

139682 --> testing fail

Test environment and result as below:

+---------------------+--------------------+----------------------+-------------------+
|     Environment     | dpdk_meson_compile | dpdk_mingw64_compile | dpdk_msvc_compile |
+=====================+====================+======================+===================+
| FreeBSD 13.3        | PASS               | SKIPPED              | SKIPPED           |
+---------------------+--------------------+----------------------+-------------------+
| Windows Server 2022 | PASS               | PASS                 | PASS              |
+---------------------+--------------------+----------------------+-------------------+
| Windows Server 2019 | PASS               | FAIL                 | SKIPPED           |
+---------------------+--------------------+----------------------+-------------------+
| CentOS Stream 8     | PASS               | SKIPPED              | SKIPPED           |
+---------------------+--------------------+----------------------+-------------------+
| CentOS Stream 9     | PASS               | SKIPPED              | SKIPPED           |
+---------------------+--------------------+----------------------+-------------------+
| Debian Bullseye     | PASS               | SKIPPED              | SKIPPED           |
+---------------------+--------------------+----------------------+-------------------+
| Debian 12           | PASS               | SKIPPED              | SKIPPED           |
+---------------------+--------------------+----------------------+-------------------+
| Fedora 37           | PASS               | SKIPPED              | SKIPPED           |
+---------------------+--------------------+----------------------+-------------------+
| Fedora 38           | PASS               | SKIPPED              | SKIPPED           |
+---------------------+--------------------+----------------------+-------------------+
| Fedora 39           | PASS               | SKIPPED              | SKIPPED           |
+---------------------+--------------------+----------------------+-------------------+
| openSUSE Leap 15    | PASS               | SKIPPED              | SKIPPED           |
+---------------------+--------------------+----------------------+-------------------+
| Ubuntu 20.04        | PASS               | SKIPPED              | SKIPPED           |
+---------------------+--------------------+----------------------+-------------------+
| RHEL8               | PASS               | SKIPPED              | SKIPPED           |
+---------------------+--------------------+----------------------+-------------------+
| Ubuntu 22.04        | PASS               | SKIPPED              | SKIPPED           |
+---------------------+--------------------+----------------------+-------------------+

==== 20 line log output for Windows Server 2019 (dpdk_mingw64_compile): ====

FreeBSD 13.3
	Kernel: 13.3-RELEASE-p1
	Compiler: clang 17.0.6

Windows Server 2022
	Kernel: 10.0.20348.2031
	Compiler: clang 15.0.7, gcc 8.1.0 (MinGW), and MSVC VS 17.9

Windows Server 2019
	Kernel: 10.0.17763
	Compiler: clang 14.0 and gcc 8.1.0 (MinGW)

CentOS Stream 8
	Kernel: 5.4.0-167-generic
	Compiler: gcc 8.5.0 20210514

CentOS Stream 9
	Kernel: 5.4.0-167-generic
	Compiler: gcc 11.4.1 20230605

Debian Bullseye
	Kernel: 5.4.0-167-generic
	Compiler: gcc 10.2.1-6

Debian 12
	Kernel: Container Host Kernel
	Compiler: gcc 10.2.1

Fedora 37
	Kernel: Depends on container host system
	Compiler: gcc 12.3.1

Fedora 38
	Kernel: Depends on container host
	Compiler: gcc 13.2.1

Fedora 39
	Kernel: Depends on container host
	Compiler: gcc 13.2.1

openSUSE Leap 15
	Kernel: 5.4.0-167-generic
	Compiler: gcc 7.5.0

Ubuntu 20.04
	Kernel: 5.4.0-167-generic
	Compiler: gcc 9.4.0-1ubuntu1~20.04.1

RHEL8
	Kernel: 5.4.0-167-generic
	Compiler: gcc 8.5.0 20210514 (Red Hat 8.5.0-20)

Ubuntu 22.04
	Kernel: 5.4.0-167-generic
	Compiler: gcc 11.4.0

To view detailed results, visit:
https://lab.dpdk.org/results/dashboard/patchsets/29858/

UNH-IOL DPDK Community Lab

To manage your email subscriptions, visit: 
https://lab.dpdk.org/results/dashboard/preferences/subscriptions/