From mboxrd@z Thu Jan  1 00:00:00 1970
Return-Path: <test-report-bounces@dpdk.org>
Received: from mails.dpdk.org (mails.dpdk.org [217.70.189.124])
	by inbox.dpdk.org (Postfix) with ESMTP id 0F76843F1F
	for <public@inbox.dpdk.org>; Sat, 27 Apr 2024 00:30:19 +0200 (CEST)
Received: from mails.dpdk.org (localhost [127.0.0.1])
	by mails.dpdk.org (Postfix) with ESMTP id 0AAE744072;
	Sat, 27 Apr 2024 00:30:19 +0200 (CEST)
Received: from mail-il1-f227.google.com (mail-il1-f227.google.com
 [209.85.166.227])
 by mails.dpdk.org (Postfix) with ESMTP id 01C63402BE
 for <test-report@dpdk.org>; Sat, 27 Apr 2024 00:29:45 +0200 (CEST)
Received: by mail-il1-f227.google.com with SMTP id
 e9e14a558f8ab-36c1b567676so11721135ab.2
 for <test-report@dpdk.org>; Fri, 26 Apr 2024 15:29:44 -0700 (PDT)
DKIM-Signature: v=1; a=rsa-sha256; c=relaxed/relaxed;
 d=iol.unh.edu; s=unh-iol; t=1714170584; x=1714775384; darn=dpdk.org;
 h=references:in-reply-to:cc:to:from:subject:message-id:date:from:to
 :cc:subject:date:message-id:reply-to;
 bh=iyYCGH2tF3MPkjwBZjrBfH+R2VPuZ8YQrVLWMUT73pM=;
 b=BzfcMqQmh50VNukUA9ME35o9Kb8CjNsSaeLjD3pYF7lcRn1lvjx7mB6rWp4tWlfXV6
 R62Kt59jvoKQeVeeKp7Zh3Wpx4LgxcuNCnipTBIeiVP0c0MQn9zEIS/B7JlJRAFLTOxH
 UEmE6qauPMxuGsyPvUVmw9WzzWPX01NcloU8A=
X-Google-DKIM-Signature: v=1; a=rsa-sha256; c=relaxed/relaxed;
 d=1e100.net; s=20230601; t=1714170584; x=1714775384;
 h=references:in-reply-to:cc:to:from:subject:message-id:date
 :x-gm-message-state:from:to:cc:subject:date:message-id:reply-to;
 bh=iyYCGH2tF3MPkjwBZjrBfH+R2VPuZ8YQrVLWMUT73pM=;
 b=rUyLqqkiB36dQdn02bel8bMg+6c3at0IeMeB3wimaDWq7dh9Hp7xHQwAePBdIGioOH
 OPWTQVquiZ3JbUCnNLHGJ+tyXK3pRr125hwKq5HXXHlvNrIGQvJyzhPQijz6ahSGNKM+
 gyVoc9ibJC5j9UzE+bBVuvn83/84PkQXdIHrLlyMvYBxhwSOv+9CVNEWtE3pEOV70M3P
 L6fxm81Y/kIqajfBZ+/r+Z4AzlP9Ol9SUkQQx+sENAL20J5faQQujBD4IIUIc/sRCDhM
 qn04wC5JsZm56jQADYb5D3vKU86VB35xiSfuV2zwLPb24urJ77KVo5e/uskSjm+2ewKV
 EXJA==
X-Gm-Message-State: AOJu0YxBa6qxtJapO1JgWOWvvrI0T7XDN9zjQYFqXLWpFlm0CYtU+Uty
 KUFIftCJ6TW/chgPrRIv+mN3AAcS9ghbRl15WxxYEudkwQTs56dLuxvkBNuLVkjAWrRe620UAKz
 YgdK5c0Sfo2JzdPKa6NY2g8Y8mpzUhMv7Qy+LwAaz
X-Google-Smtp-Source: AGHT+IGyvLsXHyYljYsH2WdDlamVLnRAVK0o7M9/ZgdnmFnz81yJwIb/FfByV/e1vQezjGkbbyBQn17RbDJE
X-Received: by 2002:a05:6e02:154e:b0:36a:27a4:da76 with SMTP id
 j14-20020a056e02154e00b0036a27a4da76mr5855939ilu.9.1714170584430; 
 Fri, 26 Apr 2024 15:29:44 -0700 (PDT)
Received: from postal.iol.unh.edu (postal.iol.unh.edu. [132.177.123.84])
 by smtp-relay.gmail.com with ESMTPS id
 g18-20020a05663816d200b00482874ba3edsm1313230jat.48.2024.04.26.15.29.44
 (version=TLS1_2 cipher=ECDHE-ECDSA-AES128-GCM-SHA256 bits=128/128);
 Fri, 26 Apr 2024 15:29:44 -0700 (PDT)
X-Relaying-Domain: iol.unh.edu
Date: Fri, 26 Apr 2024 15:29:44 -0700 (PDT)
Message-ID: <662c2ad8.050a0220.4ce6a.899eSMTPIN_ADDED_MISSING@mx.google.com>
Received: from [172.21.0.7] (unknown [172.18.0.240])
 by postal.iol.unh.edu (Postfix) with ESMTP id EBD5D604D420;
 Fri, 26 Apr 2024 18:29:43 -0400 (EDT)
Subject: |FAILURE| pw137801-137807 [PATCH] [RFC,7/7] eal: deprecate relaxed f
From: dpdklab@iol.unh.edu
To: Test Report <test-report@dpdk.org>
Cc: dpdk-test-reports@iol.unh.edu,
 Mattias Ronnblom <mattias.ronnblom@ericsson.com>
In-Reply-To: <20240302135328.531940-8-mattias.ronnblom@ericsson.com>
References: <20240302135328.531940-8-mattias.ronnblom@ericsson.com>
Content-Type: text/plain
X-BeenThere: test-report@dpdk.org
X-Mailman-Version: 2.1.29
Precedence: list
List-Id: automatic DPDK test reports <test-report.dpdk.org>
List-Unsubscribe: <https://mails.dpdk.org/options/test-report>,
 <mailto:test-report-request@dpdk.org?subject=unsubscribe>
List-Archive: <http://mails.dpdk.org/archives/test-report/>
List-Post: <mailto:test-report@dpdk.org>
List-Help: <mailto:test-report-request@dpdk.org?subject=help>
List-Subscribe: <https://mails.dpdk.org/listinfo/test-report>,
 <mailto:test-report-request@dpdk.org?subject=subscribe>
Errors-To: test-report-bounces@dpdk.org

Test-Label: iol-compile-amd64-testing
Test-Status: FAILURE
http://dpdk.org/patch/137807

_Testing issues_

Submitter: Mattias Ronnblom <mattias.ronnblom@ericsson.com>
Date: Saturday, March 02 2024 13:53:28 
DPDK git baseline: Repo:dpdk
  Branch: master
  CommitID:5df34de5808a7b826b8bc035d6ee3161a12be364

137801-137807 --> testing fail

Test environment and result as below:

+---------------------+--------------------+----------------------+
|     Environment     | dpdk_meson_compile | dpdk_mingw64_compile |
+=====================+====================+======================+
| Windows Server 2022 | FAIL               | SKIPPED              |
+---------------------+--------------------+----------------------+
| FreeBSD 13.3        | FAIL               | SKIPPED              |
+---------------------+--------------------+----------------------+
| Windows Server 2019 | FAIL               | PASS                 |
+---------------------+--------------------+----------------------+
| CentOS Stream 8     | PASS               | SKIPPED              |
+---------------------+--------------------+----------------------+
| Fedora 37           | PASS               | SKIPPED              |
+---------------------+--------------------+----------------------+
| Fedora 38           | PASS               | SKIPPED              |
+---------------------+--------------------+----------------------+
| CentOS Stream 9     | PASS               | SKIPPED              |
+---------------------+--------------------+----------------------+
| Debian Bullseye     | PASS               | SKIPPED              |
+---------------------+--------------------+----------------------+
| Debian 12           | PASS               | SKIPPED              |
+---------------------+--------------------+----------------------+
| openSUSE Leap 15    | PASS               | SKIPPED              |
+---------------------+--------------------+----------------------+
| Ubuntu 20.04        | PASS               | SKIPPED              |
+---------------------+--------------------+----------------------+
| Ubuntu 22.04        | PASS               | SKIPPED              |
+---------------------+--------------------+----------------------+
| RHEL8               | PASS               | SKIPPED              |
+---------------------+--------------------+----------------------+
| Alpine              | PASS               | SKIPPED              |
+---------------------+--------------------+----------------------+
| Fedora 39           | FAIL               | SKIPPED              |
+---------------------+--------------------+----------------------+

==== 20 line log output for Fedora 39 (dpdk_meson_compile): ====

Windows Server 2022
	Kernel: 10.0.20348.2031
	Compiler: clang 15.0.7, gcc 8.1.0 (MinGW), and MSVC VS 17.9

FreeBSD 13.3
	Kernel: 13.3-RELEASE-p1
	Compiler: clang 17.0.6

Windows Server 2019
	Kernel: 10.0.17763
	Compiler: clang 14.0 and gcc 8.1.0 (MinGW)

CentOS Stream 8
	Kernel: 5.4.0-167-generic
	Compiler: gcc 8.5.0 20210514

Fedora 37
	Kernel: Depends on container host system
	Compiler: gcc 12.3.1

Fedora 38
	Kernel: Depends on container host
	Compiler: clang 16.0.6

CentOS Stream 9
	Kernel: 5.4.0-167-generic
	Compiler: gcc 11.4.1 20230605

Debian Bullseye
	Kernel: 5.4.0-167-generic
	Compiler: gcc 10.2.1-6

Debian 12
	Kernel: Container Host Kernel
	Compiler: gcc 10.2.1

openSUSE Leap 15
	Kernel: 5.4.0-167-generic
	Compiler: gcc 7.5.0

Ubuntu 20.04
	Kernel: 5.4.0-167-generic
	Compiler: gcc 9.4.0-1ubuntu1~20.04.1

Ubuntu 22.04
	Kernel: 5.4.0-167-generic
	Compiler: gcc 11.4.0

RHEL8
	Kernel: 5.4.0-167-generic
	Compiler: gcc 8.5.0 20210514 (Red Hat 8.5.0-20)

Alpine
	Kernel: 5.4.0-167-generic
	Compiler: gcc (Alpine 13.2.1_git20231014) 13.2.1 20231014

Fedora 39
	Kernel: Depends on container host
	Compiler: clang 17.0.6

To view detailed results, visit:
https://lab.dpdk.org/results/dashboard/patchsets/29385/

UNH-IOL DPDK Community Lab

To manage your email subscriptions, visit: 
https://lab.dpdk.org/results/dashboard/preferences/subscriptions/