From mboxrd@z Thu Jan  1 00:00:00 1970
Return-Path: <test-report-bounces@dpdk.org>
Received: from mails.dpdk.org (mails.dpdk.org [217.70.189.124])
	by inbox.dpdk.org (Postfix) with ESMTP id 1ACBF43F1F
	for <public@inbox.dpdk.org>; Sat, 27 Apr 2024 00:47:50 +0200 (CEST)
Received: from mails.dpdk.org (localhost [127.0.0.1])
	by mails.dpdk.org (Postfix) with ESMTP id 16BE44406D;
	Sat, 27 Apr 2024 00:47:50 +0200 (CEST)
Received: from mail-ua1-f98.google.com (mail-ua1-f98.google.com
 [209.85.222.98]) by mails.dpdk.org (Postfix) with ESMTP id 5518644069
 for <test-report@dpdk.org>; Sat, 27 Apr 2024 00:47:47 +0200 (CEST)
Received: by mail-ua1-f98.google.com with SMTP id
 a1e0cc1a2514c-7ef2a623958so757746241.1
 for <test-report@dpdk.org>; Fri, 26 Apr 2024 15:47:47 -0700 (PDT)
DKIM-Signature: v=1; a=rsa-sha256; c=relaxed/relaxed;
 d=iol.unh.edu; s=unh-iol; t=1714171666; x=1714776466; darn=dpdk.org;
 h=references:in-reply-to:cc:to:from:subject:message-id:date:from:to
 :cc:subject:date:message-id:reply-to;
 bh=X4blv+yXZQUE6SPg64dAQMgiqulD1xjHzE+SY/gpBOw=;
 b=MsDaXtDtdsd3CavmEbEG46WmqX4q0JMM4VKiQdklb2DUxWEd+AZM5bRiu/EE/YpP7+
 Eo4D1/3ccQQFvoStSpaS5GLmwzIAX5e0oehmg6hTVkXibRBbg/hmz681bNwxz/pnIebX
 yElxwaafC0Br/x/NirlXtZIwwuW3YsYIIQ8Z4=
X-Google-DKIM-Signature: v=1; a=rsa-sha256; c=relaxed/relaxed;
 d=1e100.net; s=20230601; t=1714171666; x=1714776466;
 h=references:in-reply-to:cc:to:from:subject:message-id:date
 :x-gm-message-state:from:to:cc:subject:date:message-id:reply-to;
 bh=X4blv+yXZQUE6SPg64dAQMgiqulD1xjHzE+SY/gpBOw=;
 b=YEyv93RxBvvFlUK4pRjx3z/P1DmapGXRecym1GrJ1grzGB76JVwDlv+iUtH07/aXdm
 8xYibkRFpT79ESiq0SLP3SxrHpKWJ36HloUohDnIH7ZDf1lWIRh/AOt1i7skK2RS2h8J
 T77f+E4/rkurnsuW+loA4qDpoPqsHPZyYmx8JvtRuYMgw2H1azn7/k/RqgWbAcI8Pr7j
 qicp6AByaIFrcBRyx51uGYMs2SysUW+JvxeUfORJhDWWUYleZ//Euqg+j6T5mIYlv5y3
 LVcPhcDxiGAsjNkJX5yIhRRoqRufi3zWjXF2GY1aaHYdfd6uaTnxflhAW2COT7bXZ//R
 zC0w==
X-Gm-Message-State: AOJu0YyJsQ/+a3GrTaKEJ3HHrpOhe7PqG1Rvoxct5jtfNf/zf12pBtNf
 Zvhy8ZwwkUFT7bkgagkKoYPfEpW4upERPISVy6LoubJBlg+6uWAjdO/mkoDeKtWJeRrGg/ahfFD
 gNN/jsYsekjvgeHfI3EPrj7DNtC9AaS7DEUxI7/sS
X-Google-Smtp-Source: AGHT+IFOxUA8QzGsUIBzd0kpqXtQniPsmj/5GJMOV4pVDfO+mLrpJi1nF+5LWXdh/VsYUslnciwKRdPL5Hiu
X-Received: by 2002:a05:6102:b12:b0:47b:b129:2890 with SMTP id
 b18-20020a0561020b1200b0047bb1292890mr2005190vst.18.1714171666709; 
 Fri, 26 Apr 2024 15:47:46 -0700 (PDT)
Received: from postal.iol.unh.edu (postal.iol.unh.edu. [132.177.123.84])
 by smtp-relay.gmail.com with ESMTPS id
 x8-20020ab06408000000b007efb1aaeee9sm114117uao.15.2024.04.26.15.47.46
 (version=TLS1_2 cipher=ECDHE-ECDSA-AES128-GCM-SHA256 bits=128/128);
 Fri, 26 Apr 2024 15:47:46 -0700 (PDT)
X-Relaying-Domain: iol.unh.edu
Date: Fri, 26 Apr 2024 15:47:46 -0700 (PDT)
Message-ID: <662c2f12.b00a0220.14cc9.7bf4SMTPIN_ADDED_MISSING@mx.google.com>
Received: from [172.21.0.6] (unknown [172.18.0.240])
 by postal.iol.unh.edu (Postfix) with ESMTP id 5E202604D420;
 Fri, 26 Apr 2024 18:47:46 -0400 (EDT)
Subject: |FAILURE| pw137801-137807 [PATCH] [RFC,7/7] eal: deprecate relaxed f
From: dpdklab@iol.unh.edu
To: Test Report <test-report@dpdk.org>
Cc: dpdk-test-reports@iol.unh.edu,
 Mattias Ronnblom <mattias.ronnblom@ericsson.com>
In-Reply-To: <20240302135328.531940-8-mattias.ronnblom@ericsson.com>
References: <20240302135328.531940-8-mattias.ronnblom@ericsson.com>
Content-Type: text/plain
X-BeenThere: test-report@dpdk.org
X-Mailman-Version: 2.1.29
Precedence: list
List-Id: automatic DPDK test reports <test-report.dpdk.org>
List-Unsubscribe: <https://mails.dpdk.org/options/test-report>,
 <mailto:test-report-request@dpdk.org?subject=unsubscribe>
List-Archive: <http://mails.dpdk.org/archives/test-report/>
List-Post: <mailto:test-report@dpdk.org>
List-Help: <mailto:test-report-request@dpdk.org?subject=help>
List-Subscribe: <https://mails.dpdk.org/listinfo/test-report>,
 <mailto:test-report-request@dpdk.org?subject=subscribe>
Errors-To: test-report-bounces@dpdk.org

Test-Label: iol-compile-amd64-testing
Test-Status: FAILURE
http://dpdk.org/patch/137807

_Testing issues_

Submitter: Mattias Ronnblom <mattias.ronnblom@ericsson.com>
Date: Saturday, March 02 2024 13:53:28 
DPDK git baseline: Repo:dpdk
  Branch: master
  CommitID:5df34de5808a7b826b8bc035d6ee3161a12be364

137801-137807 --> testing fail

Test environment and result as below:

+---------------------+--------------------+----------------------+
|     Environment     | dpdk_meson_compile | dpdk_mingw64_compile |
+=====================+====================+======================+
| Windows Server 2022 | FAIL               | PASS                 |
+---------------------+--------------------+----------------------+
| FreeBSD 13.3        | FAIL               | SKIPPED              |
+---------------------+--------------------+----------------------+
| Windows Server 2019 | FAIL               | PASS                 |
+---------------------+--------------------+----------------------+
| CentOS Stream 8     | PASS               | SKIPPED              |
+---------------------+--------------------+----------------------+
| Fedora 37           | PASS               | SKIPPED              |
+---------------------+--------------------+----------------------+
| Fedora 38           | PASS               | SKIPPED              |
+---------------------+--------------------+----------------------+
| CentOS Stream 9     | PASS               | SKIPPED              |
+---------------------+--------------------+----------------------+
| Debian Bullseye     | PASS               | SKIPPED              |
+---------------------+--------------------+----------------------+
| Debian 12           | PASS               | SKIPPED              |
+---------------------+--------------------+----------------------+
| openSUSE Leap 15    | PASS               | SKIPPED              |
+---------------------+--------------------+----------------------+
| Ubuntu 20.04        | PASS               | SKIPPED              |
+---------------------+--------------------+----------------------+
| Ubuntu 22.04        | PASS               | SKIPPED              |
+---------------------+--------------------+----------------------+
| RHEL8               | PASS               | SKIPPED              |
+---------------------+--------------------+----------------------+
| Alpine              | PASS               | SKIPPED              |
+---------------------+--------------------+----------------------+
| Fedora 39           | FAIL               | SKIPPED              |
+---------------------+--------------------+----------------------+

==== 20 line log output for Fedora 39 (dpdk_meson_compile): ====

Windows Server 2022
	Kernel: 10.0.20348.2031
	Compiler: clang 15.0.7, gcc 8.1.0 (MinGW), and MSVC VS 17.9

FreeBSD 13.3
	Kernel: 13.3-RELEASE-p1
	Compiler: clang 17.0.6

Windows Server 2019
	Kernel: 10.0.17763
	Compiler: clang 14.0 and gcc 8.1.0 (MinGW)

CentOS Stream 8
	Kernel: 5.4.0-167-generic
	Compiler: gcc 8.5.0 20210514

Fedora 37
	Kernel: Depends on container host system
	Compiler: gcc 12.3.1

Fedora 38
	Kernel: Depends on container host
	Compiler: clang 16.0.6

CentOS Stream 9
	Kernel: 5.4.0-167-generic
	Compiler: gcc 11.4.1 20230605

Debian Bullseye
	Kernel: 5.4.0-167-generic
	Compiler: gcc 10.2.1-6

Debian 12
	Kernel: Container Host Kernel
	Compiler: gcc 10.2.1

openSUSE Leap 15
	Kernel: 5.4.0-167-generic
	Compiler: gcc 7.5.0

Ubuntu 20.04
	Kernel: 5.4.0-167-generic
	Compiler: gcc 9.4.0-1ubuntu1~20.04.1

Ubuntu 22.04
	Kernel: 5.4.0-167-generic
	Compiler: gcc 11.4.0

RHEL8
	Kernel: 5.4.0-167-generic
	Compiler: gcc 8.5.0 20210514 (Red Hat 8.5.0-20)

Alpine
	Kernel: 5.4.0-167-generic
	Compiler: gcc (Alpine 13.2.1_git20231014) 13.2.1 20231014

Fedora 39
	Kernel: Depends on container host
	Compiler: clang 17.0.6

To view detailed results, visit:
https://lab.dpdk.org/results/dashboard/patchsets/29385/

UNH-IOL DPDK Community Lab

To manage your email subscriptions, visit: 
https://lab.dpdk.org/results/dashboard/preferences/subscriptions/