From mboxrd@z Thu Jan  1 00:00:00 1970
Return-Path: <test-report-bounces@dpdk.org>
Received: from mails.dpdk.org (mails.dpdk.org [217.70.189.124])
	by inbox.dpdk.org (Postfix) with ESMTP id 5E17E43F1F
	for <public@inbox.dpdk.org>; Sat, 27 Apr 2024 00:52:02 +0200 (CEST)
Received: from mails.dpdk.org (localhost [127.0.0.1])
	by mails.dpdk.org (Postfix) with ESMTP id 2BDCE44095;
	Sat, 27 Apr 2024 00:52:02 +0200 (CEST)
Received: from mail-io1-f97.google.com (mail-io1-f97.google.com
 [209.85.166.97]) by mails.dpdk.org (Postfix) with ESMTP id F36404406D
 for <test-report@dpdk.org>; Sat, 27 Apr 2024 00:51:59 +0200 (CEST)
Received: by mail-io1-f97.google.com with SMTP id
 ca18e2360f4ac-7da939572b5so106649739f.2
 for <test-report@dpdk.org>; Fri, 26 Apr 2024 15:51:59 -0700 (PDT)
DKIM-Signature: v=1; a=rsa-sha256; c=relaxed/relaxed;
 d=iol.unh.edu; s=unh-iol; t=1714171919; x=1714776719; darn=dpdk.org;
 h=references:in-reply-to:cc:to:from:subject:message-id:date:from:to
 :cc:subject:date:message-id:reply-to;
 bh=APjjDw5sDTVgQSAch6xaxRurEXpagBhuIFrFMjDIB7o=;
 b=edwYiM03JxsYNyakIafuOvDlcs8IQUl6NPEuixetplDKprjwzASAIPqgZffjjn28wH
 qVkrk9OGeHla55Ey/trn8nOHzL1IYW1X75y73Kmrk4+hW78kCv664Jz59aYPmw9TU+/k
 LtPfWqOm+lZV4az9SjmDuBfXNTkEP/XtLUJck=
X-Google-DKIM-Signature: v=1; a=rsa-sha256; c=relaxed/relaxed;
 d=1e100.net; s=20230601; t=1714171919; x=1714776719;
 h=references:in-reply-to:cc:to:from:subject:message-id:date
 :x-gm-message-state:from:to:cc:subject:date:message-id:reply-to;
 bh=APjjDw5sDTVgQSAch6xaxRurEXpagBhuIFrFMjDIB7o=;
 b=Lg08smiW39ATUBJJaiy+zSnpY5WzadlAgyUkvCWDEsJ9Ztp6EkrSzwgA+m7lImazI1
 yCboLXXnmH+ZuNdAR1LVcoLJEK7XvejtNex4xAW1r4tPILCZqJNYVkqFMZjsNp22Ghbw
 uT7OeMZPv9XUJE3jw68PMtDf8yux345NVFIybuJ8bf4fJ2F0DMftt1MLEpvOwT9RukuG
 KDGraEUjfV06JrZpyJ1rgxb+LDzGjLk/HnH6J9hIx1Q5zTmyWTwHZR4Bv8VHC4xlDAFw
 MqPgyLijA2vAKB1n5hDCM0eFg4xtdxtlbwM5jQf7LlWYV7v/Qn621foP4kiSXKr3NTMV
 8diA==
X-Gm-Message-State: AOJu0YyxIQW+9kZQH2RcvYA9sjVDPk6+/gFFFyJCScoup7ey4B890rOY
 K94G0GZOGxHmfIeBqgtaWoXGe1BM1gPZ0Zgi2WqUDCWbSm+NCiW/x5T9sH5T4Fuv3bZwvtiSNZf
 qgR2Gek4/GjxZ7PssR8/V05O7iWeC4pV3QAFoLGcl
X-Google-Smtp-Source: AGHT+IGqbOKDqjFNYTw8G1/n5efnWZpqwKmacZMkBfVCrYKrH7URoJMmbsfAahWfRIw1uv9sOBSbyaiAB9l4
X-Received: by 2002:a6b:3fc1:0:b0:7de:ac01:4224 with SMTP id
 m184-20020a6b3fc1000000b007deac014224mr3282405ioa.1.1714171919275; 
 Fri, 26 Apr 2024 15:51:59 -0700 (PDT)
Received: from postal.iol.unh.edu (postal.iol.unh.edu. [132.177.123.84])
 by smtp-relay.gmail.com with ESMTPS id
 gx3-20020a05663867c300b004871f611012sm239759jab.75.2024.04.26.15.51.59
 (version=TLS1_2 cipher=ECDHE-ECDSA-AES128-GCM-SHA256 bits=128/128);
 Fri, 26 Apr 2024 15:51:59 -0700 (PDT)
X-Relaying-Domain: iol.unh.edu
Date: Fri, 26 Apr 2024 15:51:59 -0700 (PDT)
Message-ID: <662c300f.050a0220.5a74a.1730SMTPIN_ADDED_MISSING@mx.google.com>
Received: from [172.21.0.6] (unknown [172.18.0.240])
 by postal.iol.unh.edu (Postfix) with ESMTP id B4BA6604D420;
 Fri, 26 Apr 2024 18:51:58 -0400 (EDT)
Subject: |FAILURE| pw137801-137807 [PATCH] [RFC,7/7] eal: deprecate relaxed f
From: dpdklab@iol.unh.edu
To: Test Report <test-report@dpdk.org>
Cc: dpdk-test-reports@iol.unh.edu,
 Mattias Ronnblom <mattias.ronnblom@ericsson.com>
In-Reply-To: <20240302135328.531940-8-mattias.ronnblom@ericsson.com>
References: <20240302135328.531940-8-mattias.ronnblom@ericsson.com>
Content-Type: text/plain
X-BeenThere: test-report@dpdk.org
X-Mailman-Version: 2.1.29
Precedence: list
List-Id: automatic DPDK test reports <test-report.dpdk.org>
List-Unsubscribe: <https://mails.dpdk.org/options/test-report>,
 <mailto:test-report-request@dpdk.org?subject=unsubscribe>
List-Archive: <http://mails.dpdk.org/archives/test-report/>
List-Post: <mailto:test-report@dpdk.org>
List-Help: <mailto:test-report-request@dpdk.org?subject=help>
List-Subscribe: <https://mails.dpdk.org/listinfo/test-report>,
 <mailto:test-report-request@dpdk.org?subject=subscribe>
Errors-To: test-report-bounces@dpdk.org

Test-Label: iol-compile-amd64-testing
Test-Status: FAILURE
http://dpdk.org/patch/137807

_Testing issues_

Submitter: Mattias Ronnblom <mattias.ronnblom@ericsson.com>
Date: Saturday, March 02 2024 13:53:28 
DPDK git baseline: Repo:dpdk
  Branch: master
  CommitID:5df34de5808a7b826b8bc035d6ee3161a12be364

137801-137807 --> testing fail

Test environment and result as below:

+---------------------+--------------------+----------------------+
|     Environment     | dpdk_meson_compile | dpdk_mingw64_compile |
+=====================+====================+======================+
| Windows Server 2022 | FAIL               | PASS                 |
+---------------------+--------------------+----------------------+
| FreeBSD 13.3        | FAIL               | SKIPPED              |
+---------------------+--------------------+----------------------+
| Windows Server 2019 | FAIL               | PASS                 |
+---------------------+--------------------+----------------------+
| CentOS Stream 8     | PASS               | SKIPPED              |
+---------------------+--------------------+----------------------+
| Fedora 37           | PASS               | SKIPPED              |
+---------------------+--------------------+----------------------+
| Fedora 38           | PASS               | SKIPPED              |
+---------------------+--------------------+----------------------+
| CentOS Stream 9     | PASS               | SKIPPED              |
+---------------------+--------------------+----------------------+
| Debian Bullseye     | PASS               | SKIPPED              |
+---------------------+--------------------+----------------------+
| Debian 12           | PASS               | SKIPPED              |
+---------------------+--------------------+----------------------+
| openSUSE Leap 15    | PASS               | SKIPPED              |
+---------------------+--------------------+----------------------+
| Ubuntu 20.04        | PASS               | SKIPPED              |
+---------------------+--------------------+----------------------+
| Ubuntu 22.04        | PASS               | SKIPPED              |
+---------------------+--------------------+----------------------+
| RHEL8               | PASS               | SKIPPED              |
+---------------------+--------------------+----------------------+
| Alpine              | PASS               | SKIPPED              |
+---------------------+--------------------+----------------------+
| Fedora 39           | PASS               | SKIPPED              |
+---------------------+--------------------+----------------------+

==== 20 line log output for Windows Server 2019 (dpdk_meson_compile): ====

Windows Server 2022
	Kernel: 10.0.20348.2031
	Compiler: clang 15.0.7, gcc 8.1.0 (MinGW), and MSVC VS 17.9

FreeBSD 13.3
	Kernel: 13.3-RELEASE-p1
	Compiler: clang 17.0.6

Windows Server 2019
	Kernel: 10.0.17763
	Compiler: clang 14.0 and gcc 8.1.0 (MinGW)

CentOS Stream 8
	Kernel: 5.4.0-167-generic
	Compiler: gcc 8.5.0 20210514

Fedora 37
	Kernel: Depends on container host system
	Compiler: gcc 12.3.1

Fedora 38
	Kernel: Depends on container host
	Compiler: clang 16.0.6

CentOS Stream 9
	Kernel: 5.4.0-167-generic
	Compiler: gcc 11.4.1 20230605

Debian Bullseye
	Kernel: 5.4.0-167-generic
	Compiler: gcc 10.2.1-6

Debian 12
	Kernel: Container Host Kernel
	Compiler: gcc 10.2.1

openSUSE Leap 15
	Kernel: 5.4.0-167-generic
	Compiler: gcc 7.5.0

Ubuntu 20.04
	Kernel: 5.4.0-167-generic
	Compiler: gcc 9.4.0-1ubuntu1~20.04.1

Ubuntu 22.04
	Kernel: 5.4.0-167-generic
	Compiler: gcc 11.4.0

RHEL8
	Kernel: 5.4.0-167-generic
	Compiler: gcc 8.5.0 20210514 (Red Hat 8.5.0-20)

Alpine
	Kernel: 5.4.0-167-generic
	Compiler: gcc (Alpine 13.2.1_git20231014) 13.2.1 20231014

Fedora 39
	Kernel: Depends on container host
	Compiler: clang 17.0.6

To view detailed results, visit:
https://lab.dpdk.org/results/dashboard/patchsets/29385/

UNH-IOL DPDK Community Lab

To manage your email subscriptions, visit: 
https://lab.dpdk.org/results/dashboard/preferences/subscriptions/