From mboxrd@z Thu Jan  1 00:00:00 1970
Return-Path: <test-report-bounces@dpdk.org>
Received: from mails.dpdk.org (mails.dpdk.org [217.70.189.124])
	by inbox.dpdk.org (Postfix) with ESMTP id EDBC143F47
	for <public@inbox.dpdk.org>; Mon, 29 Apr 2024 17:22:24 +0200 (CEST)
Received: from mails.dpdk.org (localhost [127.0.0.1])
	by mails.dpdk.org (Postfix) with ESMTP id B2A74402A3;
	Mon, 29 Apr 2024 17:22:24 +0200 (CEST)
Received: from mail-oi1-f226.google.com (mail-oi1-f226.google.com
 [209.85.167.226])
 by mails.dpdk.org (Postfix) with ESMTP id 4DDEF4029C
 for <test-report@dpdk.org>; Mon, 29 Apr 2024 17:22:23 +0200 (CEST)
Received: by mail-oi1-f226.google.com with SMTP id
 5614622812f47-3c730f599abso2767684b6e.0
 for <test-report@dpdk.org>; Mon, 29 Apr 2024 08:22:23 -0700 (PDT)
DKIM-Signature: v=1; a=rsa-sha256; c=relaxed/relaxed;
 d=iol.unh.edu; s=unh-iol; t=1714404142; x=1715008942; darn=dpdk.org;
 h=references:in-reply-to:cc:to:from:subject:message-id:date:from:to
 :cc:subject:date:message-id:reply-to;
 bh=oiXWt1WD1uNlWHNHJn59GxcZIfxFg2wFuV9VAG7RBg8=;
 b=G/91TaHRuKVQSguJ02tGoM3e1wdm8xe94Q57C6k3yjP6mYP7yIPOAXvw/vddMw/azG
 RyCWDdTrd8iv95PtCssFwWgNp3A3FLWZR3o26vCLJLr1Ok33h9RaqQ35EX/6ppDrPUbO
 9pgxvI+/TKRcF8vtFK3yMobRfpFdxiHoB3lwc=
X-Google-DKIM-Signature: v=1; a=rsa-sha256; c=relaxed/relaxed;
 d=1e100.net; s=20230601; t=1714404142; x=1715008942;
 h=references:in-reply-to:cc:to:from:subject:message-id:date
 :x-gm-message-state:from:to:cc:subject:date:message-id:reply-to;
 bh=oiXWt1WD1uNlWHNHJn59GxcZIfxFg2wFuV9VAG7RBg8=;
 b=d3psJKnZ+k+ymEVqKXQLNwVcbioSEwKrAhdAxURgdUfuoiuAiWY4BEGUas3kUCoDNk
 F6onKWYubjwz9qYrUUS7IkdM9akVy6mlo8nUH2D4i7xpRP7Mg1MtdKbiLSOqrln8LEs4
 LExyZRW5MiOu8/tT4YumHdvy4f8K4ohpcgfjHnH/HwiUJB0yT582wmiteHYbORyECvRc
 BuyRfMR9YSggsckcz9widufEwzEA5O6EBQpFL21LBlzMUsUaJMYdYD9qr7MjZJV/D8Z+
 vC8XCQlXeMWKBREc2rXTyyyayFLWFT8JUiL8RjEdZsYCI+Ruzm9QDyW+Ys6UeD64ruTd
 +Lsw==
X-Gm-Message-State: AOJu0YzLUYShSBwyfvLCmJOz4OfV/Fj2DS/bQHs24sXzW2Mpe1QGCUFE
 kXCN+IYKHf13SMOe5N3GQHha3eLtqmHb7gnhi017zLt4yMZTjZ1MbcI0w+qUOIBfDSGITUMbk6k
 2kXZcC8fea37eOaHno99kQQo4erZfyCu4LxNZwJ/jhRu1nlbhkPdVwmb/
X-Google-Smtp-Source: AGHT+IESWTS62iRRLR2STwcxJGanUc2bzOwrTXQ7bHGJPUdS0CUYuTdOJU4PDy9YiqLdEQS5X64lwgdUvHTj
X-Received: by 2002:a05:6808:298e:b0:3c7:2d96:a385 with SMTP id
 ex14-20020a056808298e00b003c72d96a385mr10759974oib.6.1714404142568; 
 Mon, 29 Apr 2024 08:22:22 -0700 (PDT)
Received: from postal.iol.unh.edu (postal.iol.unh.edu.
 [2606:4100:3880:1234::84]) by smtp-relay.gmail.com with ESMTPS id
 p17-20020a05621415d100b006a0cb035458sm345597qvz.50.2024.04.29.08.22.22
 (version=TLS1_2 cipher=ECDHE-ECDSA-AES128-GCM-SHA256 bits=128/128);
 Mon, 29 Apr 2024 08:22:22 -0700 (PDT)
X-Relaying-Domain: iol.unh.edu
Date: Mon, 29 Apr 2024 08:22:22 -0700 (PDT)
Message-ID: <662fbb2e.050a0220.d2de3.dd47SMTPIN_ADDED_MISSING@mx.google.com>
Received: from [172.17.0.3] (unknown [172.18.0.217])
 by postal.iol.unh.edu (Postfix) with ESMTP id 47AC1604D420;
 Mon, 29 Apr 2024 11:22:22 -0400 (EDT)
Subject: |FAILURE| pw139718-139722 [PATCH] [RFC,v3,6/6] eal: add unit tests f
From: dpdklab@iol.unh.edu
To: Test Report <test-report@dpdk.org>
Cc: dpdk-test-reports@iol.unh.edu,
 Mattias Ronnblom <mattias.ronnblom@ericsson.com>
In-Reply-To: <20240429095138.106849-7-mattias.ronnblom@ericsson.com>
References: <20240429095138.106849-7-mattias.ronnblom@ericsson.com>
Content-Type: text/plain
X-BeenThere: test-report@dpdk.org
X-Mailman-Version: 2.1.29
Precedence: list
List-Id: automatic DPDK test reports <test-report.dpdk.org>
List-Unsubscribe: <https://mails.dpdk.org/options/test-report>,
 <mailto:test-report-request@dpdk.org?subject=unsubscribe>
List-Archive: <http://mails.dpdk.org/archives/test-report/>
List-Post: <mailto:test-report@dpdk.org>
List-Help: <mailto:test-report-request@dpdk.org?subject=help>
List-Subscribe: <https://mails.dpdk.org/listinfo/test-report>,
 <mailto:test-report-request@dpdk.org?subject=subscribe>
Errors-To: test-report-bounces@dpdk.org

Test-Label: iol-unit-amd64-testing
Test-Status: FAILURE
http://dpdk.org/patch/139722

_Testing issues_

Submitter: Mattias Ronnblom <mattias.ronnblom@ericsson.com>
Date: Monday, April 29 2024 09:51:38 
DPDK git baseline: Repo:dpdk
  Branch: master
  CommitID:7e06c0de1952d3109a5b0c4779d7e7d8059c9d78

139718-139722 --> testing fail

Test environment and result as below:

+---------------------+----------------+
|     Environment     | dpdk_unit_test |
+=====================+================+
| Windows Server 2019 | PASS           |
+---------------------+----------------+
| Windows Server 2022 | PASS           |
+---------------------+----------------+
| Debian Bullseye     | PASS           |
+---------------------+----------------+
| Fedora 37           | PASS           |
+---------------------+----------------+
| CentOS Stream 8     | PASS           |
+---------------------+----------------+
| Fedora 38           | FAIL           |
+---------------------+----------------+
| Debian 12           | PASS           |
+---------------------+----------------+

==== 20 line log output for Fedora 38 (dpdk_unit_test): ====

Windows Server 2019
	Kernel: 10.0.17763
	Compiler: clang 14.0 and gcc 8.1.0 (MinGW)

Windows Server 2022
	Kernel: 10.0.20348.2031
	Compiler: clang 15.0.7, gcc 8.1.0 (MinGW), and MSVC VS 17.9

Debian Bullseye
	Kernel: 5.4.0-167-generic
	Compiler: gcc 10.2.1-6

Fedora 37
	Kernel: Depends on container host system
	Compiler: gcc 12.3.1

CentOS Stream 8
	Kernel: 5.4.0-167-generic
	Compiler: gcc 8.5.0 20210514

Fedora 38
	Kernel: Depends on container host
	Compiler: gcc 13.2.1

Debian 12
	Kernel: Container Host Kernel
	Compiler: gcc 10.2.1

To view detailed results, visit:
https://lab.dpdk.org/results/dashboard/patchsets/29873/

UNH-IOL DPDK Community Lab

To manage your email subscriptions, visit: 
https://lab.dpdk.org/results/dashboard/preferences/subscriptions/