From mboxrd@z Thu Jan  1 00:00:00 1970
Return-Path: <test-report-bounces@dpdk.org>
Received: from mails.dpdk.org (mails.dpdk.org [217.70.189.124])
	by inbox.dpdk.org (Postfix) with ESMTP id 328FE43F47
	for <public@inbox.dpdk.org>; Mon, 29 Apr 2024 17:42:04 +0200 (CEST)
Received: from mails.dpdk.org (localhost [127.0.0.1])
	by mails.dpdk.org (Postfix) with ESMTP id 2A7D7402A3;
	Mon, 29 Apr 2024 17:42:04 +0200 (CEST)
Received: from mail-pj1-f99.google.com (mail-pj1-f99.google.com
 [209.85.216.99]) by mails.dpdk.org (Postfix) with ESMTP id 289C74029C
 for <test-report@dpdk.org>; Mon, 29 Apr 2024 17:42:03 +0200 (CEST)
Received: by mail-pj1-f99.google.com with SMTP id
 98e67ed59e1d1-2a87bd53dc3so3812680a91.2
 for <test-report@dpdk.org>; Mon, 29 Apr 2024 08:42:03 -0700 (PDT)
DKIM-Signature: v=1; a=rsa-sha256; c=relaxed/relaxed;
 d=iol.unh.edu; s=unh-iol; t=1714405322; x=1715010122; darn=dpdk.org;
 h=references:in-reply-to:cc:to:from:subject:message-id:date:from:to
 :cc:subject:date:message-id:reply-to;
 bh=8xOTLtZT1/wNSE/m8MtSi8VLUiVCyqGT75bALYlq0lE=;
 b=bZU71TavKIxMCiVaIkaOKphxGbHFifmUnyZntztLabzK40XH12woBu8fBAIqqfVSJs
 oF6d55WHu31q41sZM0q9R5tEjS84uYAFYnqOCF5VHp7QCVBg1rCTDObbHYvhz3wWnb+R
 s0lbiPoIQruJ6cu54UQ2cATJkbqEYYGeqtoUY=
X-Google-DKIM-Signature: v=1; a=rsa-sha256; c=relaxed/relaxed;
 d=1e100.net; s=20230601; t=1714405322; x=1715010122;
 h=references:in-reply-to:cc:to:from:subject:message-id:date
 :x-gm-message-state:from:to:cc:subject:date:message-id:reply-to;
 bh=8xOTLtZT1/wNSE/m8MtSi8VLUiVCyqGT75bALYlq0lE=;
 b=HpsB0MysWq9OGehnVCtaWaHCgbGkRx//wHFepEDdmxIePZ51iRmI5OYAlfxr0wY1FI
 0pBvk9CsIO+m87tP/aYu9mz7MrKfbTiQLLYvePygNeHu1tnVLyyVHMD/VK2NiJ0aftlM
 K9R2c1/m/L514ZaeZKIZqGrXdcJZBgr2m2yjCoF7sfLJo+BlaeXmel8hZXnf2/4Rvwvt
 +4vaJK7cRUt3e0NQ8fwFVSRXjcfN7dSzqHYQJeTcPubR7TSgaQ0kTxp2amLpAQMDnbhg
 Up38x2Z7r2vW2/LBJLZno4e3yCwJwDbqqFpY4gJmMd2R30w/bpC777FaoeL7+p/BlUGR
 Niaw==
X-Gm-Message-State: AOJu0YziS+KxoYcY91PC1b28yvLD57at+gsGScN+idPWFnQiX1IwU9Yl
 l+WA9Y9LYk44Yl6xY3ssfaJBMvXs3vz2igCUAhnLmVXHv1dur+X+1FQlke2dlqycq+JrORZkChj
 zBUirYZEGENH0aeJB1o6xeSRYlZRL9DDXkf1ibjo2
X-Google-Smtp-Source: AGHT+IGMG3Sf2hqTrjOnBx+AV4C6qFJmEozv2CJ+kDEbEjCy+q5YEidUvlixuN4cOR++ig55WOs78L0xLUt7
X-Received: by 2002:a17:90b:11cc:b0:2b1:1b29:4e53 with SMTP id
 gv12-20020a17090b11cc00b002b11b294e53mr4520924pjb.7.1714405322279; 
 Mon, 29 Apr 2024 08:42:02 -0700 (PDT)
Received: from postal.iol.unh.edu (postal.iol.unh.edu. [132.177.123.84])
 by smtp-relay.gmail.com with ESMTPS id
 r17-20020a17090aa09100b002b2057ef5absm142400pjp.9.2024.04.29.08.42.02
 (version=TLS1_2 cipher=ECDHE-ECDSA-AES128-GCM-SHA256 bits=128/128);
 Mon, 29 Apr 2024 08:42:02 -0700 (PDT)
X-Relaying-Domain: iol.unh.edu
Date: Mon, 29 Apr 2024 08:42:02 -0700 (PDT)
Message-ID: <662fbfca.170a0220.35f39.41dfSMTPIN_ADDED_MISSING@mx.google.com>
Received: from [172.17.0.3] (unknown [172.18.0.217])
 by postal.iol.unh.edu (Postfix) with ESMTP id 761CA604D420;
 Mon, 29 Apr 2024 11:42:01 -0400 (EDT)
Subject: |FAILURE| pw139718-139722 [PATCH] [RFC,v3,6/6] eal: add unit tests f
From: dpdklab@iol.unh.edu
To: Test Report <test-report@dpdk.org>
Cc: dpdk-test-reports@iol.unh.edu,
 Mattias Ronnblom <mattias.ronnblom@ericsson.com>
In-Reply-To: <20240429095138.106849-7-mattias.ronnblom@ericsson.com>
References: <20240429095138.106849-7-mattias.ronnblom@ericsson.com>
Content-Type: text/plain
X-BeenThere: test-report@dpdk.org
X-Mailman-Version: 2.1.29
Precedence: list
List-Id: automatic DPDK test reports <test-report.dpdk.org>
List-Unsubscribe: <https://mails.dpdk.org/options/test-report>,
 <mailto:test-report-request@dpdk.org?subject=unsubscribe>
List-Archive: <http://mails.dpdk.org/archives/test-report/>
List-Post: <mailto:test-report@dpdk.org>
List-Help: <mailto:test-report-request@dpdk.org?subject=help>
List-Subscribe: <https://mails.dpdk.org/listinfo/test-report>,
 <mailto:test-report-request@dpdk.org?subject=subscribe>
Errors-To: test-report-bounces@dpdk.org

Test-Label: iol-unit-amd64-testing
Test-Status: FAILURE
http://dpdk.org/patch/139722

_Testing issues_

Submitter: Mattias Ronnblom <mattias.ronnblom@ericsson.com>
Date: Monday, April 29 2024 09:51:38 
DPDK git baseline: Repo:dpdk
  Branch: master
  CommitID:7e06c0de1952d3109a5b0c4779d7e7d8059c9d78

139718-139722 --> testing fail

Test environment and result as below:

+---------------------+----------------+
|     Environment     | dpdk_unit_test |
+=====================+================+
| Windows Server 2019 | PASS           |
+---------------------+----------------+
| Windows Server 2022 | PASS           |
+---------------------+----------------+
| Debian Bullseye     | PASS           |
+---------------------+----------------+
| Fedora 37           | PASS           |
+---------------------+----------------+
| CentOS Stream 8     | PASS           |
+---------------------+----------------+
| Fedora 38           | PASS           |
+---------------------+----------------+
| Debian 12           | PASS           |
+---------------------+----------------+
| CentOS Stream 9     | PASS           |
+---------------------+----------------+
| Fedora 39           | PASS           |
+---------------------+----------------+
| RHEL8               | PASS           |
+---------------------+----------------+
| openSUSE Leap 15    | PASS           |
+---------------------+----------------+
| Ubuntu 20.04        | PASS           |
+---------------------+----------------+


Windows Server 2019
	Kernel: 10.0.17763
	Compiler: clang 14.0 and gcc 8.1.0 (MinGW)

Windows Server 2022
	Kernel: 10.0.20348.2031
	Compiler: clang 15.0.7, gcc 8.1.0 (MinGW), and MSVC VS 17.9

Debian Bullseye
	Kernel: 5.4.0-167-generic
	Compiler: gcc 10.2.1-6

Fedora 37
	Kernel: Depends on container host system
	Compiler: gcc 12.3.1

CentOS Stream 8
	Kernel: 5.4.0-167-generic
	Compiler: gcc 8.5.0 20210514

Fedora 38
	Kernel: Depends on container host
	Compiler: gcc 13.2.1

Debian 12
	Kernel: Container Host Kernel
	Compiler: gcc 10.2.1

CentOS Stream 9
	Kernel: 5.4.0-167-generic
	Compiler: gcc 11.4.1 20230605

Fedora 39
	Kernel: Depends on container host
	Compiler: gcc 13.2.1

RHEL8
	Kernel: 5.4.0-167-generic
	Compiler: gcc 8.5.0 20210514 (Red Hat 8.5.0-20)

openSUSE Leap 15
	Kernel: 5.4.0-167-generic
	Compiler: gcc 7.5.0

Ubuntu 20.04
	Kernel: 5.4.0-167-generic
	Compiler: gcc 9.4.0-1ubuntu1~20.04.1

To view detailed results, visit:
https://lab.dpdk.org/results/dashboard/patchsets/29873/

UNH-IOL DPDK Community Lab

To manage your email subscriptions, visit: 
https://lab.dpdk.org/results/dashboard/preferences/subscriptions/