From mboxrd@z Thu Jan  1 00:00:00 1970
Return-Path: <test-report-bounces@dpdk.org>
Received: from mails.dpdk.org (mails.dpdk.org [217.70.189.124])
	by inbox.dpdk.org (Postfix) with ESMTP id 3E9C443F4C
	for <public@inbox.dpdk.org>; Mon, 29 Apr 2024 22:43:16 +0200 (CEST)
Received: from mails.dpdk.org (localhost [127.0.0.1])
	by mails.dpdk.org (Postfix) with ESMTP id 3A63C402A3;
	Mon, 29 Apr 2024 22:43:16 +0200 (CEST)
Received: from mail-pg1-f226.google.com (mail-pg1-f226.google.com
 [209.85.215.226])
 by mails.dpdk.org (Postfix) with ESMTP id 999B84029C
 for <test-report@dpdk.org>; Mon, 29 Apr 2024 22:43:15 +0200 (CEST)
Received: by mail-pg1-f226.google.com with SMTP id
 41be03b00d2f7-60585faa69fso3225266a12.1
 for <test-report@dpdk.org>; Mon, 29 Apr 2024 13:43:15 -0700 (PDT)
DKIM-Signature: v=1; a=rsa-sha256; c=relaxed/relaxed;
 d=iol.unh.edu; s=unh-iol; t=1714423395; x=1715028195; darn=dpdk.org;
 h=references:in-reply-to:cc:to:from:subject:message-id:date:from:to
 :cc:subject:date:message-id:reply-to;
 bh=lpfIyUd7CLc/YJg0P724TaE3i3SbyM5puaDMa0qqivA=;
 b=gEoTD55/wfwuGtJEdkkqcwDBPofZ8hZUW4Z5X5MnPcm1e1GnTFeqtjbgDlM/6ul5Qm
 0graqK7RaGD0xrHmO2kvN/7sunz+WI8eXg5wdg4lvLLfZ1ZqkIS2j9Vl0nsTHeM1mqDK
 uzkUlGFUERK0LF5nJQYHor8uMJkTWGj9tPE9U=
X-Google-DKIM-Signature: v=1; a=rsa-sha256; c=relaxed/relaxed;
 d=1e100.net; s=20230601; t=1714423395; x=1715028195;
 h=references:in-reply-to:cc:to:from:subject:message-id:date
 :x-gm-message-state:from:to:cc:subject:date:message-id:reply-to;
 bh=lpfIyUd7CLc/YJg0P724TaE3i3SbyM5puaDMa0qqivA=;
 b=KSxW3KWWYfqFQP4SAdrwwvpzb9KhOfpsfwpQwIPlHdVKQFFezaRsUQj/we8xV0BKs9
 9GkJB2V4jhZkgg6gGCLDRN+LNB5Wmy7Xqn0E9XZwFkUFvx+bg+zXMX6f6wj0OFBPJcAy
 68YknghDfFD5pTEJEvWPMSfZGydHyULeRQIlSEQZLTCxiNK7a836MvAKQGfKYcSibklr
 9tkWmMcegO1GOOoez1cR70w/O5/ETbbyg+s2WwNTc4hzRMs8g/2W0iVw33i+gR75bhqE
 AOvpi8hvCGs5QL1557sg0uGHcfmiLg6EjSpNC/VwkeW2W9UBme/JwOfZA5mvcwntGUOB
 1EJw==
X-Gm-Message-State: AOJu0Yx53LFTbAyzLlECKdxQax9L2XTxkSYn04z68EPFfPo2Hn9tO87s
 ZiWnY80XKrsza8/WSLzArCQqa3GckEkWIPmCJnzQaDLtzYm1FnGRp9duEXrnfYEiys+hcfGX19e
 RAy2Jc6eODvZKKUlwp+dHR4hMWeBzjQnZ291W3r7R/mBc0pjx7KQoeg5q
X-Google-Smtp-Source: AGHT+IH2I7hppyLszjjmmunstt8BBxE9waXvgWjb+PKBsKgCCERSkPvNZfe007i3AEuHwtxze8U7wiFvjDWh
X-Received: by 2002:a17:902:d2c2:b0:1e4:7bf1:521 with SMTP id
 n2-20020a170902d2c200b001e47bf10521mr1267509plc.19.1714423394851; 
 Mon, 29 Apr 2024 13:43:14 -0700 (PDT)
Received: from postal.iol.unh.edu (postal.iol.unh.edu.
 [2606:4100:3880:1234::84]) by smtp-relay.gmail.com with ESMTPS id
 a21-20020a170902b59500b001e5a599360fsm745494pls.50.2024.04.29.13.43.14
 (version=TLS1_2 cipher=ECDHE-ECDSA-AES128-GCM-SHA256 bits=128/128);
 Mon, 29 Apr 2024 13:43:14 -0700 (PDT)
X-Relaying-Domain: iol.unh.edu
Date: Mon, 29 Apr 2024 13:43:14 -0700 (PDT)
Message-ID: <66300662.170a0220.f2598.0956SMTPIN_ADDED_MISSING@mx.google.com>
Received: from [172.21.0.6] (unknown [172.18.0.240])
 by postal.iol.unh.edu (Postfix) with ESMTP id 4B848604D420;
 Mon, 29 Apr 2024 16:43:14 -0400 (EDT)
Subject: |FAILURE| pw139725 [PATCH] [RFC] eal: make lcore_init aware of cgrou
From: dpdklab@iol.unh.edu
To: Test Report <test-report@dpdk.org>
Cc: dpdk-test-reports@iol.unh.edu,
 Stephen Hemminger <stephen@networkplumber.org>
In-Reply-To: <20240429195342.42711-1-stephen@networkplumber.org>
References: <20240429195342.42711-1-stephen@networkplumber.org>
Content-Type: text/plain
X-BeenThere: test-report@dpdk.org
X-Mailman-Version: 2.1.29
Precedence: list
List-Id: automatic DPDK test reports <test-report.dpdk.org>
List-Unsubscribe: <https://mails.dpdk.org/options/test-report>,
 <mailto:test-report-request@dpdk.org?subject=unsubscribe>
List-Archive: <http://mails.dpdk.org/archives/test-report/>
List-Post: <mailto:test-report@dpdk.org>
List-Help: <mailto:test-report-request@dpdk.org?subject=help>
List-Subscribe: <https://mails.dpdk.org/listinfo/test-report>,
 <mailto:test-report-request@dpdk.org?subject=subscribe>
Errors-To: test-report-bounces@dpdk.org

Test-Label: iol-unit-amd64-testing
Test-Status: FAILURE
http://dpdk.org/patch/139725

_Testing issues_

Submitter: Stephen Hemminger <stephen@networkplumber.org>
Date: Monday, April 29 2024 19:52:25 
DPDK git baseline: Repo:dpdk
  Branch: master
  CommitID:7e06c0de1952d3109a5b0c4779d7e7d8059c9d78

139725 --> testing fail

Test environment and result as below:

+---------------------+----------------+
|     Environment     | dpdk_unit_test |
+=====================+================+
| CentOS Stream 8     | FAIL           |
+---------------------+----------------+
| CentOS Stream 9     | FAIL           |
+---------------------+----------------+
| Debian Bullseye     | FAIL           |
+---------------------+----------------+
| Fedora 38           | FAIL           |
+---------------------+----------------+
| Windows Server 2019 | PASS           |
+---------------------+----------------+
| Fedora 37           | FAIL           |
+---------------------+----------------+
| Debian 12           | FAIL           |
+---------------------+----------------+

==== 20 line log output for Debian 12 (dpdk_unit_test): ====

CentOS Stream 8
	Kernel: 5.4.0-167-generic
	Compiler: gcc 8.5.0 20210514

CentOS Stream 9
	Kernel: 5.4.0-167-generic
	Compiler: gcc 11.4.1 20230605

Debian Bullseye
	Kernel: 5.4.0-167-generic
	Compiler: gcc 10.2.1-6

Fedora 38
	Kernel: Depends on container host
	Compiler: gcc 13.2.1

Windows Server 2019
	Kernel: 10.0.17763
	Compiler: clang 14.0 and gcc 8.1.0 (MinGW)

Fedora 37
	Kernel: Depends on container host system
	Compiler: gcc 12.3.1

Debian 12
	Kernel: Container Host Kernel
	Compiler: gcc 10.2.1

To view detailed results, visit:
https://lab.dpdk.org/results/dashboard/patchsets/29875/

UNH-IOL DPDK Community Lab

To manage your email subscriptions, visit: 
https://lab.dpdk.org/results/dashboard/preferences/subscriptions/