From mboxrd@z Thu Jan  1 00:00:00 1970
Return-Path: <test-report-bounces@dpdk.org>
Received: from mails.dpdk.org (mails.dpdk.org [217.70.189.124])
	by inbox.dpdk.org (Postfix) with ESMTP id 8043A43F4D
	for <public@inbox.dpdk.org>; Mon, 29 Apr 2024 22:47:14 +0200 (CEST)
Received: from mails.dpdk.org (localhost [127.0.0.1])
	by mails.dpdk.org (Postfix) with ESMTP id 7BAC1402A3;
	Mon, 29 Apr 2024 22:47:14 +0200 (CEST)
Received: from mail-ua1-f97.google.com (mail-ua1-f97.google.com
 [209.85.222.97]) by mails.dpdk.org (Postfix) with ESMTP id B77734029C
 for <test-report@dpdk.org>; Mon, 29 Apr 2024 22:47:12 +0200 (CEST)
Received: by mail-ua1-f97.google.com with SMTP id
 a1e0cc1a2514c-7f01c1514c9so950032241.2
 for <test-report@dpdk.org>; Mon, 29 Apr 2024 13:47:12 -0700 (PDT)
DKIM-Signature: v=1; a=rsa-sha256; c=relaxed/relaxed;
 d=iol.unh.edu; s=unh-iol; t=1714423632; x=1715028432; darn=dpdk.org;
 h=references:in-reply-to:cc:to:from:subject:message-id:date:from:to
 :cc:subject:date:message-id:reply-to;
 bh=frR8O06JCrR6nj88KqVowR7mUrzr+TSJqqcn4iiSbZ4=;
 b=K5Px/NGrrNtzxEvTYF2CN8YfEzmTM490faflxLeMzh8SRbgRLfzuxaSzXgv1a0hvCQ
 HUpieGTjNHNAzYIepLLbGcg2718R+9oQpw7sfgm2C/9LZSHrfjKsembtutGey6hRufgk
 j6CikIFQ78R6ThSSzs52sr2bi28ovOw+pdLeU=
X-Google-DKIM-Signature: v=1; a=rsa-sha256; c=relaxed/relaxed;
 d=1e100.net; s=20230601; t=1714423632; x=1715028432;
 h=references:in-reply-to:cc:to:from:subject:message-id:date
 :x-gm-message-state:from:to:cc:subject:date:message-id:reply-to;
 bh=frR8O06JCrR6nj88KqVowR7mUrzr+TSJqqcn4iiSbZ4=;
 b=Rxk1X0ZnkJoONZyrGIs18oCIGpEvSb8BCz+1kdGPS3p5jzguhPCwF0TE6nEUY99vWf
 6iM87RwC1RHpG/h/C8wfFPsMFxxlzOet61EBR9mzN6Jx9Cb1V1Dxj9Wof6VLRgTLK9R+
 p+K5Jg5HFVI4LB6nJ+/Ej8SJsVsNHhiVuuK4ikhuP+WpIIEJ4EG3x2rSFWbGTp4jsy/h
 /49VPY0IMJhv7ls/GEjtOtT+LdCIdiY5BxpMp1N+8iP5hSBrxHo1RMyL94buANlGeOXB
 QxPdX7BtNCpfVa8sTL0zUAIDSy0Ogx5cvcTIlD2oIZ076+GnKGE9NQCs4w5Wvzp4Bmxc
 PjtQ==
X-Gm-Message-State: AOJu0YzJq9U7yta6x5FT8O7SsWJFYs9C5fFr3oil3028B255NbBUyQfK
 3HwJ6ixx1ovD17sqR9ZZJK9+eaBZwHJmlPKFLCrKrgFd3vyEYQI/YiBsQK7w/L2os0GThFZLloR
 jIDijUC/Co1NGXpM61t1nYaFIAzzgsH4/MdvZZQXM
X-Google-Smtp-Source: AGHT+IGl491+y2H21ZM9mVftULVszrKUdpTIZvkS1lIF5LPJH69amyPd7omLEZfOg2SY58Asa6/xmeUFXJWA
X-Received: by 2002:a67:e348:0:b0:47b:b820:e735 with SMTP id
 s8-20020a67e348000000b0047bb820e735mr8782618vsm.32.1714423632059; 
 Mon, 29 Apr 2024 13:47:12 -0700 (PDT)
Received: from postal.iol.unh.edu (postal.iol.unh.edu. [132.177.123.84])
 by smtp-relay.gmail.com with ESMTPS id
 u22-20020ab05b16000000b007e7a93653d5sm2415606uae.4.2024.04.29.13.47.11
 (version=TLS1_2 cipher=ECDHE-ECDSA-AES128-GCM-SHA256 bits=128/128);
 Mon, 29 Apr 2024 13:47:12 -0700 (PDT)
X-Relaying-Domain: iol.unh.edu
Date: Mon, 29 Apr 2024 13:47:12 -0700 (PDT)
Message-ID: <66300750.b00a0220.4e9cb.d1f6SMTPIN_ADDED_MISSING@mx.google.com>
Received: from [172.21.0.6] (unknown [172.18.0.240])
 by postal.iol.unh.edu (Postfix) with ESMTP id A0292604D420;
 Mon, 29 Apr 2024 16:47:11 -0400 (EDT)
Subject: |FAILURE| pw139725 [PATCH] [RFC] eal: make lcore_init aware of cgrou
From: dpdklab@iol.unh.edu
To: Test Report <test-report@dpdk.org>
Cc: dpdk-test-reports@iol.unh.edu,
 Stephen Hemminger <stephen@networkplumber.org>
In-Reply-To: <20240429195342.42711-1-stephen@networkplumber.org>
References: <20240429195342.42711-1-stephen@networkplumber.org>
Content-Type: text/plain
X-BeenThere: test-report@dpdk.org
X-Mailman-Version: 2.1.29
Precedence: list
List-Id: automatic DPDK test reports <test-report.dpdk.org>
List-Unsubscribe: <https://mails.dpdk.org/options/test-report>,
 <mailto:test-report-request@dpdk.org?subject=unsubscribe>
List-Archive: <http://mails.dpdk.org/archives/test-report/>
List-Post: <mailto:test-report@dpdk.org>
List-Help: <mailto:test-report-request@dpdk.org?subject=help>
List-Subscribe: <https://mails.dpdk.org/listinfo/test-report>,
 <mailto:test-report-request@dpdk.org?subject=subscribe>
Errors-To: test-report-bounces@dpdk.org

Test-Label: iol-unit-arm64-testing
Test-Status: FAILURE
http://dpdk.org/patch/139725

_Testing issues_

Submitter: Stephen Hemminger <stephen@networkplumber.org>
Date: Monday, April 29 2024 19:52:25 
DPDK git baseline: Repo:dpdk
  Branch: master
  CommitID:7e06c0de1952d3109a5b0c4779d7e7d8059c9d78

139725 --> testing fail

Test environment and result as below:

+--------------------------+----------------+---------------------------+
|       Environment        | dpdk_unit_test | cryptodev_sw_zuc_autotest |
+==========================+================+===========================+
| Debian 12 (arm)          | FAIL           | PASS                      |
+--------------------------+----------------+---------------------------+
| Fedora 37 (ARM)          | FAIL           | SKIPPED                   |
+--------------------------+----------------+---------------------------+
| CentOS Stream 9 (ARM)    | FAIL           | SKIPPED                   |
+--------------------------+----------------+---------------------------+
| Debian 11 (Buster) (ARM) | FAIL           | SKIPPED                   |
+--------------------------+----------------+---------------------------+
| Fedora 38 (ARM)          | FAIL           | SKIPPED                   |
+--------------------------+----------------+---------------------------+
| Fedora 39 (ARM)          | FAIL           | SKIPPED                   |
+--------------------------+----------------+---------------------------+

==== 20 line log output for Fedora 39 (ARM) (dpdk_unit_test): ====

Debian 12 (arm)
	Kernel: Container Host Kernel
	Compiler: gcc 12.2.0

Fedora 37 (ARM)
	Kernel: Depends on container host
	Compiler: gcc 12.3.1

CentOS Stream 9 (ARM)
	Kernel: Container Host Kernel
	Compiler: gcc 11.4.1

Debian 11 (Buster) (ARM)
	Kernel: Container Host Kernel
	Compiler: gcc 10.2.1

Fedora 38 (ARM)
	Kernel: Depends on container host
	Compiler: gcc 13.2.1

Fedora 39 (ARM)
	Kernel: Depends on container host
	Compiler: gcc 13.2.1

To view detailed results, visit:
https://lab.dpdk.org/results/dashboard/patchsets/29875/

UNH-IOL DPDK Community Lab

To manage your email subscriptions, visit: 
https://lab.dpdk.org/results/dashboard/preferences/subscriptions/