From mboxrd@z Thu Jan  1 00:00:00 1970
Return-Path: <test-report-bounces@dpdk.org>
Received: from mails.dpdk.org (mails.dpdk.org [217.70.189.124])
	by inbox.dpdk.org (Postfix) with ESMTP id 5DA1243F4C
	for <public@inbox.dpdk.org>; Mon, 29 Apr 2024 22:51:47 +0200 (CEST)
Received: from mails.dpdk.org (localhost [127.0.0.1])
	by mails.dpdk.org (Postfix) with ESMTP id 4C4A6402A3;
	Mon, 29 Apr 2024 22:51:47 +0200 (CEST)
Received: from mail-qt1-f227.google.com (mail-qt1-f227.google.com
 [209.85.160.227])
 by mails.dpdk.org (Postfix) with ESMTP id D84DE4029C
 for <test-report@dpdk.org>; Mon, 29 Apr 2024 22:51:46 +0200 (CEST)
Received: by mail-qt1-f227.google.com with SMTP id
 d75a77b69052e-434d0a63151so29252761cf.3
 for <test-report@dpdk.org>; Mon, 29 Apr 2024 13:51:46 -0700 (PDT)
DKIM-Signature: v=1; a=rsa-sha256; c=relaxed/relaxed;
 d=iol.unh.edu; s=unh-iol; t=1714423906; x=1715028706; darn=dpdk.org;
 h=references:in-reply-to:cc:to:from:subject:message-id:date:from:to
 :cc:subject:date:message-id:reply-to;
 bh=YwkCmEYyNtvNuagX4sBvVSUv8fMv8ey8Ye9+SvDe/5k=;
 b=gxG08sVghFSk8MUw2lbcFF4aw3rLxd29OeYAonSKCBSgTRwFjy8ShQzrxQbdQBBq9w
 2XK1de5+JekO2uSeiq0xqoh3vUdXTqvh0jNm2PDwmHMu15wbujcMIavHg9ZQRS1dcRW/
 Mypsps2b2774TZMiyDt9D/RBQn7AEOJXogYJM=
X-Google-DKIM-Signature: v=1; a=rsa-sha256; c=relaxed/relaxed;
 d=1e100.net; s=20230601; t=1714423906; x=1715028706;
 h=references:in-reply-to:cc:to:from:subject:message-id:date
 :x-gm-message-state:from:to:cc:subject:date:message-id:reply-to;
 bh=YwkCmEYyNtvNuagX4sBvVSUv8fMv8ey8Ye9+SvDe/5k=;
 b=LQ+jGh7FeikVTKQ8VBwhim3PZB2lIHo2RaI9DM2Lo991EYe1UnW3cNDwU2ltzCVFyD
 ahxYbGCZXZhY//NGC/D1pwgaCf8Ua9ivvp5YVjS3FKZ2FoqN8AoytG4cjeGXRQa3o4D6
 J6DnHvPWxZjdyMTABfj1ShGIsm6xKdxc4qzhPcw94JrUHHDilzyqasPGAVhsglgcl2zE
 Y4tPTgyw2vpOsUkr1cP194CuLVi62LxZBbbe50X7t8JEBCxS8K52+kyN66Fq7XVE9ftD
 86x8FQobA5I5AVru3azAZbFS/QualAmRgMa3bw7B6EjVMfBXGErGeP32L9PTYvdGJX/P
 ONzA==
X-Gm-Message-State: AOJu0YwRAtHLsa3x+qVKa9a2Q43oSqR4rOwgH7kolIIZpDJpb9z7ysqb
 cDzhYJvXoSqJls57vryr5iBpSMMZyEwCELTkzcmDlVKw0Vsmch1V9jwpwgavO/lxPQSMVZpgnHE
 k6x8JCHbxQUKzFzF8qezCWhY+O5DJu+JQ1p8EnJayqv/VukrKdgiSwVbP
X-Google-Smtp-Source: AGHT+IF8/zAF8TgA3dxxNsjZZvZR0rhbbPUkHeAolA60jEjqsSXKBEpolH3RPHGXYFVwT73hi4ctm4zdtUuo
X-Received: by 2002:a05:622a:5cc:b0:43a:ffb9:e7e0 with SMTP id
 d12-20020a05622a05cc00b0043affb9e7e0mr3068343qtb.38.1714423906292; 
 Mon, 29 Apr 2024 13:51:46 -0700 (PDT)
Received: from postal.iol.unh.edu (postal.iol.unh.edu.
 [2606:4100:3880:1234::84]) by smtp-relay.gmail.com with ESMTPS id
 g12-20020ac87f4c000000b0043b06b7fd64sm258518qtk.9.2024.04.29.13.51.46
 (version=TLS1_2 cipher=ECDHE-ECDSA-AES128-GCM-SHA256 bits=128/128);
 Mon, 29 Apr 2024 13:51:46 -0700 (PDT)
X-Relaying-Domain: iol.unh.edu
Date: Mon, 29 Apr 2024 13:51:46 -0700 (PDT)
Message-ID: <66300862.c80a0220.523ab.7b5fSMTPIN_ADDED_MISSING@mx.google.com>
Received: from [172.21.0.6] (unknown [172.18.0.240])
 by postal.iol.unh.edu (Postfix) with ESMTP id E9EB8604D420;
 Mon, 29 Apr 2024 16:51:45 -0400 (EDT)
Subject: |FAILURE| pw139725 [PATCH] [RFC] eal: make lcore_init aware of cgrou
From: dpdklab@iol.unh.edu
To: Test Report <test-report@dpdk.org>
Cc: dpdk-test-reports@iol.unh.edu,
 Stephen Hemminger <stephen@networkplumber.org>
In-Reply-To: <20240429195342.42711-1-stephen@networkplumber.org>
References: <20240429195342.42711-1-stephen@networkplumber.org>
Content-Type: text/plain
X-BeenThere: test-report@dpdk.org
X-Mailman-Version: 2.1.29
Precedence: list
List-Id: automatic DPDK test reports <test-report.dpdk.org>
List-Unsubscribe: <https://mails.dpdk.org/options/test-report>,
 <mailto:test-report-request@dpdk.org?subject=unsubscribe>
List-Archive: <http://mails.dpdk.org/archives/test-report/>
List-Post: <mailto:test-report@dpdk.org>
List-Help: <mailto:test-report-request@dpdk.org?subject=help>
List-Subscribe: <https://mails.dpdk.org/listinfo/test-report>,
 <mailto:test-report-request@dpdk.org?subject=subscribe>
Errors-To: test-report-bounces@dpdk.org

Test-Label: iol-unit-arm64-testing
Test-Status: FAILURE
http://dpdk.org/patch/139725

_Testing issues_

Submitter: Stephen Hemminger <stephen@networkplumber.org>
Date: Monday, April 29 2024 19:52:25 
DPDK git baseline: Repo:dpdk
  Branch: master
  CommitID:7e06c0de1952d3109a5b0c4779d7e7d8059c9d78

139725 --> testing fail

Test environment and result as below:

+--------------------------+----------------+---------------------------+------------------------------+
|       Environment        | dpdk_unit_test | cryptodev_sw_zuc_autotest | cryptodev_sw_snow3g_autotest |
+==========================+================+===========================+==============================+
| Debian 12 (arm)          | FAIL           | PASS                      | PASS                         |
+--------------------------+----------------+---------------------------+------------------------------+
| Fedora 37 (ARM)          | FAIL           | SKIPPED                   | SKIPPED                      |
+--------------------------+----------------+---------------------------+------------------------------+
| CentOS Stream 9 (ARM)    | FAIL           | SKIPPED                   | SKIPPED                      |
+--------------------------+----------------+---------------------------+------------------------------+
| Debian 11 (Buster) (ARM) | FAIL           | SKIPPED                   | SKIPPED                      |
+--------------------------+----------------+---------------------------+------------------------------+
| Fedora 38 (ARM)          | FAIL           | SKIPPED                   | SKIPPED                      |
+--------------------------+----------------+---------------------------+------------------------------+
| Fedora 39 (ARM)          | FAIL           | SKIPPED                   | SKIPPED                      |
+--------------------------+----------------+---------------------------+------------------------------+
| Ubuntu 20.04 (ARM)       | FAIL           | SKIPPED                   | SKIPPED                      |
+--------------------------+----------------+---------------------------+------------------------------+

==== 20 line log output for Ubuntu 20.04 (ARM) (dpdk_unit_test): ====

Debian 12 (arm)
	Kernel: Container Host Kernel
	Compiler: gcc 12.2.0

Fedora 37 (ARM)
	Kernel: Depends on container host
	Compiler: gcc 12.3.1

CentOS Stream 9 (ARM)
	Kernel: Container Host Kernel
	Compiler: gcc 11.4.1

Debian 11 (Buster) (ARM)
	Kernel: Container Host Kernel
	Compiler: gcc 10.2.1

Fedora 38 (ARM)
	Kernel: Depends on container host
	Compiler: gcc 13.2.1

Fedora 39 (ARM)
	Kernel: Depends on container host
	Compiler: gcc 13.2.1

Ubuntu 20.04 (ARM)
	Kernel: Container Host Kernel
	Compiler: gcc 9.4.0

To view detailed results, visit:
https://lab.dpdk.org/results/dashboard/patchsets/29875/

UNH-IOL DPDK Community Lab

To manage your email subscriptions, visit: 
https://lab.dpdk.org/results/dashboard/preferences/subscriptions/