From mboxrd@z Thu Jan  1 00:00:00 1970
Return-Path: <test-report-bounces@dpdk.org>
Received: from mails.dpdk.org (mails.dpdk.org [217.70.189.124])
	by inbox.dpdk.org (Postfix) with ESMTP id BA5A543F4C
	for <public@inbox.dpdk.org>; Mon, 29 Apr 2024 22:59:34 +0200 (CEST)
Received: from mails.dpdk.org (localhost [127.0.0.1])
	by mails.dpdk.org (Postfix) with ESMTP id B609B402A3;
	Mon, 29 Apr 2024 22:59:34 +0200 (CEST)
Received: from mail-qt1-f227.google.com (mail-qt1-f227.google.com
 [209.85.160.227])
 by mails.dpdk.org (Postfix) with ESMTP id 097E74029C
 for <test-report@dpdk.org>; Mon, 29 Apr 2024 22:59:34 +0200 (CEST)
Received: by mail-qt1-f227.google.com with SMTP id
 d75a77b69052e-43716ff5494so53907671cf.0
 for <test-report@dpdk.org>; Mon, 29 Apr 2024 13:59:33 -0700 (PDT)
DKIM-Signature: v=1; a=rsa-sha256; c=relaxed/relaxed;
 d=iol.unh.edu; s=unh-iol; t=1714424373; x=1715029173; darn=dpdk.org;
 h=references:in-reply-to:cc:to:from:subject:message-id:date:from:to
 :cc:subject:date:message-id:reply-to;
 bh=7iulHU9p7gVIKKsu7XuZil17mCER+aGUbYzCPQvfE2s=;
 b=VItOzZ1SvLqMFfvUb6vYTLCrZMuAvCS2MqfikELEn/hvLF6LQUkpg3NIPx1v0JXOGU
 3kGUv8gSJegLK6lYvPKYe0AY7D89m2ncvyGCzuZJPG2AZ47Joc8Dl6dBDbEwm6MuHanl
 bY3djhJlizWHli4tkbxmi/oTYZkbwvWk4UUUQ=
X-Google-DKIM-Signature: v=1; a=rsa-sha256; c=relaxed/relaxed;
 d=1e100.net; s=20230601; t=1714424373; x=1715029173;
 h=references:in-reply-to:cc:to:from:subject:message-id:date
 :x-gm-message-state:from:to:cc:subject:date:message-id:reply-to;
 bh=7iulHU9p7gVIKKsu7XuZil17mCER+aGUbYzCPQvfE2s=;
 b=nyTKM8APVjiC9zWn55QBQtqDmMDGu0DYUxVHOQNfe8YhaKkSm8mtd8obpY4mYKGrFk
 76HlqT3+oBhZxvvb5Q7G10ebLguFpWPbv1xDXq9TIFbm2k1KouczrqT3is2WmegQogha
 eEIbz+FnnOO4AqpAzx8LDQtxuf0lZ5i5LQXNzZa/fgjueCO23v8ENQKcluO7HXAYNsfJ
 uG/nA/lh44dJx6uHVJAU2otUzTLg/9H4Mc3f+UwNfK1Q1M6oMyJEu3odFp+9jeoUtWjZ
 Wu5CL2cvOelcPJFIXfFJK7TQIGa+ZMgIAuBjw2e8HISXSmK/TFt7nRsDqXxKW5MpjV0n
 gfoQ==
X-Gm-Message-State: AOJu0YxxqIs6sih9dX8FhyPW1ruQViLBkS1iDFAz/1ml81aIO5e7jQP9
 Fa/QgDEOW/3Ka7IUkQsxkKwWyF8FojQKIcKdeDp8huXQNEKouNZSfbwYnhp5Cmt9LTkqVaeATvk
 5JaUR+X02ZiA/+ADz1VL+2oR5qVbZvLH2HfqqpfsXeqwxFQwDAO9LhkSb
X-Google-Smtp-Source: AGHT+IFjcdNWJoWHOMa1v26bA1nzTo79tS+dllUXGsF+xs1PLCLqtt4AhvZ9V5qijO8gCL+RYRfX+h/V7T7A
X-Received: by 2002:a05:6214:5099:b0:696:4086:5e1 with SMTP id
 kk25-20020a056214509900b00696408605e1mr1655538qvb.2.1714424373389; 
 Mon, 29 Apr 2024 13:59:33 -0700 (PDT)
Received: from postal.iol.unh.edu (postal.iol.unh.edu.
 [2606:4100:3880:1234::84]) by smtp-relay.gmail.com with ESMTPS id
 e17-20020a056214111100b006a0d69e6f0asm227817qvs.31.2024.04.29.13.59.33
 (version=TLS1_2 cipher=ECDHE-ECDSA-AES128-GCM-SHA256 bits=128/128);
 Mon, 29 Apr 2024 13:59:33 -0700 (PDT)
X-Relaying-Domain: iol.unh.edu
Date: Mon, 29 Apr 2024 13:59:33 -0700 (PDT)
Message-ID: <66300a35.050a0220.c624b.5fceSMTPIN_ADDED_MISSING@mx.google.com>
Received: from [172.17.0.3] (unknown [172.18.0.217])
 by postal.iol.unh.edu (Postfix) with ESMTP id 181D3604D420;
 Mon, 29 Apr 2024 16:59:33 -0400 (EDT)
Subject: |FAILURE| pw139725 [PATCH] [RFC] eal: make lcore_init aware of cgrou
From: dpdklab@iol.unh.edu
To: Test Report <test-report@dpdk.org>
Cc: dpdk-test-reports@iol.unh.edu,
 Stephen Hemminger <stephen@networkplumber.org>
In-Reply-To: <20240429195342.42711-1-stephen@networkplumber.org>
References: <20240429195342.42711-1-stephen@networkplumber.org>
Content-Type: text/plain
X-BeenThere: test-report@dpdk.org
X-Mailman-Version: 2.1.29
Precedence: list
List-Id: automatic DPDK test reports <test-report.dpdk.org>
List-Unsubscribe: <https://mails.dpdk.org/options/test-report>,
 <mailto:test-report-request@dpdk.org?subject=unsubscribe>
List-Archive: <http://mails.dpdk.org/archives/test-report/>
List-Post: <mailto:test-report@dpdk.org>
List-Help: <mailto:test-report-request@dpdk.org?subject=help>
List-Subscribe: <https://mails.dpdk.org/listinfo/test-report>,
 <mailto:test-report-request@dpdk.org?subject=subscribe>
Errors-To: test-report-bounces@dpdk.org

Test-Label: iol-unit-amd64-testing
Test-Status: FAILURE
http://dpdk.org/patch/139725

_Testing issues_

Submitter: Stephen Hemminger <stephen@networkplumber.org>
Date: Monday, April 29 2024 19:52:25 
DPDK git baseline: Repo:dpdk
  Branch: master
  CommitID:7e06c0de1952d3109a5b0c4779d7e7d8059c9d78

139725 --> testing fail

Test environment and result as below:

+---------------------+----------------+
|     Environment     | dpdk_unit_test |
+=====================+================+
| CentOS Stream 8     | FAIL           |
+---------------------+----------------+
| CentOS Stream 9     | FAIL           |
+---------------------+----------------+
| Debian Bullseye     | FAIL           |
+---------------------+----------------+
| Fedora 38           | FAIL           |
+---------------------+----------------+
| Windows Server 2019 | PASS           |
+---------------------+----------------+
| Fedora 37           | FAIL           |
+---------------------+----------------+
| Debian 12           | FAIL           |
+---------------------+----------------+
| Fedora 39           | FAIL           |
+---------------------+----------------+

==== 20 line log output for Fedora 39 (dpdk_unit_test): ====

CentOS Stream 8
	Kernel: 5.4.0-167-generic
	Compiler: gcc 8.5.0 20210514

CentOS Stream 9
	Kernel: 5.4.0-167-generic
	Compiler: gcc 11.4.1 20230605

Debian Bullseye
	Kernel: 5.4.0-167-generic
	Compiler: gcc 10.2.1-6

Fedora 38
	Kernel: Depends on container host
	Compiler: gcc 13.2.1

Windows Server 2019
	Kernel: 10.0.17763
	Compiler: clang 14.0 and gcc 8.1.0 (MinGW)

Fedora 37
	Kernel: Depends on container host system
	Compiler: gcc 12.3.1

Debian 12
	Kernel: Container Host Kernel
	Compiler: gcc 10.2.1

Fedora 39
	Kernel: Depends on container host
	Compiler: gcc 13.2.1

To view detailed results, visit:
https://lab.dpdk.org/results/dashboard/patchsets/29875/

UNH-IOL DPDK Community Lab

To manage your email subscriptions, visit: 
https://lab.dpdk.org/results/dashboard/preferences/subscriptions/