From mboxrd@z Thu Jan  1 00:00:00 1970
Return-Path: <test-report-bounces@dpdk.org>
Received: from mails.dpdk.org (mails.dpdk.org [217.70.189.124])
	by inbox.dpdk.org (Postfix) with ESMTP id 5BAAC43F54
	for <public@inbox.dpdk.org>; Tue, 30 Apr 2024 15:52:31 +0200 (CEST)
Received: from mails.dpdk.org (localhost [127.0.0.1])
	by mails.dpdk.org (Postfix) with ESMTP id 5760F402AD;
	Tue, 30 Apr 2024 15:52:31 +0200 (CEST)
Received: from mail-io1-f100.google.com (mail-io1-f100.google.com
 [209.85.166.100])
 by mails.dpdk.org (Postfix) with ESMTP id 8483F400EF
 for <test-report@dpdk.org>; Tue, 30 Apr 2024 15:52:29 +0200 (CEST)
Received: by mail-io1-f100.google.com with SMTP id
 ca18e2360f4ac-7ded607b62bso50088239f.0
 for <test-report@dpdk.org>; Tue, 30 Apr 2024 06:52:29 -0700 (PDT)
DKIM-Signature: v=1; a=rsa-sha256; c=relaxed/relaxed;
 d=iol.unh.edu; s=unh-iol; t=1714485149; x=1715089949; darn=dpdk.org;
 h=references:in-reply-to:cc:to:from:subject:message-id:date:from:to
 :cc:subject:date:message-id:reply-to;
 bh=dvye2rhUQ6bvIwr5eiy+ylwEkf1+6lKt72Hjr+yNH3c=;
 b=emGA/Cb8wXfw4/Wy01sWFct0u/0nh4ibGfabo6wdooD8PD0G+xE6L9lIwVo1W4c2eg
 h3f5mAyyNGSrtSHk2oOQVR01ng/v8AqP4kiEquq8hQ9JDf/qfvoMcuyjZ+o5GhLyalH7
 Hs/uDYFj07QGB+1I5qNXb+10Xl+ZkbUEI3Egs=
X-Google-DKIM-Signature: v=1; a=rsa-sha256; c=relaxed/relaxed;
 d=1e100.net; s=20230601; t=1714485149; x=1715089949;
 h=references:in-reply-to:cc:to:from:subject:message-id:date
 :x-gm-message-state:from:to:cc:subject:date:message-id:reply-to;
 bh=dvye2rhUQ6bvIwr5eiy+ylwEkf1+6lKt72Hjr+yNH3c=;
 b=QXaDMWwLFwLOqkN+x7TTcmszIllhYLRGMJs+LILiZY9Fzeb50lOISzakgpGf3vpuHT
 h3FkGqeof77XWZG9dUuDHWbR6ojWZldk1TzqcCtmAjIWBgPikO+0ObsVVjBWT1TOY+zK
 YSt6u4jxQ9IAQh3KIqJxjujmEnHZmpljJ55WyBgZv22Yoxv+++VKe2qBokY89kp3GM7F
 BeJnKneIsBVPOvEJsK5ooxbWN46770DOayN4JXL7OCnrmT/ApuhrCwSO5Yu4v+0XjuTJ
 DeFOinU9OHJP8zHesX08H3K5rMz0HrfvWYl9XVOEk6qGA/QSkIE5iYiwGPlqEhtu1Zx7
 wBmA==
X-Gm-Message-State: AOJu0Yy+/5tthnNEzlZXsivZXiKnfjxmnwnenU0JCbZDRaUxmtezT8PE
 lQxllU8xREG9ersmw0otstYH2/QV9JMlTao2SqYgUnBsn1RnYnn/TMqVdggK3uyEwV+FEeavtiD
 H1ZNgwyF2a/Q/onnMaMqk+mQwZTYD0Wh44O8PF+r2
X-Google-Smtp-Source: AGHT+IHc12CisMWublX6n8q+SXx5o9NzNc6gfV0wP0R9HJif2PTyLxjy4255IfWWXiq/IEwNXqZS3JlQhW+J
X-Received: by 2002:a05:6e02:1fc8:b0:36c:a14:ad3c with SMTP id
 dj8-20020a056e021fc800b0036c0a14ad3cmr2609660ilb.2.1714485148954; 
 Tue, 30 Apr 2024 06:52:28 -0700 (PDT)
Received: from postal.iol.unh.edu (postal.iol.unh.edu. [132.177.123.84])
 by smtp-relay.gmail.com with ESMTPS id
 ht5-20020a0566386bc500b0048787fe9ad1sm791864jab.8.2024.04.30.06.52.28
 (version=TLS1_2 cipher=ECDHE-ECDSA-AES128-GCM-SHA256 bits=128/128);
 Tue, 30 Apr 2024 06:52:28 -0700 (PDT)
X-Relaying-Domain: iol.unh.edu
Date: Tue, 30 Apr 2024 06:52:28 -0700 (PDT)
Message-ID: <6630f79c.050a0220.24fb9.aefeSMTPIN_ADDED_MISSING@mx.google.com>
Received: from [172.17.0.4] (unknown [172.18.0.217])
 by postal.iol.unh.edu (Postfix) with ESMTP id 6E343604D420;
 Tue, 30 Apr 2024 09:52:28 -0400 (EDT)
Subject: |FAILURE| pw139737-139738 [PATCH] [RFC,v5,6/6] eal: add unit tests f
From: dpdklab@iol.unh.edu
To: Test Report <test-report@dpdk.org>
Cc: dpdk-test-reports@iol.unh.edu,
 Mattias Ronnblom <mattias.ronnblom@ericsson.com>
In-Reply-To: <20240430120810.108928-7-mattias.ronnblom@ericsson.com>
References: <20240430120810.108928-7-mattias.ronnblom@ericsson.com>
Content-Type: text/plain
X-BeenThere: test-report@dpdk.org
X-Mailman-Version: 2.1.29
Precedence: list
List-Id: automatic DPDK test reports <test-report.dpdk.org>
List-Unsubscribe: <https://mails.dpdk.org/options/test-report>,
 <mailto:test-report-request@dpdk.org?subject=unsubscribe>
List-Archive: <http://mails.dpdk.org/archives/test-report/>
List-Post: <mailto:test-report@dpdk.org>
List-Help: <mailto:test-report-request@dpdk.org?subject=help>
List-Subscribe: <https://mails.dpdk.org/listinfo/test-report>,
 <mailto:test-report-request@dpdk.org?subject=subscribe>
Errors-To: test-report-bounces@dpdk.org

Test-Label: iol-unit-amd64-testing
Test-Status: FAILURE
http://dpdk.org/patch/139738

_Testing issues_

Submitter: Mattias Ronnblom <mattias.ronnblom@ericsson.com>
Date: Tuesday, April 30 2024 12:08:10 
DPDK git baseline: Repo:dpdk
  Branch: master
  CommitID:7e06c0de1952d3109a5b0c4779d7e7d8059c9d78

139737-139738 --> testing fail

Test environment and result as below:

+---------------------+----------------+
|     Environment     | dpdk_unit_test |
+=====================+================+
| Windows Server 2019 | PASS           |
+---------------------+----------------+
| Windows Server 2022 | PASS           |
+---------------------+----------------+
| CentOS Stream 8     | PASS           |
+---------------------+----------------+
| Debian Bullseye     | PASS           |
+---------------------+----------------+
| CentOS Stream 9     | PASS           |
+---------------------+----------------+
| Debian 12           | FAIL           |
+---------------------+----------------+
| Fedora 39           | PASS           |
+---------------------+----------------+
| Fedora 38           | FAIL           |
+---------------------+----------------+
| Fedora 37           | FAIL           |
+---------------------+----------------+
| Ubuntu 22.04        | PASS           |
+---------------------+----------------+

==== 20 line log output for Fedora 37 (dpdk_unit_test): ====

Windows Server 2019
	Kernel: 10.0.17763
	Compiler: clang 14.0 and gcc 8.1.0 (MinGW)

Windows Server 2022
	Kernel: 10.0.20348.2031
	Compiler: clang 15.0.7, gcc 8.1.0 (MinGW), and MSVC VS 17.9

CentOS Stream 8
	Kernel: 5.4.0-167-generic
	Compiler: gcc 8.5.0 20210514

Debian Bullseye
	Kernel: 5.4.0-167-generic
	Compiler: gcc 10.2.1-6

CentOS Stream 9
	Kernel: 5.4.0-167-generic
	Compiler: gcc 11.4.1 20230605

Debian 12
	Kernel: Container Host Kernel
	Compiler: gcc 10.2.1

Fedora 39
	Kernel: Depends on container host
	Compiler: clang 17.0.6

Fedora 38
	Kernel: Depends on container host
	Compiler: clang 16.0.6

Fedora 37
	Kernel: Depends on container host system
	Compiler: gcc 12.3.1

Ubuntu 22.04
	Kernel: 5.4.0-167-generic
	Compiler: gcc 11.4.0

To view detailed results, visit:
https://lab.dpdk.org/results/dashboard/patchsets/29878/

UNH-IOL DPDK Community Lab

To manage your email subscriptions, visit: 
https://lab.dpdk.org/results/dashboard/preferences/subscriptions/