From mboxrd@z Thu Jan  1 00:00:00 1970
Return-Path: <test-report-bounces@dpdk.org>
Received: from mails.dpdk.org (mails.dpdk.org [217.70.189.124])
	by inbox.dpdk.org (Postfix) with ESMTP id D283B43F05
	for <public@inbox.dpdk.org>; Tue, 30 Apr 2024 18:59:15 +0200 (CEST)
Received: from mails.dpdk.org (localhost [127.0.0.1])
	by mails.dpdk.org (Postfix) with ESMTP id CDABC4025C;
	Tue, 30 Apr 2024 18:59:15 +0200 (CEST)
Received: from mail-qv1-f97.google.com (mail-qv1-f97.google.com
 [209.85.219.97]) by mails.dpdk.org (Postfix) with ESMTP id 6DA89400EF
 for <test-report@dpdk.org>; Tue, 30 Apr 2024 18:59:02 +0200 (CEST)
Received: by mail-qv1-f97.google.com with SMTP id
 6a1803df08f44-6a0ce3e823fso11835576d6.1
 for <test-report@dpdk.org>; Tue, 30 Apr 2024 09:59:02 -0700 (PDT)
DKIM-Signature: v=1; a=rsa-sha256; c=relaxed/relaxed;
 d=iol.unh.edu; s=unh-iol; t=1714496342; x=1715101142; darn=dpdk.org;
 h=references:in-reply-to:cc:to:from:subject:message-id:date:from:to
 :cc:subject:date:message-id:reply-to;
 bh=gfeekbCcAf9MeZ7k1iD+6k0x+K+f+LtLwN02pRZF9FM=;
 b=FbKIhvYb7Iki7Ry0KGfYncdN3w52F0btY1QuXM2QVRf1LUbOFx+hPwROrA35hDQD45
 c+ldnH7o1GuTXXRsYBmRxHUF3yHZK4iNsHQMKEMpV3/PR5lSQB2mHal8/UxOYX2syY5I
 up7IVaUZSMpX16nWlrjBmf480/b6rFBRPJzPI=
X-Google-DKIM-Signature: v=1; a=rsa-sha256; c=relaxed/relaxed;
 d=1e100.net; s=20230601; t=1714496342; x=1715101142;
 h=references:in-reply-to:cc:to:from:subject:message-id:date
 :x-gm-message-state:from:to:cc:subject:date:message-id:reply-to;
 bh=gfeekbCcAf9MeZ7k1iD+6k0x+K+f+LtLwN02pRZF9FM=;
 b=PrmP/eaFuBt8eI4IBYtDuvXo+cIzIQLtoTjl6HOsveeahM4X88Zqgc4GOkwo8/4Ws4
 zAu/0smmia3OMLyueNZi31VPHTu+HetZjy8lce67VZaxg84c9cKstOaJPuPco/e2cCrb
 lHYHVqMHfC4cubtbNHiXXSoCGl55WayXDOCNvGxvlxzX8jtmVWjpErqhVFQDdOP1S+CX
 t3ccgtImxnfEWtCAWRrjOYiV0lq9qGvC/Vup8zavqOoMMyIlHFSTdOwIf0ejHcP3oNcZ
 YR8tzJk2GZyrMnVyYdLq5sFKo653ijJYbUcLHxc/Dw7DYFAj+3zDg0p/9aG7BZXObF7s
 dTHA==
X-Gm-Message-State: AOJu0YwOHgLz8+YLQfLdw1w1Vigc2UCI2n+zK6zZ16dbmN2ROWVScDZx
 5CjvvkYwc1sgV0Y9dZ8dWfQrBEXrxmy07VEQTFQZUeroJfFl50fKQv3i7wwZKXXO6BVzlkHD5GO
 xcrbpL+loSxQN5aaO3Yn4zFJiIrXa0WG4YJF2emf8JxoWunKf/Pt0Z+6k
X-Google-Smtp-Source: AGHT+IHPrOq1RRknYHo0ew/A4/tiC+B+8yErNrXMivMgNbpy/JLmYXl7r5VRwhDcvz9dDboMsaIi9oKI/Ryf
X-Received: by 2002:ad4:5c84:0:b0:6a0:69ef:a264 with SMTP id
 o4-20020ad45c84000000b006a069efa264mr18392771qvh.23.1714496341803; 
 Tue, 30 Apr 2024 09:59:01 -0700 (PDT)
Received: from postal.iol.unh.edu (postal.iol.unh.edu.
 [2606:4100:3880:1234::84]) by smtp-relay.gmail.com with ESMTPS id
 fv15-20020a056214240f00b0069b182bb9e5sm2317478qvb.39.2024.04.30.09.59.01
 (version=TLS1_2 cipher=ECDHE-ECDSA-AES128-GCM-SHA256 bits=128/128);
 Tue, 30 Apr 2024 09:59:01 -0700 (PDT)
X-Relaying-Domain: iol.unh.edu
Date: Tue, 30 Apr 2024 09:59:01 -0700 (PDT)
Message-ID: <66312355.050a0220.39408.5873SMTPIN_ADDED_MISSING@mx.google.com>
Received: from [172.21.0.6] (unknown [172.18.0.240])
 by postal.iol.unh.edu (Postfix) with ESMTP id 7FAA8604D420;
 Tue, 30 Apr 2024 12:59:01 -0400 (EDT)
Subject: |FAILURE| pw139740 [PATCH] net/af_packet: fix statistics
From: dpdklab@iol.unh.edu
To: Test Report <test-report@dpdk.org>
Cc: dpdk-test-reports@iol.unh.edu,
 Stephen Hemminger <stephen@networkplumber.org>
In-Reply-To: <20240430154129.7347-1-stephen@networkplumber.org>
References: <20240430154129.7347-1-stephen@networkplumber.org>
Content-Type: text/plain
X-BeenThere: test-report@dpdk.org
X-Mailman-Version: 2.1.29
Precedence: list
List-Id: automatic DPDK test reports <test-report.dpdk.org>
List-Unsubscribe: <https://mails.dpdk.org/options/test-report>,
 <mailto:test-report-request@dpdk.org?subject=unsubscribe>
List-Archive: <http://mails.dpdk.org/archives/test-report/>
List-Post: <mailto:test-report@dpdk.org>
List-Help: <mailto:test-report-request@dpdk.org?subject=help>
List-Subscribe: <https://mails.dpdk.org/listinfo/test-report>,
 <mailto:test-report-request@dpdk.org?subject=subscribe>
Errors-To: test-report-bounces@dpdk.org

Test-Label: iol-unit-arm64-testing
Test-Status: FAILURE
http://dpdk.org/patch/139740

_Testing issues_

Submitter: Stephen Hemminger <stephen@networkplumber.org>
Date: Tuesday, April 30 2024 15:39:46 
DPDK git baseline: Repo:dpdk
  Branch: master
  CommitID:70fef0ac8fa33eebc9c5c95844466544f35e35f9

139740 --> testing fail

Test environment and result as below:

+-----------------------------+------------------------------+---------------------------+--------------+----------------+
|         Environment         | cryptodev_sw_snow3g_autotest | cryptodev_sw_zuc_autotest | lpm_autotest | dpdk_unit_test |
+=============================+==============================+===========================+==============+================+
| Debian 12 (arm)             | PASS                         | PASS                      | SKIPPED      | PASS           |
+-----------------------------+------------------------------+---------------------------+--------------+----------------+
| Ubuntu 20.04 ARM SVE        | SKIPPED                      | SKIPPED                   | PASS         | SKIPPED        |
+-----------------------------+------------------------------+---------------------------+--------------+----------------+
| Debian 11 (Buster) (ARM)    | SKIPPED                      | SKIPPED                   | SKIPPED      | PASS           |
+-----------------------------+------------------------------+---------------------------+--------------+----------------+
| Fedora 38 (ARM)             | SKIPPED                      | SKIPPED                   | SKIPPED      | PASS           |
+-----------------------------+------------------------------+---------------------------+--------------+----------------+
| CentOS Stream 9 (ARM)       | SKIPPED                      | SKIPPED                   | SKIPPED      | FAIL           |
+-----------------------------+------------------------------+---------------------------+--------------+----------------+
| Fedora 37 (ARM)             | SKIPPED                      | SKIPPED                   | SKIPPED      | PASS           |
+-----------------------------+------------------------------+---------------------------+--------------+----------------+
| 32-bit Ubuntu 20.04.4 (ARM) | SKIPPED                      | SKIPPED                   | SKIPPED      | PASS           |
+-----------------------------+------------------------------+---------------------------+--------------+----------------+
| Ubuntu 20.04 (ARM)          | SKIPPED                      | SKIPPED                   | SKIPPED      | PASS           |
+-----------------------------+------------------------------+---------------------------+--------------+----------------+
| Fedora 39 (ARM)             | SKIPPED                      | SKIPPED                   | SKIPPED      | PASS           |
+-----------------------------+------------------------------+---------------------------+--------------+----------------+

==== 20 line log output for CentOS Stream 9 (ARM) (dpdk_unit_test): ====

Debian 12 (arm)
	Kernel: Container Host Kernel
	Compiler: gcc 12.2.0

Ubuntu 20.04 ARM SVE
	Kernel: 5.4.0-167-generic
	Compiler: gcc (Ubuntu 10.5.0-1ubuntu1~20.04) 10.5.0

Debian 11 (Buster) (ARM)
	Kernel: Container Host Kernel
	Compiler: gcc 10.2.1

Fedora 38 (ARM)
	Kernel: Depends on container host
	Compiler: gcc 13.2.1

CentOS Stream 9 (ARM)
	Kernel: Container Host Kernel
	Compiler: gcc 11.4.1

Fedora 37 (ARM)
	Kernel: Depends on container host
	Compiler: gcc 12.3.1

32-bit Ubuntu 20.04.4 (ARM)
	Kernel: 5.4.0-155-generic aarch64
	Compiler: gcc 9.4

Ubuntu 20.04 (ARM)
	Kernel: Container Host Kernel
	Compiler: gcc 9.4.0

Fedora 39 (ARM)
	Kernel: Depends on container host
	Compiler: gcc 13.2.1

To view detailed results, visit:
https://lab.dpdk.org/results/dashboard/patchsets/29879/

UNH-IOL DPDK Community Lab

To manage your email subscriptions, visit: 
https://lab.dpdk.org/results/dashboard/preferences/subscriptions/