From mboxrd@z Thu Jan  1 00:00:00 1970
Return-Path: <test-report-bounces@dpdk.org>
Received: from mails.dpdk.org (mails.dpdk.org [217.70.189.124])
	by inbox.dpdk.org (Postfix) with ESMTP id 6A88243F5C
	for <public@inbox.dpdk.org>; Wed,  1 May 2024 10:48:06 +0200 (CEST)
Received: from mails.dpdk.org (localhost [127.0.0.1])
	by mails.dpdk.org (Postfix) with ESMTP id 65DCB402A7;
	Wed,  1 May 2024 10:48:06 +0200 (CEST)
Received: from mail-yw1-f225.google.com (mail-yw1-f225.google.com
 [209.85.128.225])
 by mails.dpdk.org (Postfix) with ESMTP id 7C56B4021E
 for <test-report@dpdk.org>; Wed,  1 May 2024 10:48:05 +0200 (CEST)
Received: by mail-yw1-f225.google.com with SMTP id
 00721157ae682-61ac183ee82so4304517b3.1
 for <test-report@dpdk.org>; Wed, 01 May 2024 01:48:05 -0700 (PDT)
DKIM-Signature: v=1; a=rsa-sha256; c=relaxed/relaxed;
 d=iol.unh.edu; s=unh-iol; t=1714553285; x=1715158085; darn=dpdk.org;
 h=references:in-reply-to:cc:to:from:subject:message-id:date:from:to
 :cc:subject:date:message-id:reply-to;
 bh=JJ32ku1ThwIKR1/9rkQdt0sct4Dm2CN0tBvT/4a0UeM=;
 b=DEaDX4Cz6GG2deKvhksfuNWi13HXClT9+Gl7q5voSHCHCAtLdsoyEI0kitG9u8IsIL
 ZY+j9F4dq6dvTS4DHAADm8Mh96QUVYeqtLecm4ifejB4CNNtf5Z0/BmY10WYomI7LQcI
 gJixHXZiboBQNZzBa2067otzxUdQc5qlsmAm0=
X-Google-DKIM-Signature: v=1; a=rsa-sha256; c=relaxed/relaxed;
 d=1e100.net; s=20230601; t=1714553285; x=1715158085;
 h=references:in-reply-to:cc:to:from:subject:message-id:date
 :x-gm-message-state:from:to:cc:subject:date:message-id:reply-to;
 bh=JJ32ku1ThwIKR1/9rkQdt0sct4Dm2CN0tBvT/4a0UeM=;
 b=lf223mHdtPjojg9aB55T0Xvkk+amgANQ7mfQP/UeuHH+a0lvu7O4pCdtpwp2TEB9lT
 KDrK+aafpeCfR9rWO3F6rO8j8C3ZhVYsD4h1VeDbQ6T8VFFQNXQkmFQX1v0AEXMd3hYv
 oNg5adCxdSJfH2FLfxtfZ52oyWKysBOLtz9H9jTrdT2XoDPuTGda5erdbBfWRMtYcwSs
 aVKAiZKSQGd//0Gnunw/DhHzDKBg+ouYTer+PIwe8L6PWyH1OZH3qJrROaPOKmNKu7XT
 mVbVeVk7BVKipTKmL9ht1b8nKS+dhOcGUqZX0e5aYodPrIkKdf2/dTrF1aGa5HPpd2r8
 6IyA==
X-Gm-Message-State: AOJu0Yzgkv/O5cphsuF9L4KihMZl2EGoHkvSFcIoRy6P2ijlj0YNgneE
 SMf9LLY7TABcR5O6GppsOiDhsMlPL69by9S/wgUgfHONj5nT5mnY73s2Lvwg16VMnm/rS7XEa4D
 ljz/mWOgENUxdJGT1zpJJrFUt0Oe9hGUhJFtzfzr5jb1M14vGerWJvfmM
X-Google-Smtp-Source: AGHT+IFmQ2B28cLGiVfMKnqRL3zEaRWoQY1Kvz5WBKFpYjHSNE/VY8qEzRSO9oFMO+oMPuoRSvzjrKo4L1ff
X-Received: by 2002:a05:690c:6807:b0:61b:138c:5357 with SMTP id
 id7-20020a05690c680700b0061b138c5357mr1455036ywb.19.1714553284852; 
 Wed, 01 May 2024 01:48:04 -0700 (PDT)
Received: from postal.iol.unh.edu (postal.iol.unh.edu.
 [2606:4100:3880:1234::84]) by smtp-relay.gmail.com with ESMTPS id
 d66-20020a0ddb45000000b0061bec8d3b58sm231697ywe.23.2024.05.01.01.48.04
 (version=TLS1_2 cipher=ECDHE-ECDSA-AES128-GCM-SHA256 bits=128/128);
 Wed, 01 May 2024 01:48:04 -0700 (PDT)
X-Relaying-Domain: iol.unh.edu
Date: Wed, 01 May 2024 01:48:04 -0700 (PDT)
Message-ID: <663201c4.0d0a0220.56bce.b612SMTPIN_ADDED_MISSING@mx.google.com>
Received: from [172.21.0.7] (unknown [172.18.0.240])
 by postal.iol.unh.edu (Postfix) with ESMTP id 789406052514;
 Wed,  1 May 2024 04:48:04 -0400 (EDT)
Subject: |FAILURE| pw139759 [PATCH] [RFC] net/ice: Update base code with late
From: dpdklab@iol.unh.edu
To: Test Report <test-report@dpdk.org>
Cc: dpdk-test-reports@iol.unh.edu, Ian Stokes <ian.stokes@intel.com>
In-Reply-To: <20240430154014.1026-1-ian.stokes@intel.com>
References: <20240430154014.1026-1-ian.stokes@intel.com>
Content-Type: text/plain
X-BeenThere: test-report@dpdk.org
X-Mailman-Version: 2.1.29
Precedence: list
List-Id: automatic DPDK test reports <test-report.dpdk.org>
List-Unsubscribe: <https://mails.dpdk.org/options/test-report>,
 <mailto:test-report-request@dpdk.org?subject=unsubscribe>
List-Archive: <http://mails.dpdk.org/archives/test-report/>
List-Post: <mailto:test-report@dpdk.org>
List-Help: <mailto:test-report-request@dpdk.org?subject=help>
List-Subscribe: <https://mails.dpdk.org/listinfo/test-report>,
 <mailto:test-report-request@dpdk.org?subject=subscribe>
Errors-To: test-report-bounces@dpdk.org

Test-Label: iol-unit-amd64-testing
Test-Status: FAILURE
http://dpdk.org/patch/139759

_Testing issues_

Submitter: Ian Stokes <ian.stokes@intel.com>
Date: Tuesday, April 30 2024 15:40:14 
DPDK git baseline: Repo:dpdk
  Branch: master
  CommitID:7e06c0de1952d3109a5b0c4779d7e7d8059c9d78

139759 --> testing fail

Test environment and result as below:

+---------------------+----------------+
|     Environment     | dpdk_unit_test |
+=====================+================+
| CentOS Stream 8     | PASS           |
+---------------------+----------------+
| Debian 12           | FAIL           |
+---------------------+----------------+
| Fedora 39           | PASS           |
+---------------------+----------------+
| CentOS Stream 9     | PASS           |
+---------------------+----------------+
| Debian Bullseye     | PASS           |
+---------------------+----------------+
| Windows Server 2019 | FAIL           |
+---------------------+----------------+
| Fedora 38           | FAIL           |
+---------------------+----------------+
| openSUSE Leap 15    | PASS           |
+---------------------+----------------+
| RHEL8               | PASS           |
+---------------------+----------------+
| Ubuntu 20.04        | PASS           |
+---------------------+----------------+

==== 20 line log output for Fedora 38 (dpdk_unit_test): ====

CentOS Stream 8
	Kernel: 5.4.0-167-generic
	Compiler: gcc 8.5.0 20210514

Debian 12
	Kernel: Container Host Kernel
	Compiler: gcc 10.2.1

Fedora 39
	Kernel: Depends on container host
	Compiler: gcc 13.2.1

CentOS Stream 9
	Kernel: 5.4.0-167-generic
	Compiler: gcc 11.4.1 20230605

Debian Bullseye
	Kernel: 5.4.0-167-generic
	Compiler: gcc 10.2.1-6

Windows Server 2019
	Kernel: 10.0.17763
	Compiler: clang 14.0 and gcc 8.1.0 (MinGW)

Fedora 38
	Kernel: Depends on container host
	Compiler: gcc 13.2.1

openSUSE Leap 15
	Kernel: 5.4.0-167-generic
	Compiler: gcc 7.5.0

RHEL8
	Kernel: 5.4.0-167-generic
	Compiler: gcc 8.5.0 20210514 (Red Hat 8.5.0-20)

Ubuntu 20.04
	Kernel: 5.4.0-167-generic
	Compiler: gcc 9.4.0-1ubuntu1~20.04.1

To view detailed results, visit:
https://lab.dpdk.org/results/dashboard/patchsets/29886/

UNH-IOL DPDK Community Lab

To manage your email subscriptions, visit: 
https://lab.dpdk.org/results/dashboard/preferences/subscriptions/