From mboxrd@z Thu Jan  1 00:00:00 1970
Return-Path: <test-report-bounces@dpdk.org>
Received: from mails.dpdk.org (mails.dpdk.org [217.70.189.124])
	by inbox.dpdk.org (Postfix) with ESMTP id 9D83343F62
	for <public@inbox.dpdk.org>; Wed,  1 May 2024 22:14:17 +0200 (CEST)
Received: from mails.dpdk.org (localhost [127.0.0.1])
	by mails.dpdk.org (Postfix) with ESMTP id 98E544027F;
	Wed,  1 May 2024 22:14:17 +0200 (CEST)
Received: from mail-qt1-f226.google.com (mail-qt1-f226.google.com
 [209.85.160.226])
 by mails.dpdk.org (Postfix) with ESMTP id 7BBD94021E
 for <test-report@dpdk.org>; Wed,  1 May 2024 22:14:16 +0200 (CEST)
Received: by mail-qt1-f226.google.com with SMTP id
 d75a77b69052e-43969307359so45294111cf.2
 for <test-report@dpdk.org>; Wed, 01 May 2024 13:14:16 -0700 (PDT)
DKIM-Signature: v=1; a=rsa-sha256; c=relaxed/relaxed;
 d=iol.unh.edu; s=unh-iol; t=1714594456; x=1715199256; darn=dpdk.org;
 h=references:in-reply-to:cc:to:from:subject:message-id:date:from:to
 :cc:subject:date:message-id:reply-to;
 bh=I2ZcZpqScz3xkaNM2Jub7pCGsDr6kf06jgbfo6zb+q0=;
 b=HX/D88xerTGEOuZ3RURfHjAU/Zt3xWkcyj2z48k6jg/CpNXUW4ZG8r0CnqrIqGBXEP
 Hrq+d/J+ODwJMSsOgmh07glEn1mZ9atSwjgPExXYDdhu0+mTosxyUX3mUPAZPvNTFVfP
 tigHovSduizilCZUsHasHj7lNO6wgIIgf87pw=
X-Google-DKIM-Signature: v=1; a=rsa-sha256; c=relaxed/relaxed;
 d=1e100.net; s=20230601; t=1714594456; x=1715199256;
 h=references:in-reply-to:cc:to:from:subject:message-id:date
 :x-gm-message-state:from:to:cc:subject:date:message-id:reply-to;
 bh=I2ZcZpqScz3xkaNM2Jub7pCGsDr6kf06jgbfo6zb+q0=;
 b=THUiLE2Hs/27on2s3qoKmIVnghIUQS7wezFngUZiD6nGO8OW//AwQ47tdgyL2JMjUV
 nSJw5Fk8Xo7K6Y2xPJF3wofcWcvoB11t0nGaSdObtdh6PNSjIs1p2xriBohKI3lZL895
 chNv3oaf/tVGBlns+2MeepEWwc75doMPQ/VAIE4AYKg/cAeoYsI71CGhZyDPPDUEzaRC
 Qmo81ha/mTEs9O/JNF5e4vbjbPAo0ua+bPKNaRfpkhKvhjlVYC/Wc6gAa/5AHITxkWez
 q5yZL3Ua0Oxa2vEjWrdWsoWDfy3A7TF9LkjG5GCVvZxkpL05sQ9omynck8P0TB373lwh
 G0IQ==
X-Gm-Message-State: AOJu0YysQhJYox6dfhhR9jG9EZwJGiJng5GozmSzeCwyH4Nv24NEK2MR
 Kf0tjOMjHzvvppCYo6HDxGlCGPshr7a8Y+6/s3rz6GtDSYoI8f0UK/RoHeebeTd9YgZXR24Br9W
 3OGsBCZPXo+hcUKcRlSCeNiBlUbtjXQIDPqdu21Fk
X-Google-Smtp-Source: AGHT+IHp5K90HHrOM9lk+4CXZRxnCH4Vp2Jx15gjdlb3/ny4sDc2exMrevVLX2gvQJPq9fbS+f5MlR0d/hcU
X-Received: by 2002:ac8:5dca:0:b0:43a:dacc:7364 with SMTP id
 e10-20020ac85dca000000b0043adacc7364mr3890353qtx.23.1714594455848; 
 Wed, 01 May 2024 13:14:15 -0700 (PDT)
Received: from postal.iol.unh.edu (postal.iol.unh.edu. [132.177.123.84])
 by smtp-relay.gmail.com with ESMTPS id
 h13-20020ac87d4d000000b0043acfb0c2a8sm902145qtb.11.2024.05.01.13.14.15
 (version=TLS1_2 cipher=ECDHE-ECDSA-AES128-GCM-SHA256 bits=128/128);
 Wed, 01 May 2024 13:14:15 -0700 (PDT)
X-Relaying-Domain: iol.unh.edu
Date: Wed, 01 May 2024 13:14:15 -0700 (PDT)
Message-ID: <6632a297.c80a0220.dfd0d.eea4SMTPIN_ADDED_MISSING@mx.google.com>
Received: from [172.17.0.2] (unknown [172.18.0.217])
 by postal.iol.unh.edu (Postfix) with ESMTP id 8472E6052514;
 Wed,  1 May 2024 16:14:15 -0400 (EDT)
Subject: |FAILURE| pw139773 [PATCH] [v2] cmdline: increase input buffer size
From: dpdklab@iol.unh.edu
To: Test Report <test-report@dpdk.org>
Cc: dpdk-test-reports@iol.unh.edu, Gregory Etelson <getelson@nvidia.com>
In-Reply-To: <20240501171806.307533-1-getelson@nvidia.com>
References: <20240501171806.307533-1-getelson@nvidia.com>
Content-Type: text/plain
X-BeenThere: test-report@dpdk.org
X-Mailman-Version: 2.1.29
Precedence: list
List-Id: automatic DPDK test reports <test-report.dpdk.org>
List-Unsubscribe: <https://mails.dpdk.org/options/test-report>,
 <mailto:test-report-request@dpdk.org?subject=unsubscribe>
List-Archive: <http://mails.dpdk.org/archives/test-report/>
List-Post: <mailto:test-report@dpdk.org>
List-Help: <mailto:test-report-request@dpdk.org?subject=help>
List-Subscribe: <https://mails.dpdk.org/listinfo/test-report>,
 <mailto:test-report-request@dpdk.org?subject=subscribe>
Errors-To: test-report-bounces@dpdk.org

Test-Label: iol-unit-amd64-testing
Test-Status: FAILURE
http://dpdk.org/patch/139773

_Testing issues_

Submitter: Gregory Etelson <getelson@nvidia.com>
Date: Wednesday, May 01 2024 17:18:06 
DPDK git baseline: Repo:dpdk
  Branch: master
  CommitID:7e06c0de1952d3109a5b0c4779d7e7d8059c9d78

139773 --> testing fail

Test environment and result as below:

+---------------------+----------------+
|     Environment     | dpdk_unit_test |
+=====================+================+
| CentOS Stream 9     | PASS           |
+---------------------+----------------+
| Fedora 37           | PASS           |
+---------------------+----------------+
| Fedora 38           | PASS           |
+---------------------+----------------+
| Debian 12           | PASS           |
+---------------------+----------------+
| CentOS Stream 8     | PASS           |
+---------------------+----------------+
| RHEL8               | PASS           |
+---------------------+----------------+
| Debian Bullseye     | PASS           |
+---------------------+----------------+
| Windows Server 2019 | FAIL           |
+---------------------+----------------+
| Ubuntu 20.04        | PASS           |
+---------------------+----------------+
| Windows Server 2022 | FAIL           |
+---------------------+----------------+
| Ubuntu 22.04        | PASS           |
+---------------------+----------------+
| Fedora 39           | PASS           |
+---------------------+----------------+

==== 20 line log output for Windows Server 2022 (dpdk_unit_test): ====

CentOS Stream 9
	Kernel: 5.4.0-167-generic
	Compiler: gcc 11.4.1 20230605

Fedora 37
	Kernel: Depends on container host system
	Compiler: gcc 12.3.1

Fedora 38
	Kernel: Depends on container host
	Compiler: gcc 13.2.1

Debian 12
	Kernel: Container Host Kernel
	Compiler: gcc 10.2.1

CentOS Stream 8
	Kernel: 5.4.0-167-generic
	Compiler: gcc 8.5.0 20210514

RHEL8
	Kernel: 5.4.0-167-generic
	Compiler: gcc 8.5.0 20210514 (Red Hat 8.5.0-20)

Debian Bullseye
	Kernel: 5.4.0-167-generic
	Compiler: gcc 10.2.1-6

Windows Server 2019
	Kernel: 10.0.17763
	Compiler: clang 14.0 and gcc 8.1.0 (MinGW)

Ubuntu 20.04
	Kernel: 5.4.0-167-generic
	Compiler: gcc 9.4.0-1ubuntu1~20.04.1

Windows Server 2022
	Kernel: 10.0.20348.2031
	Compiler: clang 15.0.7, gcc 8.1.0 (MinGW), and MSVC VS 17.9

Ubuntu 22.04
	Kernel: 5.4.0-167-generic
	Compiler: gcc 11.4.0

Fedora 39
	Kernel: Depends on container host
	Compiler: clang 17.0.6

To view detailed results, visit:
https://lab.dpdk.org/results/dashboard/patchsets/29890/

UNH-IOL DPDK Community Lab

To manage your email subscriptions, visit: 
https://lab.dpdk.org/results/dashboard/preferences/subscriptions/