From mboxrd@z Thu Jan  1 00:00:00 1970
Return-Path: <test-report-bounces@dpdk.org>
Received: from mails.dpdk.org (mails.dpdk.org [217.70.189.124])
	by inbox.dpdk.org (Postfix) with ESMTP id B3B6D43F62
	for <public@inbox.dpdk.org>; Wed,  1 May 2024 22:14:39 +0200 (CEST)
Received: from mails.dpdk.org (localhost [127.0.0.1])
	by mails.dpdk.org (Postfix) with ESMTP id ADEF84027F;
	Wed,  1 May 2024 22:14:39 +0200 (CEST)
Received: from mail-vs1-f100.google.com (mail-vs1-f100.google.com
 [209.85.217.100])
 by mails.dpdk.org (Postfix) with ESMTP id CFBF04021E
 for <test-report@dpdk.org>; Wed,  1 May 2024 22:14:38 +0200 (CEST)
Received: by mail-vs1-f100.google.com with SMTP id
 ada2fe7eead31-47ecdbfaf8cso27457137.1
 for <test-report@dpdk.org>; Wed, 01 May 2024 13:14:38 -0700 (PDT)
DKIM-Signature: v=1; a=rsa-sha256; c=relaxed/relaxed;
 d=iol.unh.edu; s=unh-iol; t=1714594478; x=1715199278; darn=dpdk.org;
 h=references:in-reply-to:cc:to:from:subject:message-id:date:from:to
 :cc:subject:date:message-id:reply-to;
 bh=I2ZcZpqScz3xkaNM2Jub7pCGsDr6kf06jgbfo6zb+q0=;
 b=U3tjgSmpRDFXGeaiYA8xASq3I7W+IPYAM9WGwmJHMXSnXCgGwrbIVkV+53uNAfbPCb
 +bGJvpo3HuAi2Poww+9NEB/qQS/zBeKigQeWwvfMvHvTZMPMnJavLUGGZ7WjZppks6fk
 N/14EwPB1epW0FfB5f6X5+sAg06AVUBOArsq8=
X-Google-DKIM-Signature: v=1; a=rsa-sha256; c=relaxed/relaxed;
 d=1e100.net; s=20230601; t=1714594478; x=1715199278;
 h=references:in-reply-to:cc:to:from:subject:message-id:date
 :x-gm-message-state:from:to:cc:subject:date:message-id:reply-to;
 bh=I2ZcZpqScz3xkaNM2Jub7pCGsDr6kf06jgbfo6zb+q0=;
 b=URQjKg55ZGjcNSpQz31CvFS9jq+zChl099uRsLVwuvIYda1rMZhkk/5GTIRRZXhSuT
 8PBzmzAWILjDjVa4M1rFMsdOYq2zoSwJhb3RsloLZaoQOMWG8fssxDYq0NYVA9HEhJlR
 BoBWZD1prG6u+eCrqi8JR/lQTnQLYAOxThXq4iAOKPCkxF4dSkiDSvX0CXzgbsGLlHTu
 xtjraubpTT10vRUFi8lR/uFSdy3+slejn0y9nbtAG/sNsDTSD7GVDnOKspBos0arBlSX
 zVHeE3pFF6S2sjaHBOZ+Sc2HEl/3xO1AyA5x3u7MPeabBz1yGgkRA4+TowKrcLMYj81I
 Rthw==
X-Gm-Message-State: AOJu0YwFHJF9G0aFDcng4lLLtG7I4xBk+HaQCc0e6Rx4z2ddXjMW94Ae
 0yhfWIn6U1FgO4yVTCn/mJp0kED+6L6fLvfEsDwhjr2xb79UbFXORkSMAnmWXnrgEClolHYFVd/
 CfeIq5LnpYQqtEEm3eAFb9Psbz/Uez2AtjMZlwY0T
X-Google-Smtp-Source: AGHT+IFWr0WLPovIg5h3viT1n3sG4try29K+4JANaIyEwMrsJO5K+3uEdbmRtWxANoH+o4cePNFNvk4KcH/o
X-Received: by 2002:a67:b648:0:b0:47b:fa9c:d9d0 with SMTP id
 e8-20020a67b648000000b0047bfa9cd9d0mr3888363vsm.20.1714594476695; 
 Wed, 01 May 2024 13:14:36 -0700 (PDT)
Received: from postal.iol.unh.edu (postal.iol.unh.edu. [132.177.123.84])
 by smtp-relay.gmail.com with ESMTPS id
 e15-20020a0561020dcf00b0047c2ff28637sm1085824vst.5.2024.05.01.13.14.36
 (version=TLS1_2 cipher=ECDHE-ECDSA-AES128-GCM-SHA256 bits=128/128);
 Wed, 01 May 2024 13:14:36 -0700 (PDT)
X-Relaying-Domain: iol.unh.edu
Date: Wed, 01 May 2024 13:14:36 -0700 (PDT)
Message-ID: <6632a2ac.050a0220.3624e.7a99SMTPIN_ADDED_MISSING@mx.google.com>
Received: from [172.17.0.2] (unknown [172.18.0.217])
 by postal.iol.unh.edu (Postfix) with ESMTP id 552D06052514;
 Wed,  1 May 2024 16:14:36 -0400 (EDT)
Subject: |FAILURE| pw139773 [PATCH] [v2] cmdline: increase input buffer size
From: dpdklab@iol.unh.edu
To: Test Report <test-report@dpdk.org>
Cc: dpdk-test-reports@iol.unh.edu, Gregory Etelson <getelson@nvidia.com>
In-Reply-To: <20240501171806.307533-1-getelson@nvidia.com>
References: <20240501171806.307533-1-getelson@nvidia.com>
Content-Type: text/plain
X-BeenThere: test-report@dpdk.org
X-Mailman-Version: 2.1.29
Precedence: list
List-Id: automatic DPDK test reports <test-report.dpdk.org>
List-Unsubscribe: <https://mails.dpdk.org/options/test-report>,
 <mailto:test-report-request@dpdk.org?subject=unsubscribe>
List-Archive: <http://mails.dpdk.org/archives/test-report/>
List-Post: <mailto:test-report@dpdk.org>
List-Help: <mailto:test-report-request@dpdk.org?subject=help>
List-Subscribe: <https://mails.dpdk.org/listinfo/test-report>,
 <mailto:test-report-request@dpdk.org?subject=subscribe>
Errors-To: test-report-bounces@dpdk.org

Test-Label: iol-unit-amd64-testing
Test-Status: FAILURE
http://dpdk.org/patch/139773

_Testing issues_

Submitter: Gregory Etelson <getelson@nvidia.com>
Date: Wednesday, May 01 2024 17:18:06 
DPDK git baseline: Repo:dpdk
  Branch: master
  CommitID:7e06c0de1952d3109a5b0c4779d7e7d8059c9d78

139773 --> testing fail

Test environment and result as below:

+---------------------+----------------+
|     Environment     | dpdk_unit_test |
+=====================+================+
| CentOS Stream 9     | PASS           |
+---------------------+----------------+
| Fedora 37           | PASS           |
+---------------------+----------------+
| Fedora 38           | PASS           |
+---------------------+----------------+
| Debian 12           | PASS           |
+---------------------+----------------+
| CentOS Stream 8     | PASS           |
+---------------------+----------------+
| RHEL8               | PASS           |
+---------------------+----------------+
| Debian Bullseye     | PASS           |
+---------------------+----------------+
| Windows Server 2019 | FAIL           |
+---------------------+----------------+
| Ubuntu 20.04        | PASS           |
+---------------------+----------------+
| Windows Server 2022 | FAIL           |
+---------------------+----------------+
| Ubuntu 22.04        | PASS           |
+---------------------+----------------+
| Fedora 39           | PASS           |
+---------------------+----------------+

==== 20 line log output for Windows Server 2022 (dpdk_unit_test): ====

CentOS Stream 9
	Kernel: 5.4.0-167-generic
	Compiler: gcc 11.4.1 20230605

Fedora 37
	Kernel: Depends on container host system
	Compiler: gcc 12.3.1

Fedora 38
	Kernel: Depends on container host
	Compiler: gcc 13.2.1

Debian 12
	Kernel: Container Host Kernel
	Compiler: gcc 10.2.1

CentOS Stream 8
	Kernel: 5.4.0-167-generic
	Compiler: gcc 8.5.0 20210514

RHEL8
	Kernel: 5.4.0-167-generic
	Compiler: gcc 8.5.0 20210514 (Red Hat 8.5.0-20)

Debian Bullseye
	Kernel: 5.4.0-167-generic
	Compiler: gcc 10.2.1-6

Windows Server 2019
	Kernel: 10.0.17763
	Compiler: clang 14.0 and gcc 8.1.0 (MinGW)

Ubuntu 20.04
	Kernel: 5.4.0-167-generic
	Compiler: gcc 9.4.0-1ubuntu1~20.04.1

Windows Server 2022
	Kernel: 10.0.20348.2031
	Compiler: clang 15.0.7, gcc 8.1.0 (MinGW), and MSVC VS 17.9

Ubuntu 22.04
	Kernel: 5.4.0-167-generic
	Compiler: gcc 11.4.0

Fedora 39
	Kernel: Depends on container host
	Compiler: clang 17.0.6

To view detailed results, visit:
https://lab.dpdk.org/results/dashboard/patchsets/29890/

UNH-IOL DPDK Community Lab

To manage your email subscriptions, visit: 
https://lab.dpdk.org/results/dashboard/preferences/subscriptions/