From mboxrd@z Thu Jan  1 00:00:00 1970
Return-Path: <test-report-bounces@dpdk.org>
Received: from mails.dpdk.org (mails.dpdk.org [217.70.189.124])
	by inbox.dpdk.org (Postfix) with ESMTP id E250F43F62
	for <public@inbox.dpdk.org>; Wed,  1 May 2024 22:15:35 +0200 (CEST)
Received: from mails.dpdk.org (localhost [127.0.0.1])
	by mails.dpdk.org (Postfix) with ESMTP id DC86F4027F;
	Wed,  1 May 2024 22:15:35 +0200 (CEST)
Received: from mail-ot1-f98.google.com (mail-ot1-f98.google.com
 [209.85.210.98]) by mails.dpdk.org (Postfix) with ESMTP id ED65D4021E
 for <test-report@dpdk.org>; Wed,  1 May 2024 22:15:34 +0200 (CEST)
Received: by mail-ot1-f98.google.com with SMTP id
 46e09a7af769-6efbd413159so60520a34.1
 for <test-report@dpdk.org>; Wed, 01 May 2024 13:15:34 -0700 (PDT)
DKIM-Signature: v=1; a=rsa-sha256; c=relaxed/relaxed;
 d=iol.unh.edu; s=unh-iol; t=1714594534; x=1715199334; darn=dpdk.org;
 h=references:in-reply-to:cc:to:from:subject:message-id:date:from:to
 :cc:subject:date:message-id:reply-to;
 bh=LcgUsiRCVu6V00P1GFp7ZcWUjcVwuCMY6rJFN8sNaeA=;
 b=ODwW2M3CtjdQ4ppqE9PjFAnHasQZ3a8S+8A9wQ/vyLQQki+BlY21i/MgkvyUyP1o+T
 XFJGkqIrfGu/2vYdqyHncgUtEaHMs0HV7rp/6UJk2beHqUCk4i7OHdV02/86WCPPTqIM
 tlFeCew7T+Yki4abVz7Nv2FWrLwXYw/aWC4sA=
X-Google-DKIM-Signature: v=1; a=rsa-sha256; c=relaxed/relaxed;
 d=1e100.net; s=20230601; t=1714594534; x=1715199334;
 h=references:in-reply-to:cc:to:from:subject:message-id:date
 :x-gm-message-state:from:to:cc:subject:date:message-id:reply-to;
 bh=LcgUsiRCVu6V00P1GFp7ZcWUjcVwuCMY6rJFN8sNaeA=;
 b=AEKuWpRlK1i9sIjyTfZ+1T/5xJZaWXAK8KN2cU07s7kA5LF7nHpEfcChnkGk906uUD
 GvSDSSvkwKQc+r9eVA7cpVag+x7pIGwS2OpdEZWQtsimMROPkMEWxh6avYO60MFe55/O
 Lm5COpZavAwPDDJAxF1LpmzQVcU9SV0icginIGL2a//LJ1eWWJsWzzWnvSeuplOGbApL
 Aj22AWdxzX8EQkxfALiLMFULhL84U3kekBSXuR9j7nuwpfr1GrXkNRQzSPFXGaX76PgF
 qaVmtdkCW3UbgLjAm05XYs4CuhwEUMDAGKzL2yFAalRCtIL/zgAJ79xVHr7BmfiH2lSN
 4iKA==
X-Gm-Message-State: AOJu0Ywkg33TK14v/EAD1OlsLtYgxSMzWVjzkOCH+069jFphQvnMp2KX
 +gVe3hN+7vt362Ac7sZEm4VkhBZaFCxg52E4tdnj8tvPF4greQAjSqvY6nd8yqtOzAvUmfZayHq
 8bJQ9DPlsvvqe98TM0obPVmMAYNlTDs8FTAp1h9od
X-Google-Smtp-Source: AGHT+IH5jWXUwfIsVDH78JrBwjcYapobwSbgG29+jT8jD6yBGzywOEtpXEdRd/kL3r8x8irXtfx9jLCeqz4U
X-Received: by 2002:a05:6830:e0a:b0:6ee:359b:a018 with SMTP id
 do10-20020a0568300e0a00b006ee359ba018mr298635otb.6.1714594534277; 
 Wed, 01 May 2024 13:15:34 -0700 (PDT)
Received: from postal.iol.unh.edu (postal.iol.unh.edu. [132.177.123.84])
 by smtp-relay.gmail.com with ESMTPS id
 df7-20020a056830478700b006ee3e44d2a2sm530861otb.8.2024.05.01.13.15.34
 (version=TLS1_2 cipher=ECDHE-ECDSA-AES128-GCM-SHA256 bits=128/128);
 Wed, 01 May 2024 13:15:34 -0700 (PDT)
X-Relaying-Domain: iol.unh.edu
Date: Wed, 01 May 2024 13:15:34 -0700 (PDT)
Message-ID: <6632a2e6.050a0220.8b122.2f98SMTPIN_ADDED_MISSING@mx.google.com>
Received: from [172.17.0.2] (unknown [172.18.0.217])
 by postal.iol.unh.edu (Postfix) with ESMTP id AC7D26052514;
 Wed,  1 May 2024 16:15:33 -0400 (EDT)
Subject: |FAILURE| pw139773 [PATCH] [v2] cmdline: increase input buffer size
From: dpdklab@iol.unh.edu
To: Test Report <test-report@dpdk.org>
Cc: dpdk-test-reports@iol.unh.edu, Gregory Etelson <getelson@nvidia.com>
In-Reply-To: <20240501171806.307533-1-getelson@nvidia.com>
References: <20240501171806.307533-1-getelson@nvidia.com>
Content-Type: text/plain
X-BeenThere: test-report@dpdk.org
X-Mailman-Version: 2.1.29
Precedence: list
List-Id: automatic DPDK test reports <test-report.dpdk.org>
List-Unsubscribe: <https://mails.dpdk.org/options/test-report>,
 <mailto:test-report-request@dpdk.org?subject=unsubscribe>
List-Archive: <http://mails.dpdk.org/archives/test-report/>
List-Post: <mailto:test-report@dpdk.org>
List-Help: <mailto:test-report-request@dpdk.org?subject=help>
List-Subscribe: <https://mails.dpdk.org/listinfo/test-report>,
 <mailto:test-report-request@dpdk.org?subject=subscribe>
Errors-To: test-report-bounces@dpdk.org

Test-Label: iol-unit-amd64-testing
Test-Status: FAILURE
http://dpdk.org/patch/139773

_Testing issues_

Submitter: Gregory Etelson <getelson@nvidia.com>
Date: Wednesday, May 01 2024 17:18:06 
DPDK git baseline: Repo:dpdk
  Branch: master
  CommitID:7e06c0de1952d3109a5b0c4779d7e7d8059c9d78

139773 --> testing fail

Test environment and result as below:

+---------------------+----------------+
|     Environment     | dpdk_unit_test |
+=====================+================+
| CentOS Stream 9     | PASS           |
+---------------------+----------------+
| Fedora 37           | PASS           |
+---------------------+----------------+
| Fedora 38           | PASS           |
+---------------------+----------------+
| Debian 12           | PASS           |
+---------------------+----------------+
| CentOS Stream 8     | PASS           |
+---------------------+----------------+
| RHEL8               | PASS           |
+---------------------+----------------+
| Debian Bullseye     | PASS           |
+---------------------+----------------+
| Windows Server 2019 | FAIL           |
+---------------------+----------------+
| Ubuntu 20.04        | PASS           |
+---------------------+----------------+
| Windows Server 2022 | FAIL           |
+---------------------+----------------+
| Ubuntu 22.04        | PASS           |
+---------------------+----------------+
| Fedora 39           | PASS           |
+---------------------+----------------+
| openSUSE Leap 15    | PASS           |
+---------------------+----------------+

==== 20 line log output for Windows Server 2022 (dpdk_unit_test): ====

CentOS Stream 9
	Kernel: 5.4.0-167-generic
	Compiler: gcc 11.4.1 20230605

Fedora 37
	Kernel: Depends on container host system
	Compiler: gcc 12.3.1

Fedora 38
	Kernel: Depends on container host
	Compiler: gcc 13.2.1

Debian 12
	Kernel: Container Host Kernel
	Compiler: gcc 10.2.1

CentOS Stream 8
	Kernel: 5.4.0-167-generic
	Compiler: gcc 8.5.0 20210514

RHEL8
	Kernel: 5.4.0-167-generic
	Compiler: gcc 8.5.0 20210514 (Red Hat 8.5.0-20)

Debian Bullseye
	Kernel: 5.4.0-167-generic
	Compiler: gcc 10.2.1-6

Windows Server 2019
	Kernel: 10.0.17763
	Compiler: clang 14.0 and gcc 8.1.0 (MinGW)

Ubuntu 20.04
	Kernel: 5.4.0-167-generic
	Compiler: gcc 9.4.0-1ubuntu1~20.04.1

Windows Server 2022
	Kernel: 10.0.20348.2031
	Compiler: clang 15.0.7, gcc 8.1.0 (MinGW), and MSVC VS 17.9

Ubuntu 22.04
	Kernel: 5.4.0-167-generic
	Compiler: gcc 11.4.0

Fedora 39
	Kernel: Depends on container host
	Compiler: clang 17.0.6

openSUSE Leap 15
	Kernel: 5.4.0-167-generic
	Compiler: gcc 7.5.0

To view detailed results, visit:
https://lab.dpdk.org/results/dashboard/patchsets/29890/

UNH-IOL DPDK Community Lab

To manage your email subscriptions, visit: 
https://lab.dpdk.org/results/dashboard/preferences/subscriptions/