From mboxrd@z Thu Jan  1 00:00:00 1970
Return-Path: <test-report-bounces@dpdk.org>
Received: from mails.dpdk.org (mails.dpdk.org [217.70.189.124])
	by inbox.dpdk.org (Postfix) with ESMTP id AE3CA43FB1
	for <public@inbox.dpdk.org>; Sun,  5 May 2024 12:29:43 +0200 (CEST)
Received: from mails.dpdk.org (localhost [127.0.0.1])
	by mails.dpdk.org (Postfix) with ESMTP id 840554028C;
	Sun,  5 May 2024 12:29:43 +0200 (CEST)
Received: from mail-oi1-f225.google.com (mail-oi1-f225.google.com
 [209.85.167.225])
 by mails.dpdk.org (Postfix) with ESMTP id E38774025D
 for <test-report@dpdk.org>; Sun,  5 May 2024 12:29:41 +0200 (CEST)
Received: by mail-oi1-f225.google.com with SMTP id
 5614622812f47-3c74abe247bso168753b6e.3
 for <test-report@dpdk.org>; Sun, 05 May 2024 03:29:41 -0700 (PDT)
DKIM-Signature: v=1; a=rsa-sha256; c=relaxed/relaxed;
 d=iol.unh.edu; s=unh-iol; t=1714904981; x=1715509781; darn=dpdk.org;
 h=references:in-reply-to:cc:to:from:subject:message-id:date:from:to
 :cc:subject:date:message-id:reply-to;
 bh=MbJekLURe84tHjUQOVmS4D3UaTGwb3nvZ6DZykDD1tI=;
 b=IoqAcfNP6HrrVI0YflgX6LYLj4nBvhYQRQZs1qJt9sXtmTrDOksVVb7pJe8d6HURpU
 6LJS8xS3WU/faZxeAXju1UOhQoXRavRYnqv+vAC5bmgTfmI8+7sYtizv0IX+wGLdxaeK
 1EBGvgwLeOhw91HjgxfXk/fooC2w4CZgd5+6I=
X-Google-DKIM-Signature: v=1; a=rsa-sha256; c=relaxed/relaxed;
 d=1e100.net; s=20230601; t=1714904981; x=1715509781;
 h=references:in-reply-to:cc:to:from:subject:message-id:date
 :x-gm-message-state:from:to:cc:subject:date:message-id:reply-to;
 bh=MbJekLURe84tHjUQOVmS4D3UaTGwb3nvZ6DZykDD1tI=;
 b=tXMZ2Le7c3BvVXITJlX8TxiILDdCqBkgzZVb+Db0+lpb9P+ATMRU4G34eSbWCko0nP
 sCNaqDoobCQrNXsrPJWEPdoAR+d3d3zaxarL9FeWd1CrAuHBvqmEIDpkBxKhY+mWWc8f
 jefoAHGFJ9e9TsodnLOglLfMauMARBF7heUi5bxHo6gJceiFmFPVqWIIrSNEUwqKY03q
 Q8VVoHr2V5PVh+lYRhxZ90w7hxS1YPoWxhY2RHgXHrSDtpUZOwyENuEnbDmnwRc6fEZV
 NiRiTfVhQ+wymhIebCcnozrLlkKlS/rzTSD2qGMnkVih36Mrt9Gbk3LaqMf8/w7qiQt1
 d+yg==
X-Gm-Message-State: AOJu0YwzK1pNhFSFfpPgKJm185L7pFYbhxm/tzWUcDe9i8rJbMNdhZZ8
 oDOWUbfHz9/wybNl1lXWQyHNW6DQEIWGdqkPgRVeavTlUBLn5l7QXkrqmM0Kq90pGMdRwjXS8M2
 aNtd09VgWj33fO0kHYasLqtZbaiI3v59c/Wh0vZUr
X-Google-Smtp-Source: AGHT+IGznUbu3W4ufn0599yjxOm/JtluD3krO4UHy84LZnGapJrGbdKcP/ULgku19Ii39+vq2TiEE9ed7fkt
X-Received: by 2002:a9d:620f:0:b0:6ee:d62:8415 with SMTP id
 g15-20020a9d620f000000b006ee0d628415mr7718227otj.17.1714904981225; 
 Sun, 05 May 2024 03:29:41 -0700 (PDT)
Received: from postal.iol.unh.edu (postal.iol.unh.edu. [132.177.123.84])
 by smtp-relay.gmail.com with ESMTPS id
 f82-20020a4a5855000000b005b1cdabcbb4sm586435oob.26.2024.05.05.03.29.41
 (version=TLS1_2 cipher=ECDHE-ECDSA-AES128-GCM-SHA256 bits=128/128);
 Sun, 05 May 2024 03:29:41 -0700 (PDT)
X-Relaying-Domain: iol.unh.edu
Date: Sun, 05 May 2024 03:29:41 -0700 (PDT)
Message-ID: <66375f95.4a0a0220.838e3.7b83SMTPIN_ADDED_MISSING@mx.google.com>
Received: from [172.17.0.2] (unknown [172.18.0.217])
 by postal.iol.unh.edu (Postfix) with ESMTP id 491B46052514;
 Sun,  5 May 2024 06:29:40 -0400 (EDT)
Subject: |FAILURE| pw139867-139872 [PATCH] [RFC,v7,6/6] eal: add unit tests f
From: dpdklab@iol.unh.edu
To: Test Report <test-report@dpdk.org>
Cc: dpdk-test-reports@iol.unh.edu,
 Mattias Ronnblom <mattias.ronnblom@ericsson.com>
In-Reply-To: <20240505083737.118649-7-mattias.ronnblom@ericsson.com>
References: <20240505083737.118649-7-mattias.ronnblom@ericsson.com>
Content-Type: text/plain
X-BeenThere: test-report@dpdk.org
X-Mailman-Version: 2.1.29
Precedence: list
List-Id: automatic DPDK test reports <test-report.dpdk.org>
List-Unsubscribe: <https://mails.dpdk.org/options/test-report>,
 <mailto:test-report-request@dpdk.org?subject=unsubscribe>
List-Archive: <http://mails.dpdk.org/archives/test-report/>
List-Post: <mailto:test-report@dpdk.org>
List-Help: <mailto:test-report-request@dpdk.org?subject=help>
List-Subscribe: <https://mails.dpdk.org/listinfo/test-report>,
 <mailto:test-report-request@dpdk.org?subject=subscribe>
Errors-To: test-report-bounces@dpdk.org

Test-Label: iol-unit-amd64-testing
Test-Status: FAILURE
http://dpdk.org/patch/139872

_Testing issues_

Submitter: Mattias Ronnblom <mattias.ronnblom@ericsson.com>
Date: Sunday, May 05 2024 08:37:37 
DPDK git baseline: Repo:dpdk
  Branch: master
  CommitID:7e06c0de1952d3109a5b0c4779d7e7d8059c9d78

139867-139872 --> testing fail

Test environment and result as below:

+---------------------+----------------+
|     Environment     | dpdk_unit_test |
+=====================+================+
| Windows Server 2019 | PASS           |
+---------------------+----------------+
| Windows Server 2022 | PASS           |
+---------------------+----------------+
| CentOS Stream 8     | PASS           |
+---------------------+----------------+
| CentOS Stream 9     | PASS           |
+---------------------+----------------+
| Debian Bullseye     | PASS           |
+---------------------+----------------+
| Debian 12           | FAIL           |
+---------------------+----------------+
| Fedora 37           | PASS           |
+---------------------+----------------+
| Fedora 38           | PASS           |
+---------------------+----------------+
| Fedora 39           | PASS           |
+---------------------+----------------+
| Ubuntu 20.04        | PASS           |
+---------------------+----------------+

==== 20 line log output for Debian 12 (dpdk_unit_test): ====

Windows Server 2019
	Kernel: 10.0.17763
	Compiler: clang 14.0 and gcc 8.1.0 (MinGW)

Windows Server 2022
	Kernel: 10.0.20348.2031
	Compiler: clang 15.0.7, gcc 8.1.0 (MinGW), and MSVC VS 17.9

CentOS Stream 8
	Kernel: 5.4.0-167-generic
	Compiler: gcc 8.5.0 20210514

CentOS Stream 9
	Kernel: 5.4.0-167-generic
	Compiler: gcc 11.4.1 20230605

Debian Bullseye
	Kernel: 5.4.0-167-generic
	Compiler: gcc 10.2.1-6

Debian 12
	Kernel: Container Host Kernel
	Compiler: gcc 10.2.1

Fedora 37
	Kernel: Depends on container host system
	Compiler: gcc 12.3.1

Fedora 38
	Kernel: Depends on container host
	Compiler: clang 16.0.6

Fedora 39
	Kernel: Depends on container host
	Compiler: clang 17.0.6

Ubuntu 20.04
	Kernel: 5.4.0-167-generic
	Compiler: gcc 9.4.0-1ubuntu1~20.04.1

To view detailed results, visit:
https://lab.dpdk.org/results/dashboard/patchsets/29915/

UNH-IOL DPDK Community Lab

To manage your email subscriptions, visit: 
https://lab.dpdk.org/results/dashboard/preferences/subscriptions/