From mboxrd@z Thu Jan  1 00:00:00 1970
Return-Path: <test-report-bounces@dpdk.org>
Received: from mails.dpdk.org (mails.dpdk.org [217.70.189.124])
	by inbox.dpdk.org (Postfix) with ESMTP id 6073343FAF
	for <public@inbox.dpdk.org>; Tue,  7 May 2024 07:37:03 +0200 (CEST)
Received: from mails.dpdk.org (localhost [127.0.0.1])
	by mails.dpdk.org (Postfix) with ESMTP id 5B40342E3F;
	Tue,  7 May 2024 07:37:03 +0200 (CEST)
Received: from mail-oo1-f97.google.com (mail-oo1-f97.google.com
 [209.85.161.97]) by mails.dpdk.org (Postfix) with ESMTP id 5DE2F4027B
 for <test-report@dpdk.org>; Tue,  7 May 2024 07:37:02 +0200 (CEST)
Received: by mail-oo1-f97.google.com with SMTP id
 006d021491bc7-5afb498d9faso1206841eaf.2
 for <test-report@dpdk.org>; Mon, 06 May 2024 22:37:02 -0700 (PDT)
DKIM-Signature: v=1; a=rsa-sha256; c=relaxed/relaxed;
 d=iol.unh.edu; s=unh-iol; t=1715060221; x=1715665021; darn=dpdk.org;
 h=references:in-reply-to:cc:to:from:subject:message-id:date:from:to
 :cc:subject:date:message-id:reply-to;
 bh=Ubm9D7/19SuiWgAtGY/xlEkMBnYUgu65rNQhqWhX0tE=;
 b=LTT4ekqxVtnEuQ2kc5FBoFEsSf2BD1x9vzeoIbp4MjsQca2ux/+0risFOG/eTJAJaI
 0Km4WTXyizalK+Dp7x9Lnced8Hw6XwvY6LnNqRJox6GBujy3B8fB6wtrvxBn/8qwivU4
 V71P3N4hQw/ETLkm7ErjkrJxkTVOMzj6mjlHc=
X-Google-DKIM-Signature: v=1; a=rsa-sha256; c=relaxed/relaxed;
 d=1e100.net; s=20230601; t=1715060221; x=1715665021;
 h=references:in-reply-to:cc:to:from:subject:message-id:date
 :x-gm-message-state:from:to:cc:subject:date:message-id:reply-to;
 bh=Ubm9D7/19SuiWgAtGY/xlEkMBnYUgu65rNQhqWhX0tE=;
 b=ir22MDdmtKU6LzKxZttVDJyMDsbGoNzTB83Ft6/s0SmZrD+tJQlAyAJrZC9A6aFu5g
 J2UYotSPgQaLse7qyTiBnqC5Pn/SYRIspn0Jhl18bWBYGK4Dud+m7sQUeFZSsjnxYEO4
 h6L4Jfi7xlI93qRBUWJvMbQcSUnJf2Ei9PmPBXnCob4gqlma2IIsSGxBQZtQ1jY5Hk3U
 86h0s5lLAgr2Wm5pI5mScAqJE0baZkcZ5jaYxEXpyqFy1aN3V9127Qr6hiwK0dlse4Ke
 9JfPHWKqpY5V/MVQ4eUPd307LVo8PstlsKMbA/b0ng++hZsOVZllhuboxlqWSSzLcwdC
 vK2A==
X-Gm-Message-State: AOJu0YxOllqrPlO3X2eiIOHIoEtW112JGYB7IdIkK4/+5EIUUIrw2t8Z
 4sYUOk51/Kc6pW1doRW2DbehXhttwpRE4crI5enrUXreAZnDsmE0dSCS/6PD6nroyeYrlJ9pw2c
 C7U5HlwxYtxNV/FGhMppdtGdZCW+4675RTf2eBkAp
X-Google-Smtp-Source: AGHT+IH46GO5M2N3ReWflYm0rayURByAPsc+rARGVBTZRYwqqbWYqreKQzSuDb3sMvhShG8BM6JaQsv9cYX9
X-Received: by 2002:a05:6358:52cf:b0:18a:5c27:7032 with SMTP id
 z15-20020a05635852cf00b0018a5c277032mr13609095rwz.13.1715060221614; 
 Mon, 06 May 2024 22:37:01 -0700 (PDT)
Received: from postal.iol.unh.edu (postal.iol.unh.edu. [132.177.123.84])
 by smtp-relay.gmail.com with ESMTPS id
 q10-20020a635c0a000000b005f804defa32sm1117336pgb.27.2024.05.06.22.37.01
 (version=TLS1_2 cipher=ECDHE-ECDSA-AES128-GCM-SHA256 bits=128/128);
 Mon, 06 May 2024 22:37:01 -0700 (PDT)
X-Relaying-Domain: iol.unh.edu
Date: Mon, 06 May 2024 22:37:01 -0700 (PDT)
Message-ID: <6639bdfd.630a0220.27bba.e21eSMTPIN_ADDED_MISSING@mx.google.com>
Received: from [172.21.0.7] (unknown [172.18.0.240])
 by postal.iol.unh.edu (Postfix) with ESMTP id CE83F604A954;
 Tue,  7 May 2024 01:37:00 -0400 (EDT)
Subject: |FAILURE| pw139941-139959 [PATCH] [v3,19/19] build: enable vla warni
From: dpdklab@iol.unh.edu
To: Test Report <test-report@dpdk.org>
Cc: dpdk-test-reports@iol.unh.edu,
 Tyler Retzlaff <roretzla@linux.microsoft.com>
In-Reply-To: <1715019531-22796-20-git-send-email-roretzla@linux.microsoft.com>
References: <1715019531-22796-20-git-send-email-roretzla@linux.microsoft.com>
Content-Type: text/plain
X-BeenThere: test-report@dpdk.org
X-Mailman-Version: 2.1.29
Precedence: list
List-Id: automatic DPDK test reports <test-report.dpdk.org>
List-Unsubscribe: <https://mails.dpdk.org/options/test-report>,
 <mailto:test-report-request@dpdk.org?subject=unsubscribe>
List-Archive: <http://mails.dpdk.org/archives/test-report/>
List-Post: <mailto:test-report@dpdk.org>
List-Help: <mailto:test-report-request@dpdk.org?subject=help>
List-Subscribe: <https://mails.dpdk.org/listinfo/test-report>,
 <mailto:test-report-request@dpdk.org?subject=subscribe>
Errors-To: test-report-bounces@dpdk.org

Test-Label: iol-unit-amd64-testing
Test-Status: FAILURE
http://dpdk.org/patch/139959

_Testing issues_

Submitter: Tyler Retzlaff <roretzla@linux.microsoft.com>
Date: Monday, May 06 2024 18:18:51 
DPDK git baseline: Repo:dpdk
  Branch: master
  CommitID:7e06c0de1952d3109a5b0c4779d7e7d8059c9d78

139941-139959 --> testing fail

Test environment and result as below:

+---------------------+----------------+
|     Environment     | dpdk_unit_test |
+=====================+================+
| Windows Server 2019 | PASS           |
+---------------------+----------------+
| CentOS Stream 9     | PASS           |
+---------------------+----------------+
| CentOS Stream 8     | PASS           |
+---------------------+----------------+
| Debian Bullseye     | PASS           |
+---------------------+----------------+
| Debian 12           | FAIL           |
+---------------------+----------------+
| Windows Server 2022 | PASS           |
+---------------------+----------------+
| Fedora 37           | PASS           |
+---------------------+----------------+
| Fedora 38           | PASS           |
+---------------------+----------------+
| Fedora 39           | PASS           |
+---------------------+----------------+
| openSUSE Leap 15    | PASS           |
+---------------------+----------------+
| RHEL8               | PASS           |
+---------------------+----------------+
| Ubuntu 22.04        | PASS           |
+---------------------+----------------+
| Ubuntu 20.04        | PASS           |
+---------------------+----------------+

==== 20 line log output for Debian 12 (dpdk_unit_test): ====

Windows Server 2019
	Kernel: 10.0.17763
	Compiler: clang 14.0 and gcc 8.1.0 (MinGW)

CentOS Stream 9
	Kernel: 5.4.0-167-generic
	Compiler: gcc 11.4.1 20230605

CentOS Stream 8
	Kernel: 5.4.0-167-generic
	Compiler: gcc 8.5.0 20210514

Debian Bullseye
	Kernel: 5.4.0-167-generic
	Compiler: gcc 10.2.1-6

Debian 12
	Kernel: Container Host Kernel
	Compiler: gcc 10.2.1

Windows Server 2022
	Kernel: 10.0.20348.2031
	Compiler: clang 15.0.7, gcc 8.1.0 (MinGW), and MSVC VS 17.9

Fedora 37
	Kernel: Depends on container host system
	Compiler: gcc 12.3.1

Fedora 38
	Kernel: Depends on container host
	Compiler: gcc 13.2.1

Fedora 39
	Kernel: Depends on container host
	Compiler: clang 17.0.6

openSUSE Leap 15
	Kernel: 5.4.0-167-generic
	Compiler: gcc 7.5.0

RHEL8
	Kernel: 5.4.0-167-generic
	Compiler: gcc 8.5.0 20210514 (Red Hat 8.5.0-20)

Ubuntu 22.04
	Kernel: 5.4.0-167-generic
	Compiler: gcc 11.4.0

Ubuntu 20.04
	Kernel: 5.4.0-167-generic
	Compiler: gcc 9.4.0-1ubuntu1~20.04.1

To view detailed results, visit:
https://lab.dpdk.org/results/dashboard/patchsets/29920/

UNH-IOL DPDK Community Lab

To manage your email subscriptions, visit: 
https://lab.dpdk.org/results/dashboard/preferences/subscriptions/