From mboxrd@z Thu Jan  1 00:00:00 1970
Return-Path: <test-report-bounces@dpdk.org>
Received: from mails.dpdk.org (mails.dpdk.org [217.70.189.124])
	by inbox.dpdk.org (Postfix) with ESMTP id DE42143F7C
	for <public@inbox.dpdk.org>; Thu,  9 May 2024 13:59:56 +0200 (CEST)
Received: from mails.dpdk.org (localhost [127.0.0.1])
	by mails.dpdk.org (Postfix) with ESMTP id DA26040A73;
	Thu,  9 May 2024 13:59:56 +0200 (CEST)
Received: from mail-ot1-f100.google.com (mail-ot1-f100.google.com
 [209.85.210.100])
 by mails.dpdk.org (Postfix) with ESMTP id ECF22402ED
 for <test-report@dpdk.org>; Thu,  9 May 2024 13:59:54 +0200 (CEST)
Received: by mail-ot1-f100.google.com with SMTP id
 46e09a7af769-6f0e4212d5aso228356a34.3
 for <test-report@dpdk.org>; Thu, 09 May 2024 04:59:54 -0700 (PDT)
DKIM-Signature: v=1; a=rsa-sha256; c=relaxed/relaxed;
 d=iol.unh.edu; s=unh-iol; t=1715255994; x=1715860794; darn=dpdk.org;
 h=references:in-reply-to:cc:to:from:subject:message-id:date:from:to
 :cc:subject:date:message-id:reply-to;
 bh=KwrTs0VOUYYClxxgky1jostau6hDJDoB4LExIgMQcn4=;
 b=FSfbV6gyxFDMBrnTdZ8MaeJdFJCUEXcVA4fmPZU3GLngoljevd/3lj0Zvt1rj9QhEN
 UWAKgExt7Ry7iFC1kbainDZdo/+tDBZObyzI0C/lOR1FGxSHlfY92vrOwjDuOrIqN7Qz
 ZGcJPgN2gzTwiWkFJXQckUN0y1Y7KPIPEGemo=
X-Google-DKIM-Signature: v=1; a=rsa-sha256; c=relaxed/relaxed;
 d=1e100.net; s=20230601; t=1715255994; x=1715860794;
 h=references:in-reply-to:cc:to:from:subject:message-id:date
 :x-gm-message-state:from:to:cc:subject:date:message-id:reply-to;
 bh=KwrTs0VOUYYClxxgky1jostau6hDJDoB4LExIgMQcn4=;
 b=U44UHDnZaZhisyMPgpH0B7LPxrfOzp/FwwcvvpJVx2SQIdfWTQ1cok/M6asfwOuCav
 3qhoIEsIfw23gY7tsjg4IdHxIVQiV151XheYpmbX4jcqub0WvueBtM64KHpy730b/IOH
 P4xu9qN0KZS9/tJ4PXXxHroZGdM3p248mPm7mdhHZ/2R6Jh8WXpl7ltZZvn+Hx50sUAs
 D6UJiiMQS4s9c9Yt0R6V9bQzFtienfPOEu0K6pZLsRsJiayrPpGSKxetdgIzStoIHhh+
 nDWYofwjMdL11LVm6qwh+RuJZvr012POWhz3QzhJD1v/v/UNN1UlYT1rhb1+oCufZlTT
 qbuQ==
X-Gm-Message-State: AOJu0YxyWoXINrxNAllrMCe80GjJ7sbmk2QE9kqnfKstj3EoZq8zb9W4
 j5kGz522aiYyVAau0f24Yd95oJst22c1zyawNih3+K0XJaXwbleUsIDsF9L/lSWiHMwRwUEF6rf
 gLg086eYMX8KDWnfq1HN3VnIbxv2yq4M5fw7tWxOq3G0t6Z4m
X-Google-Smtp-Source: AGHT+IFtSef0Y4dNWBTHU39a2OQ5rsyn6lnMvuUr0TZfyytvsTXvay2Q6zhOKOMg+xSK6b4etAS4VnTtPN95
X-Received: by 2002:a05:6830:2703:b0:6ee:102d:bd05 with SMTP id
 46e09a7af769-6f0b7960e7emr6572987a34.19.1715255994204; 
 Thu, 09 May 2024 04:59:54 -0700 (PDT)
Received: from postal.iol.unh.edu (postal.iol.unh.edu.
 [2606:4100:3880:1234::84]) by smtp-relay.gmail.com with ESMTPS id
 41be03b00d2f7-63411902e4fsm78677a12.34.2024.05.09.04.59.54
 (version=TLS1_2 cipher=ECDHE-ECDSA-AES128-GCM-SHA256 bits=128/128);
 Thu, 09 May 2024 04:59:54 -0700 (PDT)
X-Relaying-Domain: iol.unh.edu
Date: Thu, 09 May 2024 04:59:54 -0700 (PDT)
Message-ID: <663cbaba.630a0220.c6cb0.4b18SMTPIN_ADDED_MISSING@mx.google.com>
Received: from [172.17.0.2] (unknown [172.18.0.217])
 by postal.iol.unh.edu (Postfix) with ESMTP id 6BA4C60524C2;
 Thu,  9 May 2024 07:59:53 -0400 (EDT)
Subject: |FAILURE| pw139997-139998 [PATCH] [2/2] dts: clean up config types
From: dpdklab@iol.unh.edu
To: Test Report <test-report@dpdk.org>
Cc: dpdk-test-reports@iol.unh.edu, Luca Vizzarro <luca.vizzarro@arm.com>
In-Reply-To: <20240509105704.1162449-3-luca.vizzarro@arm.com>
References: <20240509105704.1162449-3-luca.vizzarro@arm.com>
Content-Type: text/plain
X-BeenThere: test-report@dpdk.org
X-Mailman-Version: 2.1.29
Precedence: list
List-Id: automatic DPDK test reports <test-report.dpdk.org>
List-Unsubscribe: <https://mails.dpdk.org/options/test-report>,
 <mailto:test-report-request@dpdk.org?subject=unsubscribe>
List-Archive: <http://mails.dpdk.org/archives/test-report/>
List-Post: <mailto:test-report@dpdk.org>
List-Help: <mailto:test-report-request@dpdk.org?subject=help>
List-Subscribe: <https://mails.dpdk.org/listinfo/test-report>,
 <mailto:test-report-request@dpdk.org?subject=subscribe>
Errors-To: test-report-bounces@dpdk.org

Test-Label: iol-unit-amd64-testing
Test-Status: FAILURE
http://dpdk.org/patch/139998

_Testing issues_

Submitter: Luca Vizzarro <luca.vizzarro@arm.com>
Date: Thursday, May 09 2024 10:57:04 
DPDK git baseline: Repo:dpdk
  Branch: master
  CommitID:7e06c0de1952d3109a5b0c4779d7e7d8059c9d78

139997-139998 --> testing fail

Test environment and result as below:

+---------------------+----------------+
|     Environment     | dpdk_unit_test |
+=====================+================+
| CentOS Stream 8     | PASS           |
+---------------------+----------------+
| CentOS Stream 9     | PASS           |
+---------------------+----------------+
| Debian Bullseye     | PASS           |
+---------------------+----------------+
| Windows Server 2019 | PASS           |
+---------------------+----------------+
| Fedora 37           | PASS           |
+---------------------+----------------+
| Debian 12           | FAIL           |
+---------------------+----------------+
| Ubuntu 20.04        | PASS           |
+---------------------+----------------+
| openSUSE Leap 15    | PASS           |
+---------------------+----------------+
| Fedora 38           | PASS           |
+---------------------+----------------+
| RHEL8               | PASS           |
+---------------------+----------------+

==== 20 line log output for Debian 12 (dpdk_unit_test): ====

CentOS Stream 8
	Kernel: 5.4.0-167-generic
	Compiler: gcc 8.5.0 20210514

CentOS Stream 9
	Kernel: 5.4.0-167-generic
	Compiler: gcc 11.4.1 20230605

Debian Bullseye
	Kernel: 5.4.0-167-generic
	Compiler: gcc 10.2.1-6

Windows Server 2019
	Kernel: 10.0.17763
	Compiler: clang 14.0 and gcc 8.1.0 (MinGW)

Fedora 37
	Kernel: Depends on container host system
	Compiler: gcc 12.3.1

Debian 12
	Kernel: Container Host Kernel
	Compiler: gcc 10.2.1

Ubuntu 20.04
	Kernel: 5.4.0-167-generic
	Compiler: gcc 9.4.0-1ubuntu1~20.04.1

openSUSE Leap 15
	Kernel: 5.4.0-167-generic
	Compiler: gcc 7.5.0

Fedora 38
	Kernel: Depends on container host
	Compiler: gcc 13.2.1

RHEL8
	Kernel: 5.4.0-167-generic
	Compiler: gcc 8.5.0 20210514 (Red Hat 8.5.0-20)

To view detailed results, visit:
https://lab.dpdk.org/results/dashboard/patchsets/29929/

UNH-IOL DPDK Community Lab

To manage your email subscriptions, visit: 
https://lab.dpdk.org/results/dashboard/preferences/subscriptions/