From mboxrd@z Thu Jan  1 00:00:00 1970
Return-Path: <test-report-bounces@dpdk.org>
Received: from mails.dpdk.org (mails.dpdk.org [217.70.189.124])
	by inbox.dpdk.org (Postfix) with ESMTP id 4188543FF0
	for <public@inbox.dpdk.org>; Fri, 10 May 2024 09:00:23 +0200 (CEST)
Received: from mails.dpdk.org (localhost [127.0.0.1])
	by mails.dpdk.org (Postfix) with ESMTP id 351B5402DD;
	Fri, 10 May 2024 09:00:23 +0200 (CEST)
Received: from mail-oa1-f97.google.com (mail-oa1-f97.google.com
 [209.85.160.97]) by mails.dpdk.org (Postfix) with ESMTP id 803CC402D1
 for <test-report@dpdk.org>; Fri, 10 May 2024 09:00:22 +0200 (CEST)
Received: by mail-oa1-f97.google.com with SMTP id
 586e51a60fabf-23d38cd0df6so980850fac.2
 for <test-report@dpdk.org>; Fri, 10 May 2024 00:00:22 -0700 (PDT)
DKIM-Signature: v=1; a=rsa-sha256; c=relaxed/relaxed;
 d=iol.unh.edu; s=unh-iol; t=1715324422; x=1715929222; darn=dpdk.org;
 h=references:in-reply-to:cc:to:from:subject:message-id:date:from:to
 :cc:subject:date:message-id:reply-to;
 bh=t/z2AA5dtVE3II0RzNr3AW1264QZGdDjeDUuR+mIl6o=;
 b=A9lWwUeprLYyJSRReZNqKaGsnfJpkbV9RHmlN6dj9ZhvD+MlZoVisArzpqOXfhpdhr
 pXBh/eIEfs9vOrquAO6CwSFqCJqGaueS2Ek7msaG1ahG3G9T6Abli+iuREr2SUX3H0Qh
 DU8E8doMwJIu2whk6dcQDLYoZ3zE/XjhitsyM=
X-Google-DKIM-Signature: v=1; a=rsa-sha256; c=relaxed/relaxed;
 d=1e100.net; s=20230601; t=1715324422; x=1715929222;
 h=references:in-reply-to:cc:to:from:subject:message-id:date
 :x-gm-message-state:from:to:cc:subject:date:message-id:reply-to;
 bh=t/z2AA5dtVE3II0RzNr3AW1264QZGdDjeDUuR+mIl6o=;
 b=Q8sZyH/gIIYLJdwtHczleOk78vXRrLXkUDxjA1MqxRHH6uzfGfJhefa9C2Qe1peda3
 qBjgMwNJ+Kgj2X6m2eYNDlvZvsAQ9CgpqlkadU8FIlKaVC6VnAQbQYasumHHm7h+uTVD
 j0CXdNf7ekg7+sf01XZF9DMcf1+iOuw/PhfBXdKzb8bo/wRyKM6qICPkJnJWvyQ+qBm2
 lHLV7bLnyLYGWWnj8LDJQuj9FW6RYDZjotmYJ8hc5/Ua1I82HfXG1rr5MeXTc6BC3crs
 P8UJfKBjHFBqTMym6gmKC/Mj9uEanJS0PfiBddOQUp58DDGBrL77UORyIBzQkJIf98ND
 NRsw==
X-Gm-Message-State: AOJu0YxReZlg1a49LRH+l2a6hViqr7ffzkZRLUoCJQc7ZNf4Lcy4pyzR
 xIYUZVYuG6O1zDot4yUvmQobyjYMtxo06zHuE7tFe3346cBx8XJCMBooeB+2GeVTzYBtmf2yIaI
 BIDdYrs7foHO/mdnPQjnwQ1gO89sItd7BPxtrmj1BOa22qXwjieovE2eT
X-Google-Smtp-Source: AGHT+IGdZWhL9IKHLUggUU9jVeKt2sehq+3UF8Y9jepjvUF+s67sDquiGoXbQWMDENYSFcyIB1oN39VorKgW
X-Received: by 2002:a05:6870:b14e:b0:234:4804:7b49 with SMTP id
 586e51a60fabf-24172a20fe8mr2086225fac.11.1715324421768; 
 Fri, 10 May 2024 00:00:21 -0700 (PDT)
Received: from postal.iol.unh.edu (postal.iol.unh.edu.
 [2606:4100:3880:1234::84]) by smtp-relay.gmail.com with ESMTPS id
 8926c6da1cb9f-489372b6f7esm155990173.55.2024.05.10.00.00.21
 (version=TLS1_2 cipher=ECDHE-ECDSA-AES128-GCM-SHA256 bits=128/128);
 Fri, 10 May 2024 00:00:21 -0700 (PDT)
X-Relaying-Domain: iol.unh.edu
Date: Fri, 10 May 2024 00:00:21 -0700 (PDT)
Message-ID: <663dc605.050a0220.15602.8894SMTPIN_ADDED_MISSING@mx.google.com>
Received: from [172.17.0.2] (unknown [172.18.0.217])
 by postal.iol.unh.edu (Postfix) with ESMTP id 404F3604A954;
 Fri, 10 May 2024 03:00:21 -0400 (EDT)
Subject: |FAILURE| pw140013-140015 [PATCH] [RFC,3/3] net/tap: use generic SW 
From: dpdklab@iol.unh.edu
To: Test Report <test-report@dpdk.org>
Cc: dpdk-test-reports@iol.unh.edu,
 Stephen Hemminger <stephen@networkplumber.org>
In-Reply-To: <20240510050507.14381-4-stephen@networkplumber.org>
References: <20240510050507.14381-4-stephen@networkplumber.org>
Content-Type: text/plain
X-BeenThere: test-report@dpdk.org
X-Mailman-Version: 2.1.29
Precedence: list
List-Id: automatic DPDK test reports <test-report.dpdk.org>
List-Unsubscribe: <https://mails.dpdk.org/options/test-report>,
 <mailto:test-report-request@dpdk.org?subject=unsubscribe>
List-Archive: <http://mails.dpdk.org/archives/test-report/>
List-Post: <mailto:test-report@dpdk.org>
List-Help: <mailto:test-report-request@dpdk.org?subject=help>
List-Subscribe: <https://mails.dpdk.org/listinfo/test-report>,
 <mailto:test-report-request@dpdk.org?subject=subscribe>
Errors-To: test-report-bounces@dpdk.org

Test-Label: iol-unit-amd64-testing
Test-Status: FAILURE
http://dpdk.org/patch/140015

_Testing issues_

Submitter: Stephen Hemminger <stephen@networkplumber.org>
Date: Friday, May 10 2024 05:01:23 
DPDK git baseline: Repo:dpdk
  Branch: master
  CommitID:7e06c0de1952d3109a5b0c4779d7e7d8059c9d78

140013-140015 --> testing fail

Test environment and result as below:

+------------------+----------------+
|   Environment    | dpdk_unit_test |
+==================+================+
| CentOS Stream 8  | PASS           |
+------------------+----------------+
| Debian Bullseye  | PASS           |
+------------------+----------------+
| Debian 12        | PASS           |
+------------------+----------------+
| Fedora 37        | PASS           |
+------------------+----------------+
| Fedora 38        | FAIL           |
+------------------+----------------+
| Fedora 39        | PASS           |
+------------------+----------------+
| CentOS Stream 9  | PASS           |
+------------------+----------------+
| openSUSE Leap 15 | PASS           |
+------------------+----------------+
| Ubuntu 20.04     | PASS           |
+------------------+----------------+
| Ubuntu 22.04     | PASS           |
+------------------+----------------+
| RHEL8            | PASS           |
+------------------+----------------+

==== 20 line log output for Fedora 38 (dpdk_unit_test): ====

CentOS Stream 8
	Kernel: 5.4.0-167-generic
	Compiler: gcc 8.5.0 20210514

Debian Bullseye
	Kernel: 5.4.0-167-generic
	Compiler: gcc 10.2.1-6

Debian 12
	Kernel: Container Host Kernel
	Compiler: gcc 10.2.1

Fedora 37
	Kernel: Depends on container host system
	Compiler: gcc 12.3.1

Fedora 38
	Kernel: Depends on container host
	Compiler: gcc 13.2.1

Fedora 39
	Kernel: Depends on container host
	Compiler: clang 17.0.6

CentOS Stream 9
	Kernel: 5.4.0-167-generic
	Compiler: gcc 11.4.1 20230605

openSUSE Leap 15
	Kernel: 5.4.0-167-generic
	Compiler: gcc 7.5.0

Ubuntu 20.04
	Kernel: 5.4.0-167-generic
	Compiler: gcc 9.4.0-1ubuntu1~20.04.1

Ubuntu 22.04
	Kernel: 5.4.0-167-generic
	Compiler: gcc 11.4.0

RHEL8
	Kernel: 5.4.0-167-generic
	Compiler: gcc 8.5.0 20210514 (Red Hat 8.5.0-20)

To view detailed results, visit:
https://lab.dpdk.org/results/dashboard/patchsets/29933/

UNH-IOL DPDK Community Lab

To manage your email subscriptions, visit: 
https://lab.dpdk.org/results/dashboard/preferences/subscriptions/