From mboxrd@z Thu Jan  1 00:00:00 1970
Return-Path: <test-report-bounces@dpdk.org>
Received: from mails.dpdk.org (mails.dpdk.org [217.70.189.124])
	by inbox.dpdk.org (Postfix) with ESMTP id 067C24401D
	for <public@inbox.dpdk.org>; Mon, 13 May 2024 21:52:25 +0200 (CEST)
Received: from mails.dpdk.org (localhost [127.0.0.1])
	by mails.dpdk.org (Postfix) with ESMTP id 01969402F1;
	Mon, 13 May 2024 21:52:25 +0200 (CEST)
Received: from mail-il1-f228.google.com (mail-il1-f228.google.com
 [209.85.166.228])
 by mails.dpdk.org (Postfix) with ESMTP id 5CC14402CD
 for <test-report@dpdk.org>; Mon, 13 May 2024 21:52:24 +0200 (CEST)
Received: by mail-il1-f228.google.com with SMTP id
 e9e14a558f8ab-36c7ee71ebaso21027205ab.2
 for <test-report@dpdk.org>; Mon, 13 May 2024 12:52:24 -0700 (PDT)
DKIM-Signature: v=1; a=rsa-sha256; c=relaxed/relaxed;
 d=iol.unh.edu; s=unh-iol; t=1715629943; x=1716234743; darn=dpdk.org;
 h=references:in-reply-to:cc:to:from:subject:message-id:date:from:to
 :cc:subject:date:message-id:reply-to;
 bh=ngfr5faKQBlvfDzEP/xrA+Knd3+G/FZNDVuYpr3KaAo=;
 b=ahpCVdqFHZFxQM4MPvoa8gLje1YmOM1oW1yTcsuu63FoIZVeWFrMeTvRRSkgR7d7l+
 eySvx+ZT8afSt+yzgdHmIi+4MxPmdeqX4CLybWJgyxhcuAIKztn/eLjWJSRFEvYTDUyy
 +GkbvJtloIcqS3XoTcIHxl63Nq7CUbPpHbjW8=
X-Google-DKIM-Signature: v=1; a=rsa-sha256; c=relaxed/relaxed;
 d=1e100.net; s=20230601; t=1715629943; x=1716234743;
 h=references:in-reply-to:cc:to:from:subject:message-id:date
 :x-gm-message-state:from:to:cc:subject:date:message-id:reply-to;
 bh=ngfr5faKQBlvfDzEP/xrA+Knd3+G/FZNDVuYpr3KaAo=;
 b=C74A7RqlCWisIYthP+nyIVt4iDXzKyyUSLYx3nKIyOdELpTBuaftVd1zsNN7IdG/Zq
 1wgVUiD+ZA4vErjHMjwO7/4Qg1G/09uofX2J8BL9tLIUL5UVgpJGgDs5qe67sQE/byxq
 uMCEw+M94yHjxQ5JlxbazB3jwy7STAKsl3N2yLdHZ90xcjow9h3PvxMclwpkFNlJTNKV
 jSbHFRYWKa6GVSbbNnC2GTVDywvwrK3kwqDaHtCTwAg6dDloEflKwBf+LmGxKlSwoR/A
 7diLrjkgknSHCrS6OYsiSJvHwdC08zK3KtS6mz19qDE940ziG0HPeTVlwKZSDvwpCRsr
 mrQg==
X-Gm-Message-State: AOJu0YxcZm72PJbtuCUjvPIjkMJOOexovr6gl5ZQ9ZnujAyFGT4wchab
 wfJhZIADjXusFYl3P8dfKv82AMMHQ9znmZ13lCp5o3rC94J0N6fyXq4ISz8LWG+a18Fi3uEV3hB
 J2JaP66tWNn2Py7TjOJrkat9a8lzqJRVBuuJEz7GekmzKFKyimnKWcaZB
X-Google-Smtp-Source: AGHT+IFM/AyjDnUG28awOau4kigUF6TVKBBwc/oKiOFIexNiL0pDkQaBF5H4osYS1gl4rkGLQwF17Qy9Aoif
X-Received: by 2002:a05:6e02:1c88:b0:36c:4aba:10be with SMTP id
 e9e14a558f8ab-36cc148d152mr157856665ab.10.1715629943769; 
 Mon, 13 May 2024 12:52:23 -0700 (PDT)
Received: from postal.iol.unh.edu (postal.iol.unh.edu.
 [2606:4100:3880:1234::84]) by smtp-relay.gmail.com with ESMTPS id
 e9e14a558f8ab-36cb9d237cdsm4564005ab.8.2024.05.13.12.52.23
 (version=TLS1_2 cipher=ECDHE-ECDSA-AES128-GCM-SHA256 bits=128/128);
 Mon, 13 May 2024 12:52:23 -0700 (PDT)
X-Relaying-Domain: iol.unh.edu
Date: Mon, 13 May 2024 12:52:23 -0700 (PDT)
Message-ID: <66426f77.920a0220.24cb4.9147SMTPIN_ADDED_MISSING@mx.google.com>
Received: from [172.17.0.3] (unknown [172.18.0.217])
 by postal.iol.unh.edu (Postfix) with ESMTP id 4AD1D605C380;
 Mon, 13 May 2024 15:52:23 -0400 (EDT)
Subject: |FAILURE| pw140040-140046 [PATCH] [RFC,v2,7/7] net/ring: use generic
From: dpdklab@iol.unh.edu
To: Test Report <test-report@dpdk.org>
Cc: dpdk-test-reports@iol.unh.edu,
 Stephen Hemminger <stephen@networkplumber.org>
In-Reply-To: <20240513185448.120356-8-stephen@networkplumber.org>
References: <20240513185448.120356-8-stephen@networkplumber.org>
Content-Type: text/plain
X-BeenThere: test-report@dpdk.org
X-Mailman-Version: 2.1.29
Precedence: list
List-Id: automatic DPDK test reports <test-report.dpdk.org>
List-Unsubscribe: <https://mails.dpdk.org/options/test-report>,
 <mailto:test-report-request@dpdk.org?subject=unsubscribe>
List-Archive: <http://mails.dpdk.org/archives/test-report/>
List-Post: <mailto:test-report@dpdk.org>
List-Help: <mailto:test-report-request@dpdk.org?subject=help>
List-Subscribe: <https://mails.dpdk.org/listinfo/test-report>,
 <mailto:test-report-request@dpdk.org?subject=subscribe>
Errors-To: test-report-bounces@dpdk.org

Test-Label: iol-unit-arm64-testing
Test-Status: FAILURE
http://dpdk.org/patch/140046

_Testing issues_

Submitter: Stephen Hemminger <stephen@networkplumber.org>
Date: Monday, May 13 2024 18:52:17 
DPDK git baseline: Repo:dpdk
  Branch: master
  CommitID:7e06c0de1952d3109a5b0c4779d7e7d8059c9d78

140040-140046 --> testing fail

Test environment and result as below:

+-----------------------------+------------------------------+---------------------------+--------------+----------------+
|         Environment         | cryptodev_sw_snow3g_autotest | cryptodev_sw_zuc_autotest | lpm_autotest | dpdk_unit_test |
+=============================+==============================+===========================+==============+================+
| Debian 12 (arm)             | PASS                         | PASS                      | SKIPPED      | FAIL           |
+-----------------------------+------------------------------+---------------------------+--------------+----------------+
| Ubuntu 20.04 ARM SVE        | SKIPPED                      | SKIPPED                   | PASS         | SKIPPED        |
+-----------------------------+------------------------------+---------------------------+--------------+----------------+
| Debian 11 (Buster) (ARM)    | SKIPPED                      | SKIPPED                   | SKIPPED      | FAIL           |
+-----------------------------+------------------------------+---------------------------+--------------+----------------+
| CentOS Stream 9 (ARM)       | SKIPPED                      | SKIPPED                   | SKIPPED      | FAIL           |
+-----------------------------+------------------------------+---------------------------+--------------+----------------+
| Fedora 38 (ARM)             | SKIPPED                      | SKIPPED                   | SKIPPED      | FAIL           |
+-----------------------------+------------------------------+---------------------------+--------------+----------------+
| Fedora 37 (ARM)             | SKIPPED                      | SKIPPED                   | SKIPPED      | FAIL           |
+-----------------------------+------------------------------+---------------------------+--------------+----------------+
| 32-bit Ubuntu 20.04.4 (ARM) | SKIPPED                      | SKIPPED                   | SKIPPED      | PASS           |
+-----------------------------+------------------------------+---------------------------+--------------+----------------+
| Ubuntu 20.04 (ARM)          | SKIPPED                      | SKIPPED                   | SKIPPED      | FAIL           |
+-----------------------------+------------------------------+---------------------------+--------------+----------------+

==== 20 line log output for Ubuntu 20.04 (ARM) (dpdk_unit_test): ====

Debian 12 (arm)
	Kernel: Container Host Kernel
	Compiler: gcc 12.2.0

Ubuntu 20.04 ARM SVE
	Kernel: 5.4.0-167-generic
	Compiler: gcc (Ubuntu 10.5.0-1ubuntu1~20.04) 10.5.0

Debian 11 (Buster) (ARM)
	Kernel: Container Host Kernel
	Compiler: gcc 10.2.1

CentOS Stream 9 (ARM)
	Kernel: Container Host Kernel
	Compiler: gcc 11.4.1

Fedora 38 (ARM)
	Kernel: Depends on container host
	Compiler: gcc 13.2.1

Fedora 37 (ARM)
	Kernel: Depends on container host
	Compiler: gcc 12.3.1

32-bit Ubuntu 20.04.4 (ARM)
	Kernel: 5.4.0-155-generic aarch64
	Compiler: gcc 9.4

Ubuntu 20.04 (ARM)
	Kernel: Container Host Kernel
	Compiler: gcc 9.4.0

To view detailed results, visit:
https://lab.dpdk.org/results/dashboard/patchsets/29948/

UNH-IOL DPDK Community Lab

To manage your email subscriptions, visit: 
https://lab.dpdk.org/results/dashboard/preferences/subscriptions/