From mboxrd@z Thu Jan  1 00:00:00 1970
Return-Path: <test-report-bounces@dpdk.org>
Received: from mails.dpdk.org (mails.dpdk.org [217.70.189.124])
	by inbox.dpdk.org (Postfix) with ESMTP id 4F0FA4401D
	for <public@inbox.dpdk.org>; Mon, 13 May 2024 21:53:04 +0200 (CEST)
Received: from mails.dpdk.org (localhost [127.0.0.1])
	by mails.dpdk.org (Postfix) with ESMTP id 4A491402F1;
	Mon, 13 May 2024 21:53:04 +0200 (CEST)
Received: from mail-oa1-f99.google.com (mail-oa1-f99.google.com
 [209.85.160.99]) by mails.dpdk.org (Postfix) with ESMTP id BE3AA402CD
 for <test-report@dpdk.org>; Mon, 13 May 2024 21:53:02 +0200 (CEST)
Received: by mail-oa1-f99.google.com with SMTP id
 586e51a60fabf-23e78ef3de7so2624050fac.1
 for <test-report@dpdk.org>; Mon, 13 May 2024 12:53:02 -0700 (PDT)
DKIM-Signature: v=1; a=rsa-sha256; c=relaxed/relaxed;
 d=iol.unh.edu; s=unh-iol; t=1715629982; x=1716234782; darn=dpdk.org;
 h=references:in-reply-to:cc:to:from:subject:message-id:date:from:to
 :cc:subject:date:message-id:reply-to;
 bh=xUNQkf5+qwxvDcSCuxbt8VODtDhbuYvKHJPeBktndBg=;
 b=GDLgQ0zr8tQNBbUgO2CIHgybRvemUSRisxZy0P0h6JJS5/2ygOR8IAdJZm8D4VMw3c
 Vk8d7+ww8M7Z6LtL4//oyvpxv6PLgsFZhSimboPhFDADaJACme9Rr5P8SDSJh/5ZJkBp
 5RAGrRDNda/gIQQ7nXpJ3AOi1D8/seu0bRcgw=
X-Google-DKIM-Signature: v=1; a=rsa-sha256; c=relaxed/relaxed;
 d=1e100.net; s=20230601; t=1715629982; x=1716234782;
 h=references:in-reply-to:cc:to:from:subject:message-id:date
 :x-gm-message-state:from:to:cc:subject:date:message-id:reply-to;
 bh=xUNQkf5+qwxvDcSCuxbt8VODtDhbuYvKHJPeBktndBg=;
 b=g4nscSsKoyGk1KgwPHjOQZlAniNdcPrdZl30LEFrm+APkJ71kuHZfsWj/VVb95PUvP
 zZEqKDTmWJpM9bBmiaHoRLdxRn2Tj929AoQw/jMsCbWKgUSInpX3XH749xrAM28n/fc3
 y78R50CHuYmArhrzoMLD3vHZrknDkwyFXztPxkLEo05WmKzxv5Sx51H7VAC6fOc864so
 vRCg4FAC+1tbnha6PVibaDiq1ggyTJIupMUnwwvRVdBpeEqbwa9LZGfZPDyDEIUkcFDe
 h7srVfyHm7Cw8gCK6bTNNP4JVa2TvOdqCHDkdBzgksSnf0Ug4DFO1dOftFgzrwJgXTvk
 8eLw==
X-Gm-Message-State: AOJu0Yw5yUou+O9pb/4MM/YKPBfl//0ct9eNpEcYdnKOPahCcAn1SQPX
 xMJVSL5t4mv3bQcCcta6jNlAu58tu5XanGGekcZH9IkZBn9BLYUfm+nuNEqTtVuC83B6CEd1Ro/
 DiuwcLbqwRZEp/7hHJgOUSWZ6P1Zbs55lEKFkgVE6
X-Google-Smtp-Source: AGHT+IG75cKzWb3yJCykJdxvpbEhRbHyurd6boTnUBYENjQpqnbb480KOybq+7wI0CSwyhXaiNcT9QHLrMqP
X-Received: by 2002:a05:6871:3311:b0:23c:6723:8651 with SMTP id
 586e51a60fabf-24172a4e3a4mr16461428fac.11.1715629982146; 
 Mon, 13 May 2024 12:53:02 -0700 (PDT)
Received: from postal.iol.unh.edu (postal.iol.unh.edu. [132.177.123.84])
 by smtp-relay.gmail.com with ESMTPS id
 586e51a60fabf-2412a3d2df1sm484831fac.8.2024.05.13.12.53.02
 (version=TLS1_2 cipher=ECDHE-ECDSA-AES128-GCM-SHA256 bits=128/128);
 Mon, 13 May 2024 12:53:02 -0700 (PDT)
X-Relaying-Domain: iol.unh.edu
Date: Mon, 13 May 2024 12:53:02 -0700 (PDT)
Message-ID: <66426f9e.050a0220.828f2.a1ecSMTPIN_ADDED_MISSING@mx.google.com>
Received: from [172.17.0.3] (unknown [172.18.0.217])
 by postal.iol.unh.edu (Postfix) with ESMTP id 961EA605C380;
 Mon, 13 May 2024 15:53:01 -0400 (EDT)
Subject: |FAILURE| pw140040-140046 [PATCH] [RFC,v2,7/7] net/ring: use generic
From: dpdklab@iol.unh.edu
To: Test Report <test-report@dpdk.org>
Cc: dpdk-test-reports@iol.unh.edu,
 Stephen Hemminger <stephen@networkplumber.org>
In-Reply-To: <20240513185448.120356-8-stephen@networkplumber.org>
References: <20240513185448.120356-8-stephen@networkplumber.org>
Content-Type: text/plain
X-BeenThere: test-report@dpdk.org
X-Mailman-Version: 2.1.29
Precedence: list
List-Id: automatic DPDK test reports <test-report.dpdk.org>
List-Unsubscribe: <https://mails.dpdk.org/options/test-report>,
 <mailto:test-report-request@dpdk.org?subject=unsubscribe>
List-Archive: <http://mails.dpdk.org/archives/test-report/>
List-Post: <mailto:test-report@dpdk.org>
List-Help: <mailto:test-report-request@dpdk.org?subject=help>
List-Subscribe: <https://mails.dpdk.org/listinfo/test-report>,
 <mailto:test-report-request@dpdk.org?subject=subscribe>
Errors-To: test-report-bounces@dpdk.org

Test-Label: iol-unit-arm64-testing
Test-Status: FAILURE
http://dpdk.org/patch/140046

_Testing issues_

Submitter: Stephen Hemminger <stephen@networkplumber.org>
Date: Monday, May 13 2024 18:52:17 
DPDK git baseline: Repo:dpdk
  Branch: master
  CommitID:7e06c0de1952d3109a5b0c4779d7e7d8059c9d78

140040-140046 --> testing fail

Test environment and result as below:

+-----------------------------+------------------------------+---------------------------+--------------+----------------+
|         Environment         | cryptodev_sw_snow3g_autotest | cryptodev_sw_zuc_autotest | lpm_autotest | dpdk_unit_test |
+=============================+==============================+===========================+==============+================+
| Debian 12 (arm)             | PASS                         | PASS                      | SKIPPED      | FAIL           |
+-----------------------------+------------------------------+---------------------------+--------------+----------------+
| Ubuntu 20.04 ARM SVE        | SKIPPED                      | SKIPPED                   | PASS         | SKIPPED        |
+-----------------------------+------------------------------+---------------------------+--------------+----------------+
| Debian 11 (Buster) (ARM)    | SKIPPED                      | SKIPPED                   | SKIPPED      | FAIL           |
+-----------------------------+------------------------------+---------------------------+--------------+----------------+
| CentOS Stream 9 (ARM)       | SKIPPED                      | SKIPPED                   | SKIPPED      | FAIL           |
+-----------------------------+------------------------------+---------------------------+--------------+----------------+
| Fedora 38 (ARM)             | SKIPPED                      | SKIPPED                   | SKIPPED      | FAIL           |
+-----------------------------+------------------------------+---------------------------+--------------+----------------+
| Fedora 37 (ARM)             | SKIPPED                      | SKIPPED                   | SKIPPED      | FAIL           |
+-----------------------------+------------------------------+---------------------------+--------------+----------------+
| 32-bit Ubuntu 20.04.4 (ARM) | SKIPPED                      | SKIPPED                   | SKIPPED      | PASS           |
+-----------------------------+------------------------------+---------------------------+--------------+----------------+
| Ubuntu 20.04 (ARM)          | SKIPPED                      | SKIPPED                   | SKIPPED      | FAIL           |
+-----------------------------+------------------------------+---------------------------+--------------+----------------+
| Fedora 39 (ARM)             | SKIPPED                      | SKIPPED                   | SKIPPED      | FAIL           |
+-----------------------------+------------------------------+---------------------------+--------------+----------------+

==== 20 line log output for Fedora 39 (ARM) (dpdk_unit_test): ====

Debian 12 (arm)
	Kernel: Container Host Kernel
	Compiler: gcc 12.2.0

Ubuntu 20.04 ARM SVE
	Kernel: 5.4.0-167-generic
	Compiler: gcc (Ubuntu 10.5.0-1ubuntu1~20.04) 10.5.0

Debian 11 (Buster) (ARM)
	Kernel: Container Host Kernel
	Compiler: gcc 10.2.1

CentOS Stream 9 (ARM)
	Kernel: Container Host Kernel
	Compiler: gcc 11.4.1

Fedora 38 (ARM)
	Kernel: Depends on container host
	Compiler: gcc 13.2.1

Fedora 37 (ARM)
	Kernel: Depends on container host
	Compiler: gcc 12.3.1

32-bit Ubuntu 20.04.4 (ARM)
	Kernel: 5.4.0-155-generic aarch64
	Compiler: gcc 9.4

Ubuntu 20.04 (ARM)
	Kernel: Container Host Kernel
	Compiler: gcc 9.4.0

Fedora 39 (ARM)
	Kernel: Depends on container host
	Compiler: gcc 13.2.1

To view detailed results, visit:
https://lab.dpdk.org/results/dashboard/patchsets/29948/

UNH-IOL DPDK Community Lab

To manage your email subscriptions, visit: 
https://lab.dpdk.org/results/dashboard/preferences/subscriptions/