From mboxrd@z Thu Jan  1 00:00:00 1970
Return-Path: <test-report-bounces@dpdk.org>
Received: from mails.dpdk.org (mails.dpdk.org [217.70.189.124])
	by inbox.dpdk.org (Postfix) with ESMTP id E65024402F
	for <public@inbox.dpdk.org>; Wed, 15 May 2024 00:24:38 +0200 (CEST)
Received: from mails.dpdk.org (localhost [127.0.0.1])
	by mails.dpdk.org (Postfix) with ESMTP id E1AA54029E;
	Wed, 15 May 2024 00:24:38 +0200 (CEST)
Received: from mail-yb1-f227.google.com (mail-yb1-f227.google.com
 [209.85.219.227])
 by mails.dpdk.org (Postfix) with ESMTP id 392E54025C
 for <test-report@dpdk.org>; Wed, 15 May 2024 00:24:37 +0200 (CEST)
Received: by mail-yb1-f227.google.com with SMTP id
 3f1490d57ef6-de45dba15feso6102777276.3
 for <test-report@dpdk.org>; Tue, 14 May 2024 15:24:37 -0700 (PDT)
DKIM-Signature: v=1; a=rsa-sha256; c=relaxed/relaxed;
 d=iol.unh.edu; s=unh-iol; t=1715725476; x=1716330276; darn=dpdk.org;
 h=references:in-reply-to:cc:to:from:subject:message-id:date:from:to
 :cc:subject:date:message-id:reply-to;
 bh=O5JGO/UI+8NWscTa6I01u1oq2SQlyQ01duLBDG7LNd8=;
 b=Kq3NTsp3ti5MBqqdXAz1VBHQ5/Sm1pJ4KR/9+mbAR1g2xBxrMBillwL1wmIudbqkBK
 GEnsKHI8gO7FpTnjOfY/c9Tcxc3GEgaHeJ6xS0YMNodNidLuly6TmqiiXTdkpcoJpnY8
 eJ+bvQLpC+ju6eLELAZCOL3Zh8Mwfbq5IpZAo=
X-Google-DKIM-Signature: v=1; a=rsa-sha256; c=relaxed/relaxed;
 d=1e100.net; s=20230601; t=1715725476; x=1716330276;
 h=references:in-reply-to:cc:to:from:subject:message-id:date
 :x-gm-message-state:from:to:cc:subject:date:message-id:reply-to;
 bh=O5JGO/UI+8NWscTa6I01u1oq2SQlyQ01duLBDG7LNd8=;
 b=MjhPrKWA5JDCpJuqnxFdYmjjPO1ByP1IdjAzuLruice0VqWQcV0z9ibFge1j8O+fqS
 HSL1dLpjjjESjmQb1YjJ9gzmEZQoQ8qRWzeZX6sVuLfRxQKWu77xs3svVOCr2lOeE4Ij
 /VQW9CbnpdJTGURpGlQ6F7yZdaZRWwaXaCAmnMNKKeCF7CIbtZjqBZk/x3aqmFSBhfnr
 /yK2xiR1NK/M7PaNw8sQZWRDnDG2qiO5CdLK/TT4//vXFPwimcBiUTH7Np+1sBYl6jRw
 B5B5sPszwn4paToXUKwalr6h9b+3Pu6+p1wNZzZDZwe/hW5hqy7k/aijaF9EyaNVgzBK
 r93A==
X-Gm-Message-State: AOJu0Yz9I/H0l2JmiqHr8ehAGLmcxOH0flv5A74rJtRZ/Qh+nzbz0ZgF
 ac1Y2vAMt3MosxCqtB8yegHq4vkDBxLHgvMmiOP343d4Zd0oLIJe1FugaGOBdITIdIpZlri1vxm
 zeVLTz8rxphNH0vn9847D/SGtUUXRS25L5YX6JzHL8ksrNHR6SU11Umla
X-Google-Smtp-Source: AGHT+IElhs1ka1I0wPdvfgRy2C4NXAP8VqU2I6p0JUeU0EfV0ZRomW3qk0/EmnVZ3L1Cc5thclvHezbegUe0
X-Received: by 2002:a5b:3ce:0:b0:de5:51d0:9a8d with SMTP id
 3f1490d57ef6-dee4f334373mr12439134276.55.1715725476637; 
 Tue, 14 May 2024 15:24:36 -0700 (PDT)
Received: from postal.iol.unh.edu (postal.iol.unh.edu.
 [2606:4100:3880:1234::84]) by smtp-relay.gmail.com with ESMTPS id
 3f1490d57ef6-dee7d740951sm141951276.11.2024.05.14.15.24.36
 (version=TLS1_2 cipher=ECDHE-ECDSA-AES128-GCM-SHA256 bits=128/128);
 Tue, 14 May 2024 15:24:36 -0700 (PDT)
X-Relaying-Domain: iol.unh.edu
Date: Tue, 14 May 2024 15:24:36 -0700 (PDT)
Message-ID: <6643e4a4.050a0220.127790.80c6SMTPIN_ADDED_MISSING@mx.google.com>
Received: from [172.17.0.4] (unknown [172.18.0.217])
 by postal.iol.unh.edu (Postfix) with ESMTP id 41E88605C373;
 Tue, 14 May 2024 18:24:36 -0400 (EDT)
Subject: |FAILURE| pw140075-140118 [PATCH] [v6,45/45] app/test-bbdev: use rte
From: dpdklab@iol.unh.edu
To: Test Report <test-report@dpdk.org>
Cc: dpdk-test-reports@iol.unh.edu,
 Tyler Retzlaff <roretzla@linux.microsoft.com>
In-Reply-To: <1715704559-15839-46-git-send-email-roretzla@linux.microsoft.com>
References: <1715704559-15839-46-git-send-email-roretzla@linux.microsoft.com>
Content-Type: text/plain
X-BeenThere: test-report@dpdk.org
X-Mailman-Version: 2.1.29
Precedence: list
List-Id: automatic DPDK test reports <test-report.dpdk.org>
List-Unsubscribe: <https://mails.dpdk.org/options/test-report>,
 <mailto:test-report-request@dpdk.org?subject=unsubscribe>
List-Archive: <http://mails.dpdk.org/archives/test-report/>
List-Post: <mailto:test-report@dpdk.org>
List-Help: <mailto:test-report-request@dpdk.org?subject=help>
List-Subscribe: <https://mails.dpdk.org/listinfo/test-report>,
 <mailto:test-report-request@dpdk.org?subject=subscribe>
Errors-To: test-report-bounces@dpdk.org

Test-Label: iol-unit-amd64-testing
Test-Status: FAILURE
http://dpdk.org/patch/140118

_Testing issues_

Submitter: Tyler Retzlaff <roretzla@linux.microsoft.com>
Date: Tuesday, May 14 2024 16:35:59 
DPDK git baseline: Repo:dpdk
  Branch: master
  CommitID:7e06c0de1952d3109a5b0c4779d7e7d8059c9d78

140075-140118 --> testing fail

Test environment and result as below:

+---------------------+----------------+
|     Environment     | dpdk_unit_test |
+=====================+================+
| CentOS Stream 8     | PASS           |
+---------------------+----------------+
| CentOS Stream 9     | PASS           |
+---------------------+----------------+
| Windows Server 2019 | PASS           |
+---------------------+----------------+
| Debian Bullseye     | PASS           |
+---------------------+----------------+
| Debian 12           | FAIL           |
+---------------------+----------------+
| Fedora 37           | PASS           |
+---------------------+----------------+
| Fedora 39           | PASS           |
+---------------------+----------------+
| Fedora 38           | PASS           |
+---------------------+----------------+

==== 20 line log output for Debian 12 (dpdk_unit_test): ====

CentOS Stream 8
	Kernel: 5.4.0-167-generic
	Compiler: gcc 8.5.0 20210514

CentOS Stream 9
	Kernel: 5.4.0-167-generic
	Compiler: gcc 11.4.1 20230605

Windows Server 2019
	Kernel: 10.0.17763
	Compiler: clang 14.0 and gcc 8.1.0 (MinGW)

Debian Bullseye
	Kernel: 5.4.0-167-generic
	Compiler: gcc 10.2.1-6

Debian 12
	Kernel: Container Host Kernel
	Compiler: gcc 10.2.1

Fedora 37
	Kernel: Depends on container host system
	Compiler: gcc 12.3.1

Fedora 39
	Kernel: Depends on container host
	Compiler: gcc 13.2.1

Fedora 38
	Kernel: Depends on container host
	Compiler: gcc 13.2.1

To view detailed results, visit:
https://lab.dpdk.org/results/dashboard/patchsets/29960/

UNH-IOL DPDK Community Lab

To manage your email subscriptions, visit: 
https://lab.dpdk.org/results/dashboard/preferences/subscriptions/