From mboxrd@z Thu Jan  1 00:00:00 1970
Return-Path: <test-report-bounces@dpdk.org>
Received: from mails.dpdk.org (mails.dpdk.org [217.70.189.124])
	by inbox.dpdk.org (Postfix) with ESMTP id 374C044030
	for <public@inbox.dpdk.org>; Wed, 15 May 2024 02:09:34 +0200 (CEST)
Received: from mails.dpdk.org (localhost [127.0.0.1])
	by mails.dpdk.org (Postfix) with ESMTP id 2C3024029E;
	Wed, 15 May 2024 02:09:34 +0200 (CEST)
Received: from mail-oo1-f99.google.com (mail-oo1-f99.google.com
 [209.85.161.99]) by mails.dpdk.org (Postfix) with ESMTP id 736984025C
 for <test-report@dpdk.org>; Wed, 15 May 2024 02:09:33 +0200 (CEST)
Received: by mail-oo1-f99.google.com with SMTP id
 006d021491bc7-5b277993a48so3599344eaf.1
 for <test-report@dpdk.org>; Tue, 14 May 2024 17:09:33 -0700 (PDT)
DKIM-Signature: v=1; a=rsa-sha256; c=relaxed/relaxed;
 d=iol.unh.edu; s=unh-iol; t=1715731772; x=1716336572; darn=dpdk.org;
 h=references:in-reply-to:cc:to:from:subject:message-id:date:from:to
 :cc:subject:date:message-id:reply-to;
 bh=Fe3b1OdIekFdeaT3FSdhsH/Y2mUtwmaDtXoodkbLH0c=;
 b=DDP90Ptv4W7LR6GJqc4LfykOH+iyzoJpS0jXObgNQ5V8+J32ECbbvqyIFmre14tT9Q
 S8SjfSigp6G0kBsKKMQVC2CvNZIx5IafP43WwSWorlRTBJeg7o4HIRkh6bbs90NVmEsk
 WE0AmuSFOra++NobXPIyS2CQ8lB2gSj7ft0e8=
X-Google-DKIM-Signature: v=1; a=rsa-sha256; c=relaxed/relaxed;
 d=1e100.net; s=20230601; t=1715731772; x=1716336572;
 h=references:in-reply-to:cc:to:from:subject:message-id:date
 :x-gm-message-state:from:to:cc:subject:date:message-id:reply-to;
 bh=Fe3b1OdIekFdeaT3FSdhsH/Y2mUtwmaDtXoodkbLH0c=;
 b=nT/yCwmsMC4R8apX2d4vdp2ArAV88KcPKplkyl83dIViY95rBjtsuCW8d7KYgMkYpC
 67PHXKX3oozQiiYy7gGnlGetlWNG1SmjmQcChMhzWnWt5NDq3JMonC/LWNLDaIzRRfjM
 l0/jkP0orE3bDi1Xl1cRSUdHZCyHhpo6RqfydJ7WgohTpDVkfszy3u8MiDWhN+Gvy7l+
 gaHG4fImsBI9LMDC9d7ey/GNU9PPNyCdO0QGXrlsFZUFysDSYImm44mc/i9K0X7rz7dG
 aH+PzRNVaJ++yLykPKuZnLccZGrxP2sogwB2BXGFXkxsEVL2x5WOTa3nNUAWP5OyBSgI
 /C8g==
X-Gm-Message-State: AOJu0YyQiN9XSx6tOih2E5tu60jKf3F5WKa6SLZveKJ52PR08jVsln/H
 9vXvhd+yie7cJemKmIcgHEkJzUIJKfZltm7Z7jHDRCn1UZGAVLwN49eFQ8lC4e6Il+uiZI68wSW
 btcPNGir9TYSZ9Wty+gPmw5YFgqtsCAWQnCHfVaJ2
X-Google-Smtp-Source: AGHT+IGMQq2V6N6IKxHvwkmy+GiqhnPc8fs0Ww3PN9Z5Cox39DG45q3P77gPclN6lDk44IP/QlJx+eUsudYg
X-Received: by 2002:a4a:b08c:0:b0:5b2:3f04:8d03 with SMTP id
 006d021491bc7-5b281aa9697mr13604938eaf.7.1715731772772; 
 Tue, 14 May 2024 17:09:32 -0700 (PDT)
Received: from postal.iol.unh.edu (postal.iol.unh.edu. [132.177.123.84])
 by smtp-relay.gmail.com with ESMTPS id
 006d021491bc7-5b26ddca251sm1051026eaf.16.2024.05.14.17.09.32
 (version=TLS1_2 cipher=ECDHE-ECDSA-AES128-GCM-SHA256 bits=128/128);
 Tue, 14 May 2024 17:09:32 -0700 (PDT)
X-Relaying-Domain: iol.unh.edu
Date: Tue, 14 May 2024 17:09:32 -0700 (PDT)
Message-ID: <6643fd3c.4a0a0220.1309b.ad60SMTPIN_ADDED_MISSING@mx.google.com>
Received: from [172.17.0.3] (unknown [172.18.0.217])
 by postal.iol.unh.edu (Postfix) with ESMTP id 48534605C373;
 Tue, 14 May 2024 20:09:32 -0400 (EDT)
Subject: |FAILURE| pw140067-140073 [PATCH] [v3,7/7] net/tap: use generic SW s
From: dpdklab@iol.unh.edu
To: Test Report <test-report@dpdk.org>
Cc: dpdk-test-reports@iol.unh.edu,
 Stephen Hemminger <stephen@networkplumber.org>
In-Reply-To: <20240514153845.42489-8-stephen@networkplumber.org>
References: <20240514153845.42489-8-stephen@networkplumber.org>
Content-Type: text/plain
X-BeenThere: test-report@dpdk.org
X-Mailman-Version: 2.1.29
Precedence: list
List-Id: automatic DPDK test reports <test-report.dpdk.org>
List-Unsubscribe: <https://mails.dpdk.org/options/test-report>,
 <mailto:test-report-request@dpdk.org?subject=unsubscribe>
List-Archive: <http://mails.dpdk.org/archives/test-report/>
List-Post: <mailto:test-report@dpdk.org>
List-Help: <mailto:test-report-request@dpdk.org?subject=help>
List-Subscribe: <https://mails.dpdk.org/listinfo/test-report>,
 <mailto:test-report-request@dpdk.org?subject=subscribe>
Errors-To: test-report-bounces@dpdk.org

Test-Label: iol-unit-amd64-testing
Test-Status: FAILURE
http://dpdk.org/patch/140073

_Testing issues_

Submitter: Stephen Hemminger <stephen@networkplumber.org>
Date: Tuesday, May 14 2024 15:35:10 
DPDK git baseline: Repo:dpdk
  Branch: master
  CommitID:7e06c0de1952d3109a5b0c4779d7e7d8059c9d78

140067-140073 --> testing fail

Test environment and result as below:

+---------------------+----------------+
|     Environment     | dpdk_unit_test |
+=====================+================+
| CentOS Stream 8     | PASS           |
+---------------------+----------------+
| Debian Bullseye     | PASS           |
+---------------------+----------------+
| CentOS Stream 9     | PASS           |
+---------------------+----------------+
| Debian 12           | PASS           |
+---------------------+----------------+
| Fedora 38           | FAIL           |
+---------------------+----------------+
| Fedora 37           | PASS           |
+---------------------+----------------+
| Fedora 39           | FAIL           |
+---------------------+----------------+
| Ubuntu 20.04        | PASS           |
+---------------------+----------------+
| RHEL8               | PASS           |
+---------------------+----------------+
| openSUSE Leap 15    | PASS           |
+---------------------+----------------+
| Ubuntu 22.04        | PASS           |
+---------------------+----------------+
| Windows Server 2019 | FAIL           |
+---------------------+----------------+
| Windows Server 2022 | PASS           |
+---------------------+----------------+

==== 20 line log output for Windows Server 2019 (dpdk_unit_test): ====

CentOS Stream 8
	Kernel: 5.4.0-167-generic
	Compiler: gcc 8.5.0 20210514

Debian Bullseye
	Kernel: 5.4.0-167-generic
	Compiler: gcc 10.2.1-6

CentOS Stream 9
	Kernel: 5.4.0-167-generic
	Compiler: gcc 11.4.1 20230605

Debian 12
	Kernel: Container Host Kernel
	Compiler: gcc 10.2.1

Fedora 38
	Kernel: Depends on container host
	Compiler: gcc 13.2.1

Fedora 37
	Kernel: Depends on container host system
	Compiler: gcc 12.3.1

Fedora 39
	Kernel: Depends on container host
	Compiler: gcc 13.2.1

Ubuntu 20.04
	Kernel: 5.4.0-167-generic
	Compiler: gcc 9.4.0-1ubuntu1~20.04.1

RHEL8
	Kernel: 5.4.0-167-generic
	Compiler: gcc 8.5.0 20210514 (Red Hat 8.5.0-20)

openSUSE Leap 15
	Kernel: 5.4.0-167-generic
	Compiler: gcc 7.5.0

Ubuntu 22.04
	Kernel: 5.4.0-167-generic
	Compiler: gcc 11.4.0

Windows Server 2019
	Kernel: 10.0.17763
	Compiler: clang 14.0 and gcc 8.1.0 (MinGW)

Windows Server 2022
	Kernel: 10.0.20348.2031
	Compiler: clang 15.0.7, gcc 8.1.0 (MinGW), and MSVC VS 17.9

To view detailed results, visit:
https://lab.dpdk.org/results/dashboard/patchsets/29959/

UNH-IOL DPDK Community Lab

To manage your email subscriptions, visit: 
https://lab.dpdk.org/results/dashboard/preferences/subscriptions/