From mboxrd@z Thu Jan  1 00:00:00 1970
Return-Path: <test-report-bounces@dpdk.org>
Received: from mails.dpdk.org (mails.dpdk.org [217.70.189.124])
	by inbox.dpdk.org (Postfix) with ESMTP id 8DBE64403D
	for <public@inbox.dpdk.org>; Thu, 16 May 2024 02:58:04 +0200 (CEST)
Received: from mails.dpdk.org (localhost [127.0.0.1])
	by mails.dpdk.org (Postfix) with ESMTP id 893CA402E1;
	Thu, 16 May 2024 02:58:04 +0200 (CEST)
Received: from mail-pl1-f225.google.com (mail-pl1-f225.google.com
 [209.85.214.225])
 by mails.dpdk.org (Postfix) with ESMTP id 5161C402C2
 for <test-report@dpdk.org>; Thu, 16 May 2024 02:58:03 +0200 (CEST)
Received: by mail-pl1-f225.google.com with SMTP id
 d9443c01a7336-1ee0132a6f3so59319575ad.0
 for <test-report@dpdk.org>; Wed, 15 May 2024 17:58:03 -0700 (PDT)
DKIM-Signature: v=1; a=rsa-sha256; c=relaxed/relaxed;
 d=iol.unh.edu; s=unh-iol; t=1715821082; x=1716425882; darn=dpdk.org;
 h=references:in-reply-to:cc:to:from:subject:message-id:date:from:to
 :cc:subject:date:message-id:reply-to;
 bh=3ncc3pCIhry5QsEikfToLaSCNG2HwL9qIv05X22NvzA=;
 b=erUjyfJwuCbVgFBHN6i6wxyioKT7qYYTAw4hSIKZVyC+S6wPRDSK2Whb+gnDicxUb4
 Hl0zUeN/0gApi89CS3yO9N4SW6Rmu5d3K/13TX+mhl4EN0v1uL1eXtiF2pti4FbAsLtc
 HTIHdFA8dmLN4BJR53PBe8Vl8ADf1De3X0OtI=
X-Google-DKIM-Signature: v=1; a=rsa-sha256; c=relaxed/relaxed;
 d=1e100.net; s=20230601; t=1715821082; x=1716425882;
 h=references:in-reply-to:cc:to:from:subject:message-id:date
 :x-gm-message-state:from:to:cc:subject:date:message-id:reply-to;
 bh=3ncc3pCIhry5QsEikfToLaSCNG2HwL9qIv05X22NvzA=;
 b=dqNoG5DwGLCCZGMfGMFJPFOaDgCttYKD2rmcE68W1sG5j4LyBynQjwhHdiBTWBvfAY
 qQZkuDS5B6vA8wfReXyq9AgBRNERjDfzTlFa0RQM0bfBklxOYqUfQT1a0lVqdKVZ1CJr
 uYXodyfwCtH6mDGbfaX8UEqsLFOWEfkIjKXA65XUVrOWrRZs/NpCXlX0WVuL5GxQSP+W
 2M4CN0DTvLg1AYfApyAARwde1UG0QJzDfQJBy0520T1bz+xvtECPtkWHtopFM8H554s8
 OPyHvz9DN5EXRKkmrPNJk821/3OATALtBJ9K5ieCAzZJSjKG+Edraop6YLP3PYQTpkW6
 pLow==
X-Gm-Message-State: AOJu0Yx3L8ReJ0CkkvettpFZdnx8JQ5rZJvyR1ORMEKi9CDR9Qs/ww1E
 7J7tnpnVJTRArX6ogzy8LsGKl6hiMxbHGyuUGNielQds3MwKro71XrXHWqXsdQAvOcPPnc7d5Kd
 6/hTIE5BLbKkEhnh1e6/2X4ipbUyawri+Ungyd5Xl
X-Google-Smtp-Source: AGHT+IE3XwGbU/ftCKsBliOLSrwON5fewDhxEIEFr30F03goQUy+eswEy+hawUG9UJbsDa4raLb8j2oIcuix
X-Received: by 2002:a17:903:2288:b0:1eb:dae:714f with SMTP id
 d9443c01a7336-1ef43c0ced6mr199481655ad.9.1715821082624; 
 Wed, 15 May 2024 17:58:02 -0700 (PDT)
Received: from postal.iol.unh.edu (postal.iol.unh.edu. [132.177.123.84])
 by smtp-relay.gmail.com with ESMTPS id
 d9443c01a7336-1ef0b9cccffsm5148995ad.5.2024.05.15.17.58.02
 (version=TLS1_2 cipher=ECDHE-ECDSA-AES128-GCM-SHA256 bits=128/128);
 Wed, 15 May 2024 17:58:02 -0700 (PDT)
X-Relaying-Domain: iol.unh.edu
Date: Wed, 15 May 2024 17:58:02 -0700 (PDT)
Message-ID: <66455a1a.170a0220.1cf5f.0694SMTPIN_ADDED_MISSING@mx.google.com>
Received: from [172.21.0.6] (unknown [172.18.0.240])
 by postal.iol.unh.edu (Postfix) with ESMTP id BF2D9605C373;
 Wed, 15 May 2024 20:58:01 -0400 (EDT)
Subject: |FAILURE| pw140129-140136 [PATCH] [v4,8/8] net/null: use generic SW 
From: dpdklab@iol.unh.edu
To: Test Report <test-report@dpdk.org>
Cc: dpdk-test-reports@iol.unh.edu,
 Stephen Hemminger <stephen@networkplumber.org>
In-Reply-To: <20240515234234.5015-9-stephen@networkplumber.org>
References: <20240515234234.5015-9-stephen@networkplumber.org>
Content-Type: text/plain
X-BeenThere: test-report@dpdk.org
X-Mailman-Version: 2.1.29
Precedence: list
List-Id: automatic DPDK test reports <test-report.dpdk.org>
List-Unsubscribe: <https://mails.dpdk.org/options/test-report>,
 <mailto:test-report-request@dpdk.org?subject=unsubscribe>
List-Archive: <http://mails.dpdk.org/archives/test-report/>
List-Post: <mailto:test-report@dpdk.org>
List-Help: <mailto:test-report-request@dpdk.org?subject=help>
List-Subscribe: <https://mails.dpdk.org/listinfo/test-report>,
 <mailto:test-report-request@dpdk.org?subject=subscribe>
Errors-To: test-report-bounces@dpdk.org

Test-Label: iol-unit-amd64-testing
Test-Status: FAILURE
http://dpdk.org/patch/140136

_Testing issues_

Submitter: Stephen Hemminger <stephen@networkplumber.org>
Date: Wednesday, May 15 2024 23:41:00 
DPDK git baseline: Repo:dpdk
  Branch: master
  CommitID:7e06c0de1952d3109a5b0c4779d7e7d8059c9d78

140129-140136 --> testing fail

Test environment and result as below:

+---------------------+----------------+
|     Environment     | dpdk_unit_test |
+=====================+================+
| CentOS Stream 9     | PASS           |
+---------------------+----------------+
| CentOS Stream 8     | PASS           |
+---------------------+----------------+
| Debian 12           | PASS           |
+---------------------+----------------+
| Fedora 37           | PASS           |
+---------------------+----------------+
| Windows Server 2019 | FAIL           |
+---------------------+----------------+
| Debian Bullseye     | PASS           |
+---------------------+----------------+
| Fedora 38           | FAIL           |
+---------------------+----------------+
| Fedora 39           | FAIL           |
+---------------------+----------------+
| openSUSE Leap 15    | PASS           |
+---------------------+----------------+
| RHEL8               | PASS           |
+---------------------+----------------+
| Ubuntu 20.04        | PASS           |
+---------------------+----------------+
| Ubuntu 22.04        | PASS           |
+---------------------+----------------+

==== 20 line log output for Fedora 39 (dpdk_unit_test): ====

CentOS Stream 9
	Kernel: 5.4.0-167-generic
	Compiler: gcc 11.4.1 20230605

CentOS Stream 8
	Kernel: 5.4.0-167-generic
	Compiler: gcc 8.5.0 20210514

Debian 12
	Kernel: Container Host Kernel
	Compiler: gcc 10.2.1

Fedora 37
	Kernel: Depends on container host system
	Compiler: gcc 12.3.1

Windows Server 2019
	Kernel: 10.0.17763
	Compiler: clang 14.0 and gcc 8.1.0 (MinGW)

Debian Bullseye
	Kernel: 5.4.0-167-generic
	Compiler: gcc 10.2.1-6

Fedora 38
	Kernel: Depends on container host
	Compiler: gcc 13.2.1

Fedora 39
	Kernel: Depends on container host
	Compiler: gcc 13.2.1

openSUSE Leap 15
	Kernel: 5.4.0-167-generic
	Compiler: gcc 7.5.0

RHEL8
	Kernel: 5.4.0-167-generic
	Compiler: gcc 8.5.0 20210514 (Red Hat 8.5.0-20)

Ubuntu 20.04
	Kernel: 5.4.0-167-generic
	Compiler: gcc 9.4.0-1ubuntu1~20.04.1

Ubuntu 22.04
	Kernel: 5.4.0-167-generic
	Compiler: gcc 11.4.0

To view detailed results, visit:
https://lab.dpdk.org/results/dashboard/patchsets/29967/

UNH-IOL DPDK Community Lab

To manage your email subscriptions, visit: 
https://lab.dpdk.org/results/dashboard/preferences/subscriptions/