From mboxrd@z Thu Jan  1 00:00:00 1970
Return-Path: <test-report-bounces@dpdk.org>
Received: from mails.dpdk.org (mails.dpdk.org [217.70.189.124])
	by inbox.dpdk.org (Postfix) with ESMTP id 6975843FFC
	for <public@inbox.dpdk.org>; Thu, 16 May 2024 18:43:02 +0200 (CEST)
Received: from mails.dpdk.org (localhost [127.0.0.1])
	by mails.dpdk.org (Postfix) with ESMTP id 65C164029B;
	Thu, 16 May 2024 18:43:02 +0200 (CEST)
Received: from mail-qt1-f225.google.com (mail-qt1-f225.google.com
 [209.85.160.225])
 by mails.dpdk.org (Postfix) with ESMTP id 9744640261
 for <test-report@dpdk.org>; Thu, 16 May 2024 18:43:01 +0200 (CEST)
Received: by mail-qt1-f225.google.com with SMTP id
 d75a77b69052e-43df2c8eeb1so38489461cf.3
 for <test-report@dpdk.org>; Thu, 16 May 2024 09:43:01 -0700 (PDT)
DKIM-Signature: v=1; a=rsa-sha256; c=relaxed/relaxed;
 d=iol.unh.edu; s=unh-iol; t=1715877781; x=1716482581; darn=dpdk.org;
 h=references:in-reply-to:cc:to:from:subject:message-id:date:from:to
 :cc:subject:date:message-id:reply-to;
 bh=t//prA/bZK1TIgbUVjPTkYzyQCAkwhVhXKN7tH5greE=;
 b=F9SJVDXS64MYoBwruaxkXeAENXfZ97GuxxbJd1iRwB6QwB6AusyWqH9ocrITyooy8W
 AdRQdBArvE+XzPG8N/cGbjbHkThmgYH5qcCy9GfbAYNgSFtnJyWqx8hLMkcYiPbMafGu
 icaWIuvw8s2FP3vmyVxHp5Mlnk4remB7npmfo=
X-Google-DKIM-Signature: v=1; a=rsa-sha256; c=relaxed/relaxed;
 d=1e100.net; s=20230601; t=1715877781; x=1716482581;
 h=references:in-reply-to:cc:to:from:subject:message-id:date
 :x-gm-message-state:from:to:cc:subject:date:message-id:reply-to;
 bh=t//prA/bZK1TIgbUVjPTkYzyQCAkwhVhXKN7tH5greE=;
 b=W1F1t3FgsjwLB9Iio0rwhSXUXXm+TeIiUav0LdXe/HDQ9mWyFWWZ1Ph59e0C1XTMHB
 gAm2aqew6cu+ZyWNrG8s/Rbm2VuNBchUFEEHU6qWgloT210f5czm98nBgdNWQ6QUE5x2
 ym/cy7qSu9gDYHJNa/Z3mD/0VPF9UmoYvgoREfrlyKcsm/94AujwjYe+KpsWC/vmvKrO
 PQDwDB5ulNqSI2r/eGhgV+myEhgrPtd0X0l62u9FgsK3PHTFOoBXAg/NWyaBPkun0m87
 drwrHScA2yhhYTw58VcT0W4tho+Htp/DrQ1Fd10smRsp/4DdyOlAxaqzbZnCDxpfWJ/2
 3vtA==
X-Gm-Message-State: AOJu0YyufbNlnuUeGzptqyoSgGd0gZISnNIFU9+mw9n8kB7OAlVAffkP
 4hmhhcmgcD3ShD9fghi5FyeA9G9VOtnkz/xcWN3Mcatogi+AS0As0fe+EuVAV+tqVxBEKFdh7Ag
 u4sdxATHds4qZLiv1FnqAt/81PleXQvfjSRzzTYv4SMm9IsUwwz7NPt5E
X-Google-Smtp-Source: AGHT+IFq6RNlVCNa6aTLpdfTtJwkzXwz0jMu9LU7hdpO2chV+GaV/hg/rikYe+cHg8YkranEbqdxUhYnTecA
X-Received: by 2002:ac8:58c9:0:b0:43b:70f:64b1 with SMTP id
 d75a77b69052e-43dfdaf7863mr216252481cf.25.1715877781010; 
 Thu, 16 May 2024 09:43:01 -0700 (PDT)
Received: from postal.iol.unh.edu (postal.iol.unh.edu.
 [2606:4100:3880:1234::84]) by smtp-relay.gmail.com with ESMTPS id
 d75a77b69052e-43df56a6592sm7955831cf.25.2024.05.16.09.43.00
 (version=TLS1_2 cipher=ECDHE-ECDSA-AES128-GCM-SHA256 bits=128/128);
 Thu, 16 May 2024 09:43:00 -0700 (PDT)
X-Relaying-Domain: iol.unh.edu
Date: Thu, 16 May 2024 09:43:00 -0700 (PDT)
Message-ID: <66463794.c80a0220.3e930.9ee4SMTPIN_ADDED_MISSING@mx.google.com>
Received: from [172.21.0.6] (unknown [172.18.0.240])
 by postal.iol.unh.edu (Postfix) with ESMTP id AD4D5605C373;
 Thu, 16 May 2024 12:43:00 -0400 (EDT)
Subject: |FAILURE| pw140140-140148 [PATCH] [v5,9/9] net/null: use generic SW 
From: dpdklab@iol.unh.edu
To: Test Report <test-report@dpdk.org>
Cc: dpdk-test-reports@iol.unh.edu,
 Stephen Hemminger <stephen@networkplumber.org>
In-Reply-To: <20240516154327.64104-10-stephen@networkplumber.org>
References: <20240516154327.64104-10-stephen@networkplumber.org>
Content-Type: text/plain
X-BeenThere: test-report@dpdk.org
X-Mailman-Version: 2.1.29
Precedence: list
List-Id: automatic DPDK test reports <test-report.dpdk.org>
List-Unsubscribe: <https://mails.dpdk.org/options/test-report>,
 <mailto:test-report-request@dpdk.org?subject=unsubscribe>
List-Archive: <http://mails.dpdk.org/archives/test-report/>
List-Post: <mailto:test-report@dpdk.org>
List-Help: <mailto:test-report-request@dpdk.org?subject=help>
List-Subscribe: <https://mails.dpdk.org/listinfo/test-report>,
 <mailto:test-report-request@dpdk.org?subject=subscribe>
Errors-To: test-report-bounces@dpdk.org

Test-Label: iol-unit-amd64-testing
Test-Status: FAILURE
http://dpdk.org/patch/140148

_Testing issues_

Submitter: Stephen Hemminger <stephen@networkplumber.org>
Date: Thursday, May 16 2024 15:40:45 
DPDK git baseline: Repo:dpdk
  Branch: master
  CommitID:884f83ccf74b5364430d3b21c653d5f6e359e091

140140-140148 --> testing fail

Test environment and result as below:

+---------------------+----------------+
|     Environment     | dpdk_unit_test |
+=====================+================+
| CentOS Stream 8     | FAIL           |
+---------------------+----------------+
| Debian 12           | FAIL           |
+---------------------+----------------+
| CentOS Stream 9     | FAIL           |
+---------------------+----------------+
| Debian Bullseye     | FAIL           |
+---------------------+----------------+
| Fedora 37           | FAIL           |
+---------------------+----------------+
| Fedora 39           | FAIL           |
+---------------------+----------------+
| Windows Server 2019 | PASS           |
+---------------------+----------------+
| openSUSE Leap 15    | FAIL           |
+---------------------+----------------+
| Ubuntu 20.04        | FAIL           |
+---------------------+----------------+
| RHEL8               | FAIL           |
+---------------------+----------------+
| Ubuntu 22.04        | FAIL           |
+---------------------+----------------+
| Fedora 38           | PASS           |
+---------------------+----------------+

==== 20 line log output for Ubuntu 22.04 (dpdk_unit_test): ====

CentOS Stream 8
	Kernel: 5.4.0-167-generic
	Compiler: gcc 8.5.0 20210514

Debian 12
	Kernel: Container Host Kernel
	Compiler: gcc 10.2.1

CentOS Stream 9
	Kernel: 5.4.0-167-generic
	Compiler: gcc 11.4.1 20230605

Debian Bullseye
	Kernel: 5.4.0-167-generic
	Compiler: gcc 10.2.1-6

Fedora 37
	Kernel: Depends on container host system
	Compiler: gcc 12.3.1

Fedora 39
	Kernel: Depends on container host
	Compiler: gcc 13.2.1

Windows Server 2019
	Kernel: 10.0.17763
	Compiler: clang 14.0 and gcc 8.1.0 (MinGW)

openSUSE Leap 15
	Kernel: 5.4.0-167-generic
	Compiler: gcc 7.5.0

Ubuntu 20.04
	Kernel: 5.4.0-167-generic
	Compiler: gcc 9.4.0-1ubuntu1~20.04.1

RHEL8
	Kernel: 5.4.0-167-generic
	Compiler: gcc 8.5.0 20210514 (Red Hat 8.5.0-20)

Ubuntu 22.04
	Kernel: 5.4.0-167-generic
	Compiler: gcc 11.4.0

Fedora 38
	Kernel: Depends on container host
	Compiler: clang 16.0.6

To view detailed results, visit:
https://lab.dpdk.org/results/dashboard/patchsets/29971/

UNH-IOL DPDK Community Lab

To manage your email subscriptions, visit: 
https://lab.dpdk.org/results/dashboard/preferences/subscriptions/