From mboxrd@z Thu Jan  1 00:00:00 1970
Return-Path: <test-report-bounces@dpdk.org>
Received: from mails.dpdk.org (mails.dpdk.org [217.70.189.124])
	by inbox.dpdk.org (Postfix) with ESMTP id 5981943FFC
	for <public@inbox.dpdk.org>; Thu, 16 May 2024 18:45:03 +0200 (CEST)
Received: from mails.dpdk.org (localhost [127.0.0.1])
	by mails.dpdk.org (Postfix) with ESMTP id 514494029B;
	Thu, 16 May 2024 18:45:03 +0200 (CEST)
Received: from mail-yw1-f225.google.com (mail-yw1-f225.google.com
 [209.85.128.225])
 by mails.dpdk.org (Postfix) with ESMTP id 7D2ED40261
 for <test-report@dpdk.org>; Thu, 16 May 2024 18:45:02 +0200 (CEST)
Received: by mail-yw1-f225.google.com with SMTP id
 00721157ae682-61bb219737dso95197197b3.2
 for <test-report@dpdk.org>; Thu, 16 May 2024 09:45:02 -0700 (PDT)
DKIM-Signature: v=1; a=rsa-sha256; c=relaxed/relaxed;
 d=iol.unh.edu; s=unh-iol; t=1715877902; x=1716482702; darn=dpdk.org;
 h=references:in-reply-to:cc:to:from:subject:message-id:date:from:to
 :cc:subject:date:message-id:reply-to;
 bh=t//prA/bZK1TIgbUVjPTkYzyQCAkwhVhXKN7tH5greE=;
 b=BrM4oRKHuFy75LDJUoO4apdNtcG244zPrx5XwJQH9W7AFzHlL7j6vDAzEJYGOVp8yc
 XgsrKlSO8yE2E9HhiHTuEu0exvORbhI0HBXslOBKAipclHwX9kLxlW4RUPlBDHkmUGt2
 7a2y3jscq+BEC/YgycS36xUWyee4KlexjolTU=
X-Google-DKIM-Signature: v=1; a=rsa-sha256; c=relaxed/relaxed;
 d=1e100.net; s=20230601; t=1715877902; x=1716482702;
 h=references:in-reply-to:cc:to:from:subject:message-id:date
 :x-gm-message-state:from:to:cc:subject:date:message-id:reply-to;
 bh=t//prA/bZK1TIgbUVjPTkYzyQCAkwhVhXKN7tH5greE=;
 b=NW0HrypaUbOnMtVhe24ymrjwp+wux+2annjQne9uhaFgTDnvq4SU18+F64iM0+hIYo
 /SkM/+9cI6mDqRJ4HqkvhkSs8WoZu0I0eEinh33ji/KuajXDboJIKcDt0SQ4wtzCCEBN
 ejPXP9NvlN0UeY4LLWPsZEMv8EwKeoluZ6dnZ2+UwJez5Gx3Ak5eYhQKkR0DESO76dul
 dlQrnw85o5lGxDH5aDbdxDaLKWkqIM4uf1b0NhK4wf/8V+mIsPB0vj+StaYM0pKspbK+
 QENwYgFsOJ1/vOpW8efnt0/isgBR1FDyn5gbvxXY+CzaUYiiWD5IsyNkGd6jCde8KQnT
 adaw==
X-Gm-Message-State: AOJu0YyXzQIRwZSPg6PeWP7InJGvnFV0szHM3n0QjZLuK/h/gkesIs57
 dgr1HlFP/mrQwSUyWPxLpNV1p5cAn3Wy+6d8DK9gQqXC7lHbjlTfE2w+RKmMo18j/qaoKgXPemH
 Y1xJg0PPR8q6HF+jOlihA1eJ6OiV8EVUnWbt9hSV1egfGVQYXadCVWSRD
X-Google-Smtp-Source: AGHT+IGFaOiOQPXzOCaRIH25pnR33V+Pt5L1faLF6sW9Gw0iL+wsLILDVNPSI3Z+IDmzM951zbNzlptrIwqP
X-Received: by 2002:a0d:cc4b:0:b0:618:7f3c:cbac with SMTP id
 00721157ae682-622aff8bf1bmr186431547b3.31.1715877901899; 
 Thu, 16 May 2024 09:45:01 -0700 (PDT)
Received: from postal.iol.unh.edu (postal.iol.unh.edu.
 [2606:4100:3880:1234::84]) by smtp-relay.gmail.com with ESMTPS id
 00721157ae682-6209e26ba29sm12599717b3.36.2024.05.16.09.45.01
 (version=TLS1_2 cipher=ECDHE-ECDSA-AES128-GCM-SHA256 bits=128/128);
 Thu, 16 May 2024 09:45:01 -0700 (PDT)
X-Relaying-Domain: iol.unh.edu
Date: Thu, 16 May 2024 09:45:01 -0700 (PDT)
Message-ID: <6646380d.810a0220.7c244.7f01SMTPIN_ADDED_MISSING@mx.google.com>
Received: from [172.17.0.5] (unknown [172.18.0.217])
 by postal.iol.unh.edu (Postfix) with ESMTP id 8929C605C373;
 Thu, 16 May 2024 12:45:01 -0400 (EDT)
Subject: |FAILURE| pw140140-140148 [PATCH] [v5,9/9] net/null: use generic SW 
From: dpdklab@iol.unh.edu
To: Test Report <test-report@dpdk.org>
Cc: dpdk-test-reports@iol.unh.edu,
 Stephen Hemminger <stephen@networkplumber.org>
In-Reply-To: <20240516154327.64104-10-stephen@networkplumber.org>
References: <20240516154327.64104-10-stephen@networkplumber.org>
Content-Type: text/plain
X-BeenThere: test-report@dpdk.org
X-Mailman-Version: 2.1.29
Precedence: list
List-Id: automatic DPDK test reports <test-report.dpdk.org>
List-Unsubscribe: <https://mails.dpdk.org/options/test-report>,
 <mailto:test-report-request@dpdk.org?subject=unsubscribe>
List-Archive: <http://mails.dpdk.org/archives/test-report/>
List-Post: <mailto:test-report@dpdk.org>
List-Help: <mailto:test-report-request@dpdk.org?subject=help>
List-Subscribe: <https://mails.dpdk.org/listinfo/test-report>,
 <mailto:test-report-request@dpdk.org?subject=subscribe>
Errors-To: test-report-bounces@dpdk.org

Test-Label: iol-unit-amd64-testing
Test-Status: FAILURE
http://dpdk.org/patch/140148

_Testing issues_

Submitter: Stephen Hemminger <stephen@networkplumber.org>
Date: Thursday, May 16 2024 15:40:45 
DPDK git baseline: Repo:dpdk
  Branch: master
  CommitID:884f83ccf74b5364430d3b21c653d5f6e359e091

140140-140148 --> testing fail

Test environment and result as below:

+---------------------+----------------+
|     Environment     | dpdk_unit_test |
+=====================+================+
| CentOS Stream 8     | FAIL           |
+---------------------+----------------+
| Debian 12           | FAIL           |
+---------------------+----------------+
| CentOS Stream 9     | FAIL           |
+---------------------+----------------+
| Debian Bullseye     | FAIL           |
+---------------------+----------------+
| Fedora 37           | FAIL           |
+---------------------+----------------+
| Fedora 39           | FAIL           |
+---------------------+----------------+
| Windows Server 2019 | PASS           |
+---------------------+----------------+
| openSUSE Leap 15    | FAIL           |
+---------------------+----------------+
| Ubuntu 20.04        | FAIL           |
+---------------------+----------------+
| RHEL8               | FAIL           |
+---------------------+----------------+
| Ubuntu 22.04        | FAIL           |
+---------------------+----------------+
| Fedora 38           | PASS           |
+---------------------+----------------+

==== 20 line log output for Ubuntu 22.04 (dpdk_unit_test): ====

CentOS Stream 8
	Kernel: 5.4.0-167-generic
	Compiler: gcc 8.5.0 20210514

Debian 12
	Kernel: Container Host Kernel
	Compiler: gcc 10.2.1

CentOS Stream 9
	Kernel: 5.4.0-167-generic
	Compiler: gcc 11.4.1 20230605

Debian Bullseye
	Kernel: 5.4.0-167-generic
	Compiler: gcc 10.2.1-6

Fedora 37
	Kernel: Depends on container host system
	Compiler: gcc 12.3.1

Fedora 39
	Kernel: Depends on container host
	Compiler: gcc 13.2.1

Windows Server 2019
	Kernel: 10.0.17763
	Compiler: clang 14.0 and gcc 8.1.0 (MinGW)

openSUSE Leap 15
	Kernel: 5.4.0-167-generic
	Compiler: gcc 7.5.0

Ubuntu 20.04
	Kernel: 5.4.0-167-generic
	Compiler: gcc 9.4.0-1ubuntu1~20.04.1

RHEL8
	Kernel: 5.4.0-167-generic
	Compiler: gcc 8.5.0 20210514 (Red Hat 8.5.0-20)

Ubuntu 22.04
	Kernel: 5.4.0-167-generic
	Compiler: gcc 11.4.0

Fedora 38
	Kernel: Depends on container host
	Compiler: clang 16.0.6

To view detailed results, visit:
https://lab.dpdk.org/results/dashboard/patchsets/29971/

UNH-IOL DPDK Community Lab

To manage your email subscriptions, visit: 
https://lab.dpdk.org/results/dashboard/preferences/subscriptions/