From mboxrd@z Thu Jan  1 00:00:00 1970
Return-Path: <test-report-bounces@dpdk.org>
Received: from mails.dpdk.org (mails.dpdk.org [217.70.189.124])
	by inbox.dpdk.org (Postfix) with ESMTP id 1E78A43FFC
	for <public@inbox.dpdk.org>; Thu, 16 May 2024 18:55:17 +0200 (CEST)
Received: from mails.dpdk.org (localhost [127.0.0.1])
	by mails.dpdk.org (Postfix) with ESMTP id 17DD8402EC;
	Thu, 16 May 2024 18:55:17 +0200 (CEST)
Received: from mail-io1-f100.google.com (mail-io1-f100.google.com
 [209.85.166.100])
 by mails.dpdk.org (Postfix) with ESMTP id DE54440261
 for <test-report@dpdk.org>; Thu, 16 May 2024 18:55:15 +0200 (CEST)
Received: by mail-io1-f100.google.com with SMTP id
 ca18e2360f4ac-7e18adf7268so63104739f.0
 for <test-report@dpdk.org>; Thu, 16 May 2024 09:55:15 -0700 (PDT)
DKIM-Signature: v=1; a=rsa-sha256; c=relaxed/relaxed;
 d=iol.unh.edu; s=unh-iol; t=1715878515; x=1716483315; darn=dpdk.org;
 h=references:in-reply-to:cc:to:from:subject:message-id:date:from:to
 :cc:subject:date:message-id:reply-to;
 bh=4t/vNic4NO+StwBBH+TywmaAIzq3lTg9KRYrSd/Ksa4=;
 b=hKNbmL37iN2zsiHq60pQtm+WR5Isk5ZIKaMtB7UXKntO07SMWt6Q/G/lvD9iIZ9I0a
 2kYrdqpan8XWxs+bIqzEkoa7YCWMtW33wz7D9xHFFVKrc31i93SctJdJniemR7mtriPh
 gmQlKhmMAL4C8pIujAahHrS3dKDxSWUGLFMOc=
X-Google-DKIM-Signature: v=1; a=rsa-sha256; c=relaxed/relaxed;
 d=1e100.net; s=20230601; t=1715878515; x=1716483315;
 h=references:in-reply-to:cc:to:from:subject:message-id:date
 :x-gm-message-state:from:to:cc:subject:date:message-id:reply-to;
 bh=4t/vNic4NO+StwBBH+TywmaAIzq3lTg9KRYrSd/Ksa4=;
 b=LtOcxIQP1meBU/QbfHHBtoD81//Lv5CXB5OroP6UNH8Zwn7T3WB6Fv2FHTXrx38zkI
 KQuFJc/Bz5UAQdnIkQvM2XztpvDdlZH4IzLzLiA9Ug5IuY++hBpz8J9rn5ChImf46qAv
 2BdqgSbBhv70M9hkLh00piRICl4mozfIBQt+HSBliH36/yC2tOUAEsp6QqMOFFoCQKO5
 I7Z7ostB1QwJlH9fGggvHHR2/lCFp4J3yrOcr85LLrDu0r5tbnfoiFMzlTH5GGpOYtsS
 uuxgg4DdVZaJBhaLLPHCLjeEbGPdV9ygwZZ3U3nw75ifo1t0olGrDVTkL4w+EkLdIjPi
 PfaQ==
X-Gm-Message-State: AOJu0Yx3tW1Qe2LAeEvV/T1Pq1hH3LIamvXg07F07WD7GcjyvymgpOey
 MEnYjHEwrndgsb/u343Vltn4zdN0j8sYOgTKaeR8Dd0VIj8mc6GSN5xdoP3DyjwAoeR4d8AWLyT
 BNH8OrR/NIE9VpNt1av/TkE7Gg6p21qbVCtmcCoF0Tcykpbi7658BGcGV
X-Google-Smtp-Source: AGHT+IGHa+z8aJ/Wx2EOyFh1sfxG9VQ4MfYNFr1LKG13frEj3Lgzc60sGpBGJxbGKpLDiSYvtBlIoCY56bDc
X-Received: by 2002:a05:6e02:1c0b:b0:36c:4545:e211 with SMTP id
 e9e14a558f8ab-36cc1449c85mr232893855ab.18.1715878515277; 
 Thu, 16 May 2024 09:55:15 -0700 (PDT)
Received: from postal.iol.unh.edu (postal.iol.unh.edu.
 [2606:4100:3880:1234::84]) by smtp-relay.gmail.com with ESMTPS id
 41be03b00d2f7-6581197f2e3sm159659a12.2.2024.05.16.09.55.15
 (version=TLS1_2 cipher=ECDHE-ECDSA-AES128-GCM-SHA256 bits=128/128);
 Thu, 16 May 2024 09:55:15 -0700 (PDT)
X-Relaying-Domain: iol.unh.edu
Date: Thu, 16 May 2024 09:55:15 -0700 (PDT)
Message-ID: <66463a73.630a0220.13f17.9db0SMTPIN_ADDED_MISSING@mx.google.com>
Received: from [172.21.0.6] (unknown [172.18.0.240])
 by postal.iol.unh.edu (Postfix) with ESMTP id 7AA23605C380;
 Thu, 16 May 2024 12:55:14 -0400 (EDT)
Subject: |FAILURE| pw140140-140148 [PATCH] [v5,9/9] net/null: use generic SW 
From: dpdklab@iol.unh.edu
To: Test Report <test-report@dpdk.org>
Cc: dpdk-test-reports@iol.unh.edu,
 Stephen Hemminger <stephen@networkplumber.org>
In-Reply-To: <20240516154327.64104-10-stephen@networkplumber.org>
References: <20240516154327.64104-10-stephen@networkplumber.org>
Content-Type: text/plain
X-BeenThere: test-report@dpdk.org
X-Mailman-Version: 2.1.29
Precedence: list
List-Id: automatic DPDK test reports <test-report.dpdk.org>
List-Unsubscribe: <https://mails.dpdk.org/options/test-report>,
 <mailto:test-report-request@dpdk.org?subject=unsubscribe>
List-Archive: <http://mails.dpdk.org/archives/test-report/>
List-Post: <mailto:test-report@dpdk.org>
List-Help: <mailto:test-report-request@dpdk.org?subject=help>
List-Subscribe: <https://mails.dpdk.org/listinfo/test-report>,
 <mailto:test-report-request@dpdk.org?subject=subscribe>
Errors-To: test-report-bounces@dpdk.org

Test-Label: iol-compile-amd64-testing
Test-Status: FAILURE
http://dpdk.org/patch/140148

_Testing issues_

Submitter: Stephen Hemminger <stephen@networkplumber.org>
Date: Thursday, May 16 2024 15:40:45 
DPDK git baseline: Repo:dpdk
  Branch: master
  CommitID:884f83ccf74b5364430d3b21c653d5f6e359e091

140140-140148 --> testing fail

Test environment and result as below:

+---------------------+--------------------+-------------------+----------------------+------------------+
|     Environment     | dpdk_meson_compile | dpdk_msvc_compile | dpdk_mingw64_compile | dpdk_compile_ovs |
+=====================+====================+===================+======================+==================+
| Debian 12           | FAIL               | SKIPPED           | SKIPPED              | SKIPPED          |
+---------------------+--------------------+-------------------+----------------------+------------------+
| Debian Bullseye     | FAIL               | SKIPPED           | SKIPPED              | SKIPPED          |
+---------------------+--------------------+-------------------+----------------------+------------------+
| FreeBSD 13.3        | PASS               | SKIPPED           | SKIPPED              | SKIPPED          |
+---------------------+--------------------+-------------------+----------------------+------------------+
| Fedora 37           | FAIL               | SKIPPED           | SKIPPED              | SKIPPED          |
+---------------------+--------------------+-------------------+----------------------+------------------+
| CentOS Stream 8     | FAIL               | SKIPPED           | SKIPPED              | SKIPPED          |
+---------------------+--------------------+-------------------+----------------------+------------------+
| Fedora 39           | PASS               | SKIPPED           | SKIPPED              | PASS             |
+---------------------+--------------------+-------------------+----------------------+------------------+
| Windows Server 2022 | PASS               | PASS              | FAIL                 | SKIPPED          |
+---------------------+--------------------+-------------------+----------------------+------------------+
| Windows Server 2019 | PASS               | SKIPPED           | FAIL                 | SKIPPED          |
+---------------------+--------------------+-------------------+----------------------+------------------+
| Fedora 38           | PASS               | SKIPPED           | SKIPPED              | PASS             |
+---------------------+--------------------+-------------------+----------------------+------------------+
| CentOS Stream 9     | FAIL               | SKIPPED           | SKIPPED              | SKIPPED          |
+---------------------+--------------------+-------------------+----------------------+------------------+
| RHEL8               | FAIL               | SKIPPED           | SKIPPED              | SKIPPED          |
+---------------------+--------------------+-------------------+----------------------+------------------+
| openSUSE Leap 15    | FAIL               | SKIPPED           | SKIPPED              | SKIPPED          |
+---------------------+--------------------+-------------------+----------------------+------------------+
| FreeBSD 14.0        | PASS               | SKIPPED           | SKIPPED              | SKIPPED          |
+---------------------+--------------------+-------------------+----------------------+------------------+
| Ubuntu 20.04        | FAIL               | SKIPPED           | SKIPPED              | SKIPPED          |
+---------------------+--------------------+-------------------+----------------------+------------------+
| Ubuntu 22.04        | FAIL               | SKIPPED           | SKIPPED              | SKIPPED          |
+---------------------+--------------------+-------------------+----------------------+------------------+

==== 20 line log output for Ubuntu 22.04 (dpdk_meson_compile): ====

Debian 12
	Kernel: Container Host Kernel
	Compiler: gcc 10.2.1

Debian Bullseye
	Kernel: 5.4.0-167-generic
	Compiler: gcc 10.2.1-6

FreeBSD 13.3
	Kernel: 13.3-RELEASE-p1
	Compiler: clang 17.0.6

Fedora 37
	Kernel: Depends on container host system
	Compiler: gcc 12.3.1

CentOS Stream 8
	Kernel: 5.4.0-167-generic
	Compiler: gcc 8.5.0 20210514

Fedora 39
	Kernel: Depends on container host
	Compiler: gcc 13.2.1

Windows Server 2022
	Kernel: 10.0.20348.2031
	Compiler: clang 15.0.7, gcc 8.1.0 (MinGW), and MSVC VS 17.9

Windows Server 2019
	Kernel: 10.0.17763
	Compiler: clang 14.0 and gcc 8.1.0 (MinGW)

Fedora 38
	Kernel: Depends on container host
	Compiler: gcc 13.2.1

CentOS Stream 9
	Kernel: 5.4.0-167-generic
	Compiler: gcc 11.4.1 20230605

RHEL8
	Kernel: 5.4.0-167-generic
	Compiler: gcc 8.5.0 20210514 (Red Hat 8.5.0-20)

openSUSE Leap 15
	Kernel: 5.4.0-167-generic
	Compiler: gcc 7.5.0

FreeBSD 14.0
	Kernel: 14.0
	Compiler: clang 16.0.6

Ubuntu 20.04
	Kernel: 5.4.0-167-generic
	Compiler: gcc 9.4.0-1ubuntu1~20.04.1

Ubuntu 22.04
	Kernel: 5.4.0-167-generic
	Compiler: gcc 11.4.0

To view detailed results, visit:
https://lab.dpdk.org/results/dashboard/patchsets/29971/

UNH-IOL DPDK Community Lab

To manage your email subscriptions, visit: 
https://lab.dpdk.org/results/dashboard/preferences/subscriptions/