From mboxrd@z Thu Jan  1 00:00:00 1970
Return-Path: <test-report-bounces@dpdk.org>
Received: from mails.dpdk.org (mails.dpdk.org [217.70.189.124])
	by inbox.dpdk.org (Postfix) with ESMTP id BD9844414A
	for <public@inbox.dpdk.org>; Mon,  3 Jun 2024 19:02:51 +0200 (CEST)
Received: from mails.dpdk.org (localhost [127.0.0.1])
	by mails.dpdk.org (Postfix) with ESMTP id B97A842E5D;
	Mon,  3 Jun 2024 19:02:51 +0200 (CEST)
Received: from mail-qt1-f227.google.com (mail-qt1-f227.google.com
 [209.85.160.227])
 by mails.dpdk.org (Postfix) with ESMTP id 05F3E42E4A
 for <test-report@dpdk.org>; Mon,  3 Jun 2024 19:02:50 +0200 (CEST)
Received: by mail-qt1-f227.google.com with SMTP id
 d75a77b69052e-43fe0f361b5so23831971cf.0
 for <test-report@dpdk.org>; Mon, 03 Jun 2024 10:02:49 -0700 (PDT)
DKIM-Signature: v=1; a=rsa-sha256; c=relaxed/relaxed;
 d=iol.unh.edu; s=unh-iol; t=1717434169; x=1718038969; darn=dpdk.org;
 h=references:in-reply-to:cc:to:from:subject:message-id:date:from:to
 :cc:subject:date:message-id:reply-to;
 bh=LgZgO08hywwOWt4s3cUmYKXl8HCUkCZxQR/KniR31sQ=;
 b=SGAtKPCTIYfzstloGb5KDeFFCSv6jU8aSXfjRPTLGyi96hHy/k/56cJrOhGyE7E9O1
 /nW5OnNwe50OwBt+eo6O+c3wJ5U4+bxDu//CxCd8myhIy06P2nBEfoSm4rU1IGj0+Nii
 c9+k1Rj0IjG68TqmW+YpFSCdep0G7lBNDKl1A=
X-Google-DKIM-Signature: v=1; a=rsa-sha256; c=relaxed/relaxed;
 d=1e100.net; s=20230601; t=1717434169; x=1718038969;
 h=references:in-reply-to:cc:to:from:subject:message-id:date
 :x-gm-message-state:from:to:cc:subject:date:message-id:reply-to;
 bh=LgZgO08hywwOWt4s3cUmYKXl8HCUkCZxQR/KniR31sQ=;
 b=dg+S8f/kXIILwkyVOQSVTly8PU+MX0x+kGRxGRqKs3r13HhaB9Fi1fbNt3nvuLA8Nl
 N3uhS/SiqTUYQuvVmRvQm0vvaL8d4VqABLQakTG1xQTYWOs8Zm8vsUZc/4bnjJusM9i2
 9u6Jno8iiPwSv028qKi3nFcfB1fqi6Gsc1NnFCnT0pUe9ILCAyVnC/roTtws7g0NaSg3
 ZZyqEOP3Ysl6+m5C7tZGTO63/ZfcaeweYhwGsA4mvRyXoUEnEOciCrbBtT1KpKboDSoJ
 caGs5RAId09LFJAOrjFI+QPeyNqoZWBW3RMUCdZL4bGk40Mdjk1OrPlePgYRw3+2wG6f
 Sojw==
X-Gm-Message-State: AOJu0YylfADurpgvQrulZ6s7t2Pyygkmr45oiUdfiTA7MTfTg4VDuWw6
 eQeEAls7SDC9bUVcuW5nzoaeWeb8w4M+V/4LD1Oy8jksVAULKFv1WoKhhUpBBOdxEb+D42A73A1
 ps9hk5skkTz0nKmyZjE6IEqTuUj3fQ/idXGGgX/V34Fb2k0pgY5+a3+Zb
X-Google-Smtp-Source: AGHT+IGjJONlxaBP2zsCpQ/oBt/1s63TMuekVWO21eAodsxUM0JOSNdylrojoOK+zXIxRZ/NNaaUi0LSL+5A
X-Received: by 2002:ac8:5aca:0:b0:43b:149:da2 with SMTP id
 d75a77b69052e-43ff54ff831mr114097801cf.51.1717434169208; 
 Mon, 03 Jun 2024 10:02:49 -0700 (PDT)
Received: from postal.iol.unh.edu (postal.iol.unh.edu.
 [2606:4100:3880:1234::84]) by smtp-relay.gmail.com with ESMTPS id
 d75a77b69052e-43ff23f6978sm2019751cf.14.2024.06.03.10.02.49
 (version=TLS1_2 cipher=ECDHE-ECDSA-AES128-GCM-SHA256 bits=128/128);
 Mon, 03 Jun 2024 10:02:49 -0700 (PDT)
X-Relaying-Domain: iol.unh.edu
Date: Mon, 03 Jun 2024 10:02:49 -0700 (PDT)
Message-ID: <665df739.050a0220.904fc.e93fSMTPIN_ADDED_MISSING@mx.google.com>
Received: from [172.21.0.7] (unknown [172.18.0.240])
 by postal.iol.unh.edu (Postfix) with ESMTP id E8E23605C380;
 Mon,  3 Jun 2024 13:02:48 -0400 (EDT)
Subject: |FAILURE| pw140623-140627 [PATCH] [5/5] crypto/openssl: only set cip
From: dpdklab@iol.unh.edu
To: Test Report <test-report@dpdk.org>
Cc: dpdk-test-reports@iol.unh.edu,
 Jack Bond-Preston <jack.bond-preston@foss.arm.com>
In-Reply-To: <20240603160119.1279476-6-jack.bond-preston@foss.arm.com>
References: <20240603160119.1279476-6-jack.bond-preston@foss.arm.com>
Content-Type: text/plain
X-BeenThere: test-report@dpdk.org
X-Mailman-Version: 2.1.29
Precedence: list
List-Id: automatic DPDK test reports <test-report.dpdk.org>
List-Unsubscribe: <https://mails.dpdk.org/options/test-report>,
 <mailto:test-report-request@dpdk.org?subject=unsubscribe>
List-Archive: <http://mails.dpdk.org/archives/test-report/>
List-Post: <mailto:test-report@dpdk.org>
List-Help: <mailto:test-report-request@dpdk.org?subject=help>
List-Subscribe: <https://mails.dpdk.org/listinfo/test-report>,
 <mailto:test-report-request@dpdk.org?subject=subscribe>
Errors-To: test-report-bounces@dpdk.org

Test-Label: iol-unit-arm64-testing
Test-Status: FAILURE
http://dpdk.org/patch/140627

_Testing issues_

Submitter: Jack Bond-Preston <jack.bond-preston@foss.arm.com>
Date: Monday, June 03 2024 16:01:19 
DPDK git baseline: Repo:dpdk
  Branch: master
  CommitID:367b8db312517edb9f5340d280e77b1437d84dd3

140623-140627 --> testing issues

Test environment and result as below:

+--------------------------+----------------+
|       Environment        | dpdk_unit_test |
+==========================+================+
| Debian 11 (Buster) (ARM) | FAIL           |
+--------------------------+----------------+
| Debian 12 (arm)          | FAIL           |
+--------------------------+----------------+
| Fedora 39 (ARM)          | FAIL           |
+--------------------------+----------------+
| CentOS Stream 9 (ARM)    | FAIL           |
+--------------------------+----------------+
| Fedora 38 (ARM)          | FAIL           |
+--------------------------+----------------+
| Ubuntu 20.04 (ARM)       | FAIL           |
+--------------------------+----------------+

==== 20 line log output for Ubuntu 20.04 (ARM) (dpdk_unit_test): ====
 --- Failed to get log output --- 
==== End log output ====

Debian 11 (Buster) (ARM)
	Kernel: Container Host Kernel
	Compiler: gcc 10.2.1

Debian 12 (arm)
	Kernel: Container Host Kernel
	Compiler: gcc 12.2.0

Fedora 39 (ARM)
	Kernel: Depends on container host
	Compiler: gcc 13.2.1

CentOS Stream 9 (ARM)
	Kernel: Container Host Kernel
	Compiler: gcc 11.4.1

Fedora 38 (ARM)
	Kernel: Depends on container host
	Compiler: gcc 13.2.1

Ubuntu 20.04 (ARM)
	Kernel: Container Host Kernel
	Compiler: gcc 9.4.0

To view detailed results, visit:
https://lab.dpdk.org/results/dashboard/patchsets/30087/

UNH-IOL DPDK Community Lab

To manage your email subscriptions, visit: 
https://lab.dpdk.org/results/dashboard/preferences/subscriptions/