From mboxrd@z Thu Jan  1 00:00:00 1970
Return-Path: <test-report-bounces@dpdk.org>
Received: from mails.dpdk.org (mails.dpdk.org [217.70.189.124])
	by inbox.dpdk.org (Postfix) with ESMTP id 453504414A
	for <public@inbox.dpdk.org>; Mon,  3 Jun 2024 19:04:24 +0200 (CEST)
Received: from mails.dpdk.org (localhost [127.0.0.1])
	by mails.dpdk.org (Postfix) with ESMTP id 4115742E5D;
	Mon,  3 Jun 2024 19:04:24 +0200 (CEST)
Received: from mail-yw1-f227.google.com (mail-yw1-f227.google.com
 [209.85.128.227])
 by mails.dpdk.org (Postfix) with ESMTP id DA30942E4A
 for <test-report@dpdk.org>; Mon,  3 Jun 2024 19:04:22 +0200 (CEST)
Received: by mail-yw1-f227.google.com with SMTP id
 00721157ae682-62a052f74c1so35288897b3.1
 for <test-report@dpdk.org>; Mon, 03 Jun 2024 10:04:22 -0700 (PDT)
DKIM-Signature: v=1; a=rsa-sha256; c=relaxed/relaxed;
 d=iol.unh.edu; s=unh-iol; t=1717434262; x=1718039062; darn=dpdk.org;
 h=references:in-reply-to:cc:to:from:subject:message-id:date:from:to
 :cc:subject:date:message-id:reply-to;
 bh=Nb3M5+XK8lKeLbR1j/QtNifXmHgels8/T36MLj5YRlY=;
 b=faw7gbfZyE2lcsTblgyAJJW3+L+SWRka2q+xYvb1VQGm9sNIsEFRSzTR0UJ7IT69z7
 fG03LR5HnnEDqdLSIrDytGhUr1xFojoJG9eXSkE9Rj2OQEwusM7BvWXoEW+Sj0Rcbdmn
 58qlYZKOxMYe4QVcKPh4jv7MAY0nbSP5a6oMk=
X-Google-DKIM-Signature: v=1; a=rsa-sha256; c=relaxed/relaxed;
 d=1e100.net; s=20230601; t=1717434262; x=1718039062;
 h=references:in-reply-to:cc:to:from:subject:message-id:date
 :x-gm-message-state:from:to:cc:subject:date:message-id:reply-to;
 bh=Nb3M5+XK8lKeLbR1j/QtNifXmHgels8/T36MLj5YRlY=;
 b=PezLa3wLnD2Z2K5xXne5ZewE7HEhs2kl1zRLA67cYwF3V0k5Swnpj3gTM3sXs90NT1
 Ccvi8/xT0rhhaBhd8rC9JeAuPP9BUqaWtjHhU3TN8kDBNbiPXWGnFct3o3xg4NJZ+sfR
 SSAA7XkSMfacByH/kKneqHWkmVgVwBJ2/JracuFAzNC3Wao6BlHy6GlYh3BYPuA50wXg
 Div+VLRlF12G0VKXnBjLWegFOlXxS1vKnNKFsa3+44i+CPYIh/a7vAtWH6GatNYvj/ue
 RGV7m5O6IyeMPCh/gd6sHY6U213sJxyKyehWclQVJAmvhWKxr5LJWe+RX7fsrm5df1XL
 1vag==
X-Gm-Message-State: AOJu0YySwq0LJdrFhMoawLssuI+mA7CyStaUhwUOgFt3tB7STCt8LiAa
 J6uP25fsIuDFgQXIY28RJRsb5mJsLhmLmx2PUlRIMey1E4+zO361ssf1QP50Fiu5f/jFgPjbZf9
 c5tsXXUsCUkImCM4NYJzb30O+IBm5fVkwbnYIcycm
X-Google-Smtp-Source: AGHT+IEbCw857VugAGFaFZ7XBpHxTTA1F6mu7avzXRGN1YFfc3CoLFYonWkK3KNSy3JCPESNqHUGS8savvC/
X-Received: by 2002:a05:690c:3743:b0:618:498f:9dbe with SMTP id
 00721157ae682-62cabc60929mr2577047b3.10.1717434262234; 
 Mon, 03 Jun 2024 10:04:22 -0700 (PDT)
Received: from postal.iol.unh.edu (postal.iol.unh.edu. [132.177.123.84])
 by smtp-relay.gmail.com with ESMTPS id
 00721157ae682-62c766415c1sm2965737b3.34.2024.06.03.10.04.22
 (version=TLS1_2 cipher=ECDHE-ECDSA-AES128-GCM-SHA256 bits=128/128);
 Mon, 03 Jun 2024 10:04:22 -0700 (PDT)
X-Relaying-Domain: iol.unh.edu
Date: Mon, 03 Jun 2024 10:04:22 -0700 (PDT)
Message-ID: <665df796.050a0220.b8ad0.78fcSMTPIN_ADDED_MISSING@mx.google.com>
Received: from [172.21.0.7] (unknown [172.18.0.240])
 by postal.iol.unh.edu (Postfix) with ESMTP id D9705605C380;
 Mon,  3 Jun 2024 13:04:21 -0400 (EDT)
Subject: |WARNING| pw140623-140627 [PATCH] [5/5] crypto/openssl: only set cip
From: dpdklab@iol.unh.edu
To: Test Report <test-report@dpdk.org>
Cc: dpdk-test-reports@iol.unh.edu
In-Reply-To: <20240603160119.1279476-6-jack.bond-preston@foss.arm.com>
References: <20240603160119.1279476-6-jack.bond-preston@foss.arm.com>
Content-Type: text/plain
X-BeenThere: test-report@dpdk.org
X-Mailman-Version: 2.1.29
Precedence: list
List-Id: automatic DPDK test reports <test-report.dpdk.org>
List-Unsubscribe: <https://mails.dpdk.org/options/test-report>,
 <mailto:test-report-request@dpdk.org?subject=unsubscribe>
List-Archive: <http://mails.dpdk.org/archives/test-report/>
List-Post: <mailto:test-report@dpdk.org>
List-Help: <mailto:test-report-request@dpdk.org?subject=help>
List-Subscribe: <https://mails.dpdk.org/listinfo/test-report>,
 <mailto:test-report-request@dpdk.org?subject=subscribe>
Errors-To: test-report-bounces@dpdk.org

Test-Label: iol-abi-testing
Test-Status: WARNING
http://dpdk.org/patch/140627

_Testing issues_

Submitter: Jack Bond-Preston <jack.bond-preston@foss.arm.com>
Date: Monday, June 03 2024 16:01:19 
DPDK git baseline: Repo:dpdk
  Branch: master
  CommitID:367b8db312517edb9f5340d280e77b1437d84dd3

140623-140627 --> testing issues

Test environment and result as below:

+------------------+----------+
|   Environment    | abi_test |
+==================+==========+
| Debian Bullseye  | FAIL     |
+------------------+----------+
| openSUSE Leap 15 | FAIL     |
+------------------+----------+
| CentOS Stream 8  | FAIL     |
+------------------+----------+
| Debian 12        | PASS     |
+------------------+----------+
| Ubuntu 22.04     | PASS     |
+------------------+----------+
| Fedora 39        | PASS     |
+------------------+----------+
| RHEL8            | FAIL     |
+------------------+----------+
| CentOS Stream 9  | PASS     |
+------------------+----------+
| Fedora 38        | PASS     |
+------------------+----------+

==== 20 line log output for RHEL8 (abi_test): ====
 --- Failed to get log output --- 
==== End log output ====

Debian Bullseye
	Kernel: 5.4.0-167-generic
	Compiler: gcc 10.2.1-6

openSUSE Leap 15
	Kernel: 5.4.0-167-generic
	Compiler: gcc 7.5.0

CentOS Stream 8
	Kernel: 5.4.0-167-generic
	Compiler: gcc 8.5.0 20210514

Debian 12
	Kernel: Container Host Kernel
	Compiler: gcc 10.2.1

Ubuntu 22.04
	Kernel: 5.4.0-167-generic
	Compiler: gcc 11.4.0

Fedora 39
	Kernel: Depends on container host
	Compiler: clang 17.0.6

RHEL8
	Kernel: 5.4.0-167-generic
	Compiler: gcc 8.5.0 20210514 (Red Hat 8.5.0-20)

CentOS Stream 9
	Kernel: 5.4.0-167-generic
	Compiler: gcc 11.4.1 20230605

Fedora 38
	Kernel: Depends on container host
	Compiler: clang 16.0.6

To view detailed results, visit:
https://lab.dpdk.org/results/dashboard/patchsets/30087/

UNH-IOL DPDK Community Lab

To manage your email subscriptions, visit: 
https://lab.dpdk.org/results/dashboard/preferences/subscriptions/