From mboxrd@z Thu Jan  1 00:00:00 1970
Return-Path: <test-report-bounces@dpdk.org>
Received: from mails.dpdk.org (mails.dpdk.org [217.70.189.124])
	by inbox.dpdk.org (Postfix) with ESMTP id 18C7B44144
	for <public@inbox.dpdk.org>; Mon,  3 Jun 2024 23:20:04 +0200 (CEST)
Received: from mails.dpdk.org (localhost [127.0.0.1])
	by mails.dpdk.org (Postfix) with ESMTP id 11E4C42F39;
	Mon,  3 Jun 2024 23:20:04 +0200 (CEST)
Received: from mail-oo1-f97.google.com (mail-oo1-f97.google.com
 [209.85.161.97]) by mails.dpdk.org (Postfix) with ESMTP id 04DA442F37
 for <test-report@dpdk.org>; Mon,  3 Jun 2024 23:20:03 +0200 (CEST)
Received: by mail-oo1-f97.google.com with SMTP id
 006d021491bc7-5b2e942171cso2849031eaf.3
 for <test-report@dpdk.org>; Mon, 03 Jun 2024 14:20:02 -0700 (PDT)
DKIM-Signature: v=1; a=rsa-sha256; c=relaxed/relaxed;
 d=iol.unh.edu; s=unh-iol; t=1717449602; x=1718054402; darn=dpdk.org;
 h=references:in-reply-to:cc:to:from:subject:message-id:date:from:to
 :cc:subject:date:message-id:reply-to;
 bh=5XpL7PS9ogcruQqTzCmqqbH2OarF8eD6yqmGAEFZfYE=;
 b=DboNz3YChItdmbAhkfXCNf6WPn8UcifbTJvvl8/PakPHEJhMSd9pmh0swEgvPBzZ1Z
 /3GWePDoP24zwZVbAzBJ6fOIBwdgWFDrz+CzL1lz6JzJDTKDeld/0LPOk6BhdiC/JK0A
 nIniNZUm2fmA0rr8ZR3CmI8++sUo6VORbk4FI=
X-Google-DKIM-Signature: v=1; a=rsa-sha256; c=relaxed/relaxed;
 d=1e100.net; s=20230601; t=1717449602; x=1718054402;
 h=references:in-reply-to:cc:to:from:subject:message-id:date
 :x-gm-message-state:from:to:cc:subject:date:message-id:reply-to;
 bh=5XpL7PS9ogcruQqTzCmqqbH2OarF8eD6yqmGAEFZfYE=;
 b=UIZVNSNw78MGdV5EPSseIxa9xTLXHEEubvf8mG+O3t8gMjKa5L30jibpuNRKdBJPXZ
 n/0M5ojS1xZlqMSqIKlD0eVqa2fZ9EAYvfF9nTG8TWuxvdWNgyTT3kNbQBA9zV/k8EAZ
 0El60a/WNkMO/GvoSE1PTp067ykgYBMHWRvKK5xWy+yyoF9yAtePSMfjO+rcUzeFl6P+
 qtvGwH+55BoY+tTAgMPiRzokA+LIy/Y1/TaiMWcSmVacmPWK1Gs1qsvyH66OedW60pSg
 kTg8xNDVTvkoBqf6gvU947pJ0I6Sst84gvxk0AWYZS1b8yhjqE8TrEiYzC1ulRaYjGsU
 VmkQ==
X-Gm-Message-State: AOJu0YzXb3c40jmSIvMe9oM5Teo3BjgRgdjp2nCfPcY+6sm5+q01R6P2
 op6PpUbFHVDuxZkBsOQgvgjPglyuDBqi3NtiuDORRA3uvdfiBsCwgDtz3AMftR8O0Sla7wPT7bu
 sWmCdZljMSJZl59EtlEF9xZmYL4OMbo4OEINoWwpgcn1z87WaeFlcYcSl
X-Google-Smtp-Source: AGHT+IGPI09aoMF6+UiTXpH7LN2x4TQMEJifDgZHzgRuHnoxOgUyNVOjwEJ3XGG7xtkes0joe/RrlcvX1JMH
X-Received: by 2002:a05:6820:22a2:b0:5b7:1979:ec49 with SMTP id
 006d021491bc7-5ba053791eemr11282328eaf.0.1717449602158; 
 Mon, 03 Jun 2024 14:20:02 -0700 (PDT)
Received: from postal.iol.unh.edu (postal.iol.unh.edu.
 [2606:4100:3880:1234::84]) by smtp-relay.gmail.com with ESMTPS id
 006d021491bc7-5ba004fede3sm621475eaf.24.2024.06.03.14.20.02
 (version=TLS1_2 cipher=ECDHE-ECDSA-AES128-GCM-SHA256 bits=128/128);
 Mon, 03 Jun 2024 14:20:02 -0700 (PDT)
X-Relaying-Domain: iol.unh.edu
Date: Mon, 03 Jun 2024 14:20:02 -0700 (PDT)
Message-ID: <665e3382.4a0a0220.7bdb8.23ebSMTPIN_ADDED_MISSING@mx.google.com>
Received: from [172.21.0.6] (unknown [172.18.0.240])
 by postal.iol.unh.edu (Postfix) with ESMTP id 9039A605C380;
 Mon,  3 Jun 2024 17:20:01 -0400 (EDT)
Subject: |FAILURE| pw140639-140640 [PATCH] [v3,17/17] net/ntnic: add NIM modu
From: dpdklab@iol.unh.edu
To: Test Report <test-report@dpdk.org>
Cc: dpdk-test-reports@iol.unh.edu, Serhii Iliushyk <sil-plv@napatech.com>
In-Reply-To: <20240603161822.59552-17-sil-plv@napatech.com>
References: <20240603161822.59552-17-sil-plv@napatech.com>
Content-Type: text/plain
X-BeenThere: test-report@dpdk.org
X-Mailman-Version: 2.1.29
Precedence: list
List-Id: automatic DPDK test reports <test-report.dpdk.org>
List-Unsubscribe: <https://mails.dpdk.org/options/test-report>,
 <mailto:test-report-request@dpdk.org?subject=unsubscribe>
List-Archive: <http://mails.dpdk.org/archives/test-report/>
List-Post: <mailto:test-report@dpdk.org>
List-Help: <mailto:test-report-request@dpdk.org?subject=help>
List-Subscribe: <https://mails.dpdk.org/listinfo/test-report>,
 <mailto:test-report-request@dpdk.org?subject=subscribe>
Errors-To: test-report-bounces@dpdk.org

Test-Label: iol-unit-arm64-testing
Test-Status: FAILURE
http://dpdk.org/patch/140640

_Testing issues_

Submitter: Serhii Iliushyk <sil-plv@napatech.com>
Date: Monday, June 03 2024 16:18:14 
DPDK git baseline: Repo:dpdk
  Branch: master
  CommitID:2dbb63594a9a985e2c8639b57f9fcd1468b9de97

140639-140640 --> testing issues

Test environment and result as below:

+-----------------------------+----------------+------------------------------+---------------------------+
|         Environment         | dpdk_unit_test | cryptodev_sw_snow3g_autotest | cryptodev_sw_zuc_autotest |
+=============================+================+==============================+===========================+
| Debian 11 (Buster) (ARM)    | PASS           | SKIPPED                      | SKIPPED                   |
+-----------------------------+----------------+------------------------------+---------------------------+
| CentOS Stream 9 (ARM)       | PASS           | SKIPPED                      | SKIPPED                   |
+-----------------------------+----------------+------------------------------+---------------------------+
| Debian 12 (arm)             | PASS           | PASS                         | PASS                      |
+-----------------------------+----------------+------------------------------+---------------------------+
| 32-bit Ubuntu 20.04.4 (ARM) | PASS           | SKIPPED                      | SKIPPED                   |
+-----------------------------+----------------+------------------------------+---------------------------+
| Fedora 39 (ARM)             | PASS           | SKIPPED                      | SKIPPED                   |
+-----------------------------+----------------+------------------------------+---------------------------+
| Fedora 38 (ARM)             | PASS           | SKIPPED                      | SKIPPED                   |
+-----------------------------+----------------+------------------------------+---------------------------+
| Ubuntu 20.04 (ARM)          | PASS           | SKIPPED                      | SKIPPED                   |
+-----------------------------+----------------+------------------------------+---------------------------+
| Ubuntu 24.04 (ARM)          | FAIL           | SKIPPED                      | SKIPPED                   |
+-----------------------------+----------------+------------------------------+---------------------------+
| Ubuntu 22.04 (ARM)          | PASS           | SKIPPED                      | SKIPPED                   |
+-----------------------------+----------------+------------------------------+---------------------------+
| Fedora 37 (ARM)             | PASS           | SKIPPED                      | SKIPPED                   |
+-----------------------------+----------------+------------------------------+---------------------------+

==== 20 line log output for Ubuntu 24.04 (ARM) (dpdk_unit_test): ====
 --- Failed to get log output --- 
==== End log output ====

Debian 11 (Buster) (ARM)
	Kernel: Container Host Kernel
	Compiler: gcc 10.2.1

CentOS Stream 9 (ARM)
	Kernel: Container Host Kernel
	Compiler: gcc 11.4.1

Debian 12 (arm)
	Kernel: Container Host Kernel
	Compiler: gcc 12.2.0

32-bit Ubuntu 20.04.4 (ARM)
	Kernel: 5.4.0-155-generic aarch64
	Compiler: gcc 9.4

Fedora 39 (ARM)
	Kernel: Depends on container host
	Compiler: gcc 13.2.1

Fedora 38 (ARM)
	Kernel: Depends on container host
	Compiler: gcc 13.2.1

Ubuntu 20.04 (ARM)
	Kernel: Container Host Kernel
	Compiler: gcc 9.4.0

Ubuntu 24.04 (ARM)
	Kernel: 5.4.0-167-generic
	Compiler: gcc 13.2.0

Ubuntu 22.04 (ARM)
	Kernel: Container Host Kernel
	Compiler: gcc 11.4.0

Fedora 37 (ARM)
	Kernel: Depends on container host
	Compiler: gcc 12.3.1

To view detailed results, visit:
https://lab.dpdk.org/results/dashboard/patchsets/30088/

UNH-IOL DPDK Community Lab

To manage your email subscriptions, visit: 
https://lab.dpdk.org/results/dashboard/preferences/subscriptions/