From mboxrd@z Thu Jan  1 00:00:00 1970
Return-Path: <test-report-bounces@dpdk.org>
Received: from mails.dpdk.org (mails.dpdk.org [217.70.189.124])
	by inbox.dpdk.org (Postfix) with ESMTP id 91FF444136
	for <public@inbox.dpdk.org>; Tue,  4 Jun 2024 00:03:29 +0200 (CEST)
Received: from mails.dpdk.org (localhost [127.0.0.1])
	by mails.dpdk.org (Postfix) with ESMTP id 7EEB2402B5;
	Tue,  4 Jun 2024 00:03:29 +0200 (CEST)
Received: from mail-oi1-f226.google.com (mail-oi1-f226.google.com
 [209.85.167.226])
 by mails.dpdk.org (Postfix) with ESMTP id 169324021D
 for <test-report@dpdk.org>; Tue,  4 Jun 2024 00:03:29 +0200 (CEST)
Received: by mail-oi1-f226.google.com with SMTP id
 5614622812f47-3d1facdf12bso143994b6e.0
 for <test-report@dpdk.org>; Mon, 03 Jun 2024 15:03:29 -0700 (PDT)
DKIM-Signature: v=1; a=rsa-sha256; c=relaxed/relaxed;
 d=iol.unh.edu; s=unh-iol; t=1717452208; x=1718057008; darn=dpdk.org;
 h=references:in-reply-to:cc:to:from:subject:message-id:date:from:to
 :cc:subject:date:message-id:reply-to;
 bh=EKOesyn0A/gO27edNrOhd6gTPBd3gFID/HIPDvcCyNA=;
 b=e08GI5qZZpH9yQjHVaH9Zqex9eCHoe8bjGIAbHG3UulPwSkBzPU0iQVV/TM1oIBfzJ
 CzpCchfj6GiQ9e22TABwOdzvtfj4FoBYXGK00iE2CVXnaHgwB4t5Wo+hGA+xi18P2fvO
 MuNk3AzsZPI3LH05FAJoORGb3h9Jf3oGH6KO4=
X-Google-DKIM-Signature: v=1; a=rsa-sha256; c=relaxed/relaxed;
 d=1e100.net; s=20230601; t=1717452208; x=1718057008;
 h=references:in-reply-to:cc:to:from:subject:message-id:date
 :x-gm-message-state:from:to:cc:subject:date:message-id:reply-to;
 bh=EKOesyn0A/gO27edNrOhd6gTPBd3gFID/HIPDvcCyNA=;
 b=CHnQbsKi/59vq04x5gRPht+a5hkVEInl02zmh+0MdQcy545RwjfVsynWIcgbDAJ8+B
 mSJhuhZX+PTwDiTzJG/oekNHeyPuP/4yxJuzUOeNrEXsH8W+emi7IIm9aXSPnDyhFQoo
 hhBZkaP4mRYprJYhWFEWoInOl7ijFg0lyjF/efgAswcCKC+qrrS+XbnGgfVwfBVbGbav
 854JrwHlYTJuakJMGqCJB8uCufq38435ZZ+MTZ8C6OuQIImFzgHXsQMqZSTNqRZnOunE
 OQNQoLD/MI2LKLRgCXslDLON6Z2ZEewoOasZJMnzNHcJlgOjJ8xZk+hoRB5qLP8sfLBs
 P8xA==
X-Gm-Message-State: AOJu0YxaJrmGnoSr/Ie8VojCLBxkGvSMRTI9nTS6fEY6V7hvZ40yklgv
 JyZn4mbe3QauMkraEA0U55+mPzyEIqvgZ1qNX6cCfJZ3svgeE9B3c/g4dLLbCmJFMt3eyyikHF0
 69M8EfpXdFtQErHlimE7Ur0gFBg0foU4Bp0d36pbX
X-Google-Smtp-Source: AGHT+IGykw87t53+IEx3Db/BYhRlyFlvor53ZrWc0dYBrHzmwcXXfDhClr3tZEnhfYbE044f0oD/AXUCm+fr
X-Received: by 2002:a05:6808:6244:b0:3c6:efde:7a45 with SMTP id
 5614622812f47-3d1e35c40d4mr10888131b6e.50.1717452208328; 
 Mon, 03 Jun 2024 15:03:28 -0700 (PDT)
Received: from postal.iol.unh.edu (postal.iol.unh.edu. [132.177.123.84])
 by smtp-relay.gmail.com with ESMTPS id
 a1e0cc1a2514c-80adeeabb1bsm316549241.0.2024.06.03.15.03.28
 (version=TLS1_2 cipher=ECDHE-ECDSA-AES128-GCM-SHA256 bits=128/128);
 Mon, 03 Jun 2024 15:03:28 -0700 (PDT)
X-Relaying-Domain: iol.unh.edu
Date: Mon, 03 Jun 2024 15:03:28 -0700 (PDT)
Message-ID: <665e3db0.050a0220.35163.8b00SMTPIN_ADDED_MISSING@mx.google.com>
Received: from [172.21.0.6] (unknown [172.18.0.240])
 by postal.iol.unh.edu (Postfix) with ESMTP id E6B18605C380;
 Mon,  3 Jun 2024 18:03:26 -0400 (EDT)
Subject: |FAILURE| pw140639-140640 [PATCH] [v3,17/17] net/ntnic: add NIM modu
From: dpdklab@iol.unh.edu
To: Test Report <test-report@dpdk.org>
Cc: dpdk-test-reports@iol.unh.edu, Serhii Iliushyk <sil-plv@napatech.com>
In-Reply-To: <20240603161822.59552-17-sil-plv@napatech.com>
References: <20240603161822.59552-17-sil-plv@napatech.com>
Content-Type: text/plain
X-BeenThere: test-report@dpdk.org
X-Mailman-Version: 2.1.29
Precedence: list
List-Id: automatic DPDK test reports <test-report.dpdk.org>
List-Unsubscribe: <https://mails.dpdk.org/options/test-report>,
 <mailto:test-report-request@dpdk.org?subject=unsubscribe>
List-Archive: <http://mails.dpdk.org/archives/test-report/>
List-Post: <mailto:test-report@dpdk.org>
List-Help: <mailto:test-report-request@dpdk.org?subject=help>
List-Subscribe: <https://mails.dpdk.org/listinfo/test-report>,
 <mailto:test-report-request@dpdk.org?subject=subscribe>
Errors-To: test-report-bounces@dpdk.org

Test-Label: iol-compile-amd64-testing
Test-Status: FAILURE
http://dpdk.org/patch/140640

_Testing issues_

Submitter: Serhii Iliushyk <sil-plv@napatech.com>
Date: Monday, June 03 2024 16:18:14 
DPDK git baseline: Repo:dpdk
  Branch: master
  CommitID:2dbb63594a9a985e2c8639b57f9fcd1468b9de97

140639-140640 --> testing issues

Test environment and result as below:

+---------------------+-------------------+--------------------+----------------------+------------------+
|     Environment     | dpdk_msvc_compile | dpdk_meson_compile | dpdk_mingw64_compile | dpdk_compile_ovs |
+=====================+===================+====================+======================+==================+
| Windows Server 2022 | PASS              | PASS               | PASS                 | SKIPPED          |
+---------------------+-------------------+--------------------+----------------------+------------------+
| FreeBSD 13.3        | SKIPPED           | PASS               | SKIPPED              | SKIPPED          |
+---------------------+-------------------+--------------------+----------------------+------------------+
| Windows Server 2019 | SKIPPED           | PASS               | PASS                 | SKIPPED          |
+---------------------+-------------------+--------------------+----------------------+------------------+
| FreeBSD 14.0        | SKIPPED           | PASS               | SKIPPED              | SKIPPED          |
+---------------------+-------------------+--------------------+----------------------+------------------+
| CentOS Stream 8     | SKIPPED           | PASS               | SKIPPED              | PASS             |
+---------------------+-------------------+--------------------+----------------------+------------------+
| Debian Bullseye     | SKIPPED           | PASS               | SKIPPED              | PASS             |
+---------------------+-------------------+--------------------+----------------------+------------------+
| Fedora 38           | SKIPPED           | PASS               | SKIPPED              | PASS             |
+---------------------+-------------------+--------------------+----------------------+------------------+
| CentOS Stream 9     | SKIPPED           | PASS               | SKIPPED              | PASS             |
+---------------------+-------------------+--------------------+----------------------+------------------+
| Ubuntu 24.04        | SKIPPED           | FAIL               | SKIPPED              | SKIPPED          |
+---------------------+-------------------+--------------------+----------------------+------------------+
| openSUSE Leap 15    | SKIPPED           | PASS               | SKIPPED              | PASS             |
+---------------------+-------------------+--------------------+----------------------+------------------+
| RHEL8               | SKIPPED           | PASS               | SKIPPED              | PASS             |
+---------------------+-------------------+--------------------+----------------------+------------------+
| Debian 12           | SKIPPED           | PASS               | SKIPPED              | PASS             |
+---------------------+-------------------+--------------------+----------------------+------------------+
| Fedora 39           | SKIPPED           | PASS               | SKIPPED              | PASS             |
+---------------------+-------------------+--------------------+----------------------+------------------+
| Ubuntu 20.04        | SKIPPED           | PASS               | SKIPPED              | PASS             |
+---------------------+-------------------+--------------------+----------------------+------------------+
| Ubuntu 22.04        | SKIPPED           | PASS               | SKIPPED              | PASS             |
+---------------------+-------------------+--------------------+----------------------+------------------+
| Fedora 37           | SKIPPED           | PASS               | SKIPPED              | PASS             |
+---------------------+-------------------+--------------------+----------------------+------------------+

==== 20 line log output for Ubuntu 24.04 (dpdk_meson_compile): ====
 --- Failed to get log output --- 
==== End log output ====

Windows Server 2022
	Kernel: 10.0.20348.2031
	Compiler: clang 15.0.7, gcc 8.1.0 (MinGW), and MSVC VS 17.9

FreeBSD 13.3
	Kernel: 13.3-RELEASE-p1
	Compiler: clang 17.0.6

Windows Server 2019
	Kernel: 10.0.17763
	Compiler: clang 14.0 and gcc 8.1.0 (MinGW)

FreeBSD 14.0
	Kernel: 14.0
	Compiler: clang 16.0.6

CentOS Stream 8
	Kernel: 5.4.0-167-generic
	Compiler: gcc 8.5.0 20210514

Debian Bullseye
	Kernel: 5.4.0-167-generic
	Compiler: gcc 10.2.1-6

Fedora 38
	Kernel: Depends on container host
	Compiler: gcc 13.2.1

CentOS Stream 9
	Kernel: 5.4.0-167-generic
	Compiler: gcc 11.4.1 20230605

Ubuntu 24.04
	Kernel: 5.4.0-167-generic
	Compiler: gcc 13.2.0

openSUSE Leap 15
	Kernel: 5.4.0-167-generic
	Compiler: gcc 7.5.0

RHEL8
	Kernel: 5.4.0-167-generic
	Compiler: gcc 8.5.0 20210514 (Red Hat 8.5.0-20)

Debian 12
	Kernel: Container Host Kernel
	Compiler: gcc 10.2.1

Fedora 39
	Kernel: Depends on container host
	Compiler: clang 17.0.6

Ubuntu 20.04
	Kernel: 5.4.0-167-generic
	Compiler: gcc 9.4.0-1ubuntu1~20.04.1

Ubuntu 22.04
	Kernel: 5.4.0-167-generic
	Compiler: gcc 11.4.0

Fedora 37
	Kernel: Depends on container host system
	Compiler: gcc 12.3.1

To view detailed results, visit:
https://lab.dpdk.org/results/dashboard/patchsets/30088/

UNH-IOL DPDK Community Lab

To manage your email subscriptions, visit: 
https://lab.dpdk.org/results/dashboard/preferences/subscriptions/