From mboxrd@z Thu Jan  1 00:00:00 1970
Return-Path: <test-report-bounces@dpdk.org>
Received: from mails.dpdk.org (mails.dpdk.org [217.70.189.124])
	by inbox.dpdk.org (Postfix) with ESMTP id 2547944136
	for <public@inbox.dpdk.org>; Tue,  4 Jun 2024 00:06:32 +0200 (CEST)
Received: from mails.dpdk.org (localhost [127.0.0.1])
	by mails.dpdk.org (Postfix) with ESMTP id 0A663402B5;
	Tue,  4 Jun 2024 00:06:32 +0200 (CEST)
Received: from mail-il1-f226.google.com (mail-il1-f226.google.com
 [209.85.166.226])
 by mails.dpdk.org (Postfix) with ESMTP id 297074021D
 for <test-report@dpdk.org>; Tue,  4 Jun 2024 00:06:31 +0200 (CEST)
Received: by mail-il1-f226.google.com with SMTP id
 e9e14a558f8ab-374a6987a62so3810365ab.2
 for <test-report@dpdk.org>; Mon, 03 Jun 2024 15:06:31 -0700 (PDT)
DKIM-Signature: v=1; a=rsa-sha256; c=relaxed/relaxed;
 d=iol.unh.edu; s=unh-iol; t=1717452390; x=1718057190; darn=dpdk.org;
 h=references:in-reply-to:cc:to:from:subject:message-id:date:from:to
 :cc:subject:date:message-id:reply-to;
 bh=H3s/PysQHqAiE2I/K5LLGdVYu7YvAsQ4znt+5UKSUeI=;
 b=DuKJy0kmj0TJMpI+P8zHegjtfuiBuKN5Vv8k/em6xDI96O2q+KgNIggyd/GhMHGWji
 tR+EbGYmQsTVK1WoD/puuAkLMc6yaudpyaPeBCzB83GYkh3PPyJZ/6rZYttEMPZmnZOp
 mewQRRGyWxd/NdwYKgMIUg67KrUW4VySgxrDM=
X-Google-DKIM-Signature: v=1; a=rsa-sha256; c=relaxed/relaxed;
 d=1e100.net; s=20230601; t=1717452390; x=1718057190;
 h=references:in-reply-to:cc:to:from:subject:message-id:date
 :x-gm-message-state:from:to:cc:subject:date:message-id:reply-to;
 bh=H3s/PysQHqAiE2I/K5LLGdVYu7YvAsQ4znt+5UKSUeI=;
 b=r6IYmRSYKysdiMdJ0tdjPG4cZV9w2YsWFCSWGgrOKcq6A5g4atFhEH+GWwJFrjIuf9
 SmJ1EcQ43T1FtvIt2VxcSlcbpu8aEj5VD2sAMEyQ+FOrX6+6CpeiN/nr/zWAdjW0XcFi
 ly998LZpw8BuEjcYXwo77kigvPRVe4TiKaxWboQwxEU9+urbfXcCJ9d3xfvCnEn2y3bG
 MB9Y/aOnlg+oufPJtSkwZ4nlXj9fXWR//I/d7zXrZor3Agf9LxutY0Md1nWSs7ib+kF6
 Z1BoecQLNiueomVWpIRQIB5YE1jnKlTCHTRSYhHetlkVIzAgYUjergl2FIuUTwtiPzlP
 7xbA==
X-Gm-Message-State: AOJu0Yzpfs6Kuuy1dSKsYko/ox7wkcsKcYH6IHbt7ZEeP8tBbNtuFT76
 MgvhA84Pl1l1jKtV2lb6vDMt2wrTMwD9yUt15wTHiu7q2OFZgDYwAiLuoqjem++M+hw/3lqSk+D
 8dEJ1SNk+TWue4KzzjhEzea2P7qpR1r9pF0L3AIrWNV5hykphsSzR76zL
X-Google-Smtp-Source: AGHT+IFJRs5bHO04QpdEWcGV+fWkD3SD064Ml5JdzAc1wZmt/OLQg0jP5YT5VUp7A67F/lfNIp5u+mYfgRL3
X-Received: by 2002:a05:6e02:1c48:b0:374:a04e:3d8b with SMTP id
 e9e14a558f8ab-374a04e493amr40636155ab.10.1717452390535; 
 Mon, 03 Jun 2024 15:06:30 -0700 (PDT)
Received: from postal.iol.unh.edu (postal.iol.unh.edu.
 [2606:4100:3880:1234::84]) by smtp-relay.gmail.com with ESMTPS id
 e9e14a558f8ab-3748a205a23sm2918115ab.34.2024.06.03.15.06.30
 (version=TLS1_2 cipher=ECDHE-ECDSA-AES128-GCM-SHA256 bits=128/128);
 Mon, 03 Jun 2024 15:06:30 -0700 (PDT)
X-Relaying-Domain: iol.unh.edu
Date: Mon, 03 Jun 2024 15:06:30 -0700 (PDT)
Message-ID: <665e3e66.050a0220.1011d9.7c66SMTPIN_ADDED_MISSING@mx.google.com>
Received: from [172.17.0.2] (unknown [172.18.0.217])
 by postal.iol.unh.edu (Postfix) with ESMTP id E85CF605C380;
 Mon,  3 Jun 2024 18:06:29 -0400 (EDT)
Subject: |FAILURE| pw140639-140640 [PATCH] [v3,17/17] net/ntnic: add NIM modu
From: dpdklab@iol.unh.edu
To: Test Report <test-report@dpdk.org>
Cc: dpdk-test-reports@iol.unh.edu, Serhii Iliushyk <sil-plv@napatech.com>
In-Reply-To: <20240603161822.59552-17-sil-plv@napatech.com>
References: <20240603161822.59552-17-sil-plv@napatech.com>
Content-Type: text/plain
X-BeenThere: test-report@dpdk.org
X-Mailman-Version: 2.1.29
Precedence: list
List-Id: automatic DPDK test reports <test-report.dpdk.org>
List-Unsubscribe: <https://mails.dpdk.org/options/test-report>,
 <mailto:test-report-request@dpdk.org?subject=unsubscribe>
List-Archive: <http://mails.dpdk.org/archives/test-report/>
List-Post: <mailto:test-report@dpdk.org>
List-Help: <mailto:test-report-request@dpdk.org?subject=help>
List-Subscribe: <https://mails.dpdk.org/listinfo/test-report>,
 <mailto:test-report-request@dpdk.org?subject=subscribe>
Errors-To: test-report-bounces@dpdk.org

Test-Label: iol-compile-arm64-testing
Test-Status: FAILURE
http://dpdk.org/patch/140640

_Testing issues_

Submitter: Serhii Iliushyk <sil-plv@napatech.com>
Date: Monday, June 03 2024 16:18:14 
DPDK git baseline: Repo:dpdk
  Branch: master
  CommitID:2dbb63594a9a985e2c8639b57f9fcd1468b9de97

140639-140640 --> testing issues

Test environment and result as below:

+----------------------------------------+--------------------+
|              Environment               | dpdk_meson_compile |
+========================================+====================+
| Ubuntu 20.04 ARM SVE                   | PASS               |
+----------------------------------------+--------------------+
| Debian 12 with MUSDK                   | PASS               |
+----------------------------------------+--------------------+
| Ubuntu 24.04 (ARM)                     | FAIL               |
+----------------------------------------+--------------------+
| Fedora 37 (ARM)                        | PASS               |
+----------------------------------------+--------------------+
| Debian 11 (Buster) (ARM)               | PASS               |
+----------------------------------------+--------------------+
| Debian 12 (arm)                        | PASS               |
+----------------------------------------+--------------------+
| Fedora 38 (ARM)                        | PASS               |
+----------------------------------------+--------------------+
| Fedora 39 (ARM)                        | PASS               |
+----------------------------------------+--------------------+
| Ubuntu 20.04 (ARM)                     | PASS               |
+----------------------------------------+--------------------+
| CentOS Stream 9 (ARM)                  | PASS               |
+----------------------------------------+--------------------+
| Ubuntu 22.04 (ARM)                     | PASS               |
+----------------------------------------+--------------------+
| Ubuntu 20.04 aarch32 GCC Cross Compile | PASS               |
+----------------------------------------+--------------------+
| Ubuntu 20.04 ARM Clang Cross Compile   | PASS               |
+----------------------------------------+--------------------+

==== 20 line log output for Ubuntu 24.04 (ARM) (dpdk_meson_compile): ====
 --- Failed to get log output --- 
==== End log output ====

Ubuntu 20.04 ARM SVE
	Kernel: 5.4.0-167-generic
	Compiler: gcc (Ubuntu 10.5.0-1ubuntu1~20.04) 10.5.0

Debian 12 with MUSDK
	Kernel: Container Host Kernel
	Compiler: gcc 12.2.0

Ubuntu 24.04 (ARM)
	Kernel: 5.4.0-167-generic
	Compiler: gcc 13.2.0

Fedora 37 (ARM)
	Kernel: Depends on container host
	Compiler: gcc 12.3.1

Debian 11 (Buster) (ARM)
	Kernel: Container Host Kernel
	Compiler: gcc 10.2.1

Debian 12 (arm)
	Kernel: Container Host Kernel
	Compiler: gcc 12.2.0

Fedora 38 (ARM)
	Kernel: Depends on container host
	Compiler: gcc 13.2.1

Fedora 39 (ARM)
	Kernel: Depends on container host
	Compiler: gcc 13.2.1

Ubuntu 20.04 (ARM)
	Kernel: Container Host Kernel
	Compiler: gcc 9.4.0

CentOS Stream 9 (ARM)
	Kernel: Container Host Kernel
	Compiler: gcc 11.4.1

Ubuntu 22.04 (ARM)
	Kernel: Container Host Kernel
	Compiler: gcc 11.4.0

Ubuntu 20.04 aarch32 GCC Cross Compile
	Kernel: 5.4.0-167-generic
	Compiler: gcc 9.4.0

Ubuntu 20.04 ARM Clang Cross Compile
	Kernel: 5.4.0-72-generic
	Compiler: clang 10.0.0-4ubuntu1

To view detailed results, visit:
https://lab.dpdk.org/results/dashboard/patchsets/30088/

UNH-IOL DPDK Community Lab

To manage your email subscriptions, visit: 
https://lab.dpdk.org/results/dashboard/preferences/subscriptions/