From mboxrd@z Thu Jan  1 00:00:00 1970
Return-Path: <test-report-bounces@dpdk.org>
Received: from mails.dpdk.org (mails.dpdk.org [217.70.189.124])
	by inbox.dpdk.org (Postfix) with ESMTP id 9B4C34414A
	for <public@inbox.dpdk.org>; Tue,  4 Jun 2024 09:41:06 +0200 (CEST)
Received: from mails.dpdk.org (localhost [127.0.0.1])
	by mails.dpdk.org (Postfix) with ESMTP id 92B87434EC;
	Tue,  4 Jun 2024 09:41:06 +0200 (CEST)
Received: from mail-pg1-f226.google.com (mail-pg1-f226.google.com
 [209.85.215.226])
 by mails.dpdk.org (Postfix) with ESMTP id 7C1B2434CD
 for <test-report@dpdk.org>; Tue,  4 Jun 2024 09:41:04 +0200 (CEST)
Received: by mail-pg1-f226.google.com with SMTP id
 41be03b00d2f7-6c4926bf9baso683320a12.2
 for <test-report@dpdk.org>; Tue, 04 Jun 2024 00:41:04 -0700 (PDT)
DKIM-Signature: v=1; a=rsa-sha256; c=relaxed/relaxed;
 d=iol.unh.edu; s=unh-iol; t=1717486863; x=1718091663; darn=dpdk.org;
 h=references:in-reply-to:cc:to:from:subject:message-id:date:from:to
 :cc:subject:date:message-id:reply-to;
 bh=crA/wQFcNTJpg34E2Ri9gdMKxl775jWutPohp6qSaSE=;
 b=gwrGziDmRjOfxWUkBXtXikP6h8YlNtOEykP2h1pfoGxI+jvGVnq0mvmy41bVdnUK5Q
 XTNH8rRGsTPreT/wDP4AgD+BNJEepA0Y3erovHuOL7UAAen3kwi81ztAXLefc6SWFM4f
 rpmr0SZ3oNdS+1HEttXuCkHZ+0ghknUWCS5tc=
X-Google-DKIM-Signature: v=1; a=rsa-sha256; c=relaxed/relaxed;
 d=1e100.net; s=20230601; t=1717486863; x=1718091663;
 h=references:in-reply-to:cc:to:from:subject:message-id:date
 :x-gm-message-state:from:to:cc:subject:date:message-id:reply-to;
 bh=crA/wQFcNTJpg34E2Ri9gdMKxl775jWutPohp6qSaSE=;
 b=xFUgbE0jmZO+GSa153FLvHWDHiCuIcNbpHLy58Bn3BCkhXvSvBd8g3fwNYhuXscNzo
 XDUGmfreewlNUsz20ZaNAFEMCOHqfMFiUy2ugwL5DzgEmJg7yMpQNqV/sPMd08wMwMDv
 xAX8FS131SdsW/pduGI/flwkOd043CcyYvyBhFN1A1VDqKhcvdt2sX4CSesXyGryjkpY
 LkrN0nM92oKlnEC5wBTej1wTxJLeocRIcbBvj77DqoHbZCGtwJA5s4RZsEV/DqlTIyxZ
 FEIi2Fev+oAAw5xyt+b7Sb6p0tWTRTQ7oKDwwU8Mbr4nZxSqSSmtGh1GeZTYUMDFa2iM
 wrjw==
X-Gm-Message-State: AOJu0YxY5t6dNQ0ovS5LxsN/XlSQO75oR9lW23Bq/bETYziVpOnfbQHo
 3Yp4vg+CDj4j4QIVU/C/aRCVvjzfJG/RLvnLJ289akwqT2gdoKys6pOEdNfB6cLzmJgZBxBwqN2
 1QNLDquXkz0PjHDGCvBwSKVdiMtuayblj
X-Google-Smtp-Source: AGHT+IFED37fpuaDTVWeJtUF/ywV6HOgxzx+yT078jAYRMNnkGMmWW2NDHstQ5qSZltx8Cj2WLQSmJsUoB4G
X-Received: by 2002:a17:90a:b898:b0:2b1:782:8827 with SMTP id
 98e67ed59e1d1-2c1dc572269mr10481639a91.20.1717486863664; 
 Tue, 04 Jun 2024 00:41:03 -0700 (PDT)
Received: from postal.iol.unh.edu (postal.iol.unh.edu. [132.177.123.84])
 by smtp-relay.gmail.com with ESMTPS id
 98e67ed59e1d1-2c1a7770475sm450534a91.5.2024.06.04.00.41.03
 (version=TLS1_2 cipher=ECDHE-ECDSA-AES128-GCM-SHA256 bits=128/128);
 Tue, 04 Jun 2024 00:41:03 -0700 (PDT)
X-Relaying-Domain: iol.unh.edu
Date: Tue, 04 Jun 2024 00:41:03 -0700 (PDT)
Message-ID: <665ec50f.170a0220.309fe0.4d87SMTPIN_ADDED_MISSING@mx.google.com>
Received: from [172.21.0.8] (unknown [172.18.0.240])
 by postal.iol.unh.edu (Postfix) with ESMTP id EE92C605C373;
 Tue,  4 Jun 2024 03:41:02 -0400 (EDT)
Subject: |FAILURE| pw140671-140672 [PATCH] [2/2] eal: add Arm WFET in power m
From: dpdklab@iol.unh.edu
To: Test Report <test-report@dpdk.org>
Cc: dpdk-test-reports@iol.unh.edu,
 Wathsala Vithanage <wathsala.vithanage@arm.com>
In-Reply-To: <20240604044401.3577707-2-wathsala.vithanage@arm.com>
References: <20240604044401.3577707-2-wathsala.vithanage@arm.com>
Content-Type: text/plain
X-BeenThere: test-report@dpdk.org
X-Mailman-Version: 2.1.29
Precedence: list
List-Id: automatic DPDK test reports <test-report.dpdk.org>
List-Unsubscribe: <https://mails.dpdk.org/options/test-report>,
 <mailto:test-report-request@dpdk.org?subject=unsubscribe>
List-Archive: <http://mails.dpdk.org/archives/test-report/>
List-Post: <mailto:test-report@dpdk.org>
List-Help: <mailto:test-report-request@dpdk.org?subject=help>
List-Subscribe: <https://mails.dpdk.org/listinfo/test-report>,
 <mailto:test-report-request@dpdk.org?subject=subscribe>
Errors-To: test-report-bounces@dpdk.org

Test-Label: iol-unit-arm64-testing
Test-Status: FAILURE
http://dpdk.org/patch/140672

_Testing issues_

Submitter: Wathsala Vithanage <wathsala.vithanage@arm.com>
Date: Tuesday, June 04 2024 04:44:01 
DPDK git baseline: Repo:dpdk
  Branch: master
  CommitID:76cef1af8bdaeaf67a5c4ca5df3f221df994dc46

140671-140672 --> testing issues

Test environment and result as below:

+-----------------------------+----------------+---------------------------+------------------------------+
|         Environment         | dpdk_unit_test | cryptodev_sw_zuc_autotest | cryptodev_sw_snow3g_autotest |
+=============================+================+===========================+==============================+
| 32-bit Ubuntu 20.04.4 (ARM) | FAIL           | SKIPPED                   | SKIPPED                      |
+-----------------------------+----------------+---------------------------+------------------------------+
| Debian 11 (Buster) (ARM)    | PASS           | SKIPPED                   | SKIPPED                      |
+-----------------------------+----------------+---------------------------+------------------------------+
| Debian 12 (arm)             | PASS           | PASS                      | PASS                         |
+-----------------------------+----------------+---------------------------+------------------------------+
| CentOS Stream 9 (ARM)       | PASS           | SKIPPED                   | SKIPPED                      |
+-----------------------------+----------------+---------------------------+------------------------------+
| Fedora 38 (ARM)             | PASS           | SKIPPED                   | SKIPPED                      |
+-----------------------------+----------------+---------------------------+------------------------------+
| Fedora 38 (ARM Clang)       | PASS           | SKIPPED                   | SKIPPED                      |
+-----------------------------+----------------+---------------------------+------------------------------+
| Fedora 39 (ARM)             | PASS           | SKIPPED                   | SKIPPED                      |
+-----------------------------+----------------+---------------------------+------------------------------+
| Fedora 37 (ARM)             | PASS           | SKIPPED                   | SKIPPED                      |
+-----------------------------+----------------+---------------------------+------------------------------+

==== 20 line log output for 32-bit Ubuntu 20.04.4 (ARM) (dpdk_unit_test): ====
 --- Failed to get log output --- 
==== End log output ====

32-bit Ubuntu 20.04.4 (ARM)
	Kernel: 5.4.0-155-generic aarch64
	Compiler: gcc 9.4

Debian 11 (Buster) (ARM)
	Kernel: Container Host Kernel
	Compiler: gcc 10.2.1

Debian 12 (arm)
	Kernel: Container Host Kernel
	Compiler: gcc 12.2.0

CentOS Stream 9 (ARM)
	Kernel: Container Host Kernel
	Compiler: gcc 11.4.1

Fedora 38 (ARM)
	Kernel: Depends on container host
	Compiler: gcc 13.2.1

Fedora 38 (ARM Clang)
	Kernel: Depends on container host
	Compiler: clang 16.0.6

Fedora 39 (ARM)
	Kernel: Depends on container host
	Compiler: gcc 13.2.1

Fedora 37 (ARM)
	Kernel: Depends on container host
	Compiler: gcc 12.3.1

To view detailed results, visit:
https://lab.dpdk.org/results/dashboard/patchsets/30094/

UNH-IOL DPDK Community Lab

To manage your email subscriptions, visit: 
https://lab.dpdk.org/results/dashboard/preferences/subscriptions/