From mboxrd@z Thu Jan  1 00:00:00 1970
Return-Path: <test-report-bounces@dpdk.org>
Received: from mails.dpdk.org (mails.dpdk.org [217.70.189.124])
	by inbox.dpdk.org (Postfix) with ESMTP id 7390E44151
	for <public@inbox.dpdk.org>; Tue,  4 Jun 2024 12:40:43 +0200 (CEST)
Received: from mails.dpdk.org (localhost [127.0.0.1])
	by mails.dpdk.org (Postfix) with ESMTP id 6ECA8402EB;
	Tue,  4 Jun 2024 12:40:43 +0200 (CEST)
Received: from mail-ot1-f98.google.com (mail-ot1-f98.google.com
 [209.85.210.98]) by mails.dpdk.org (Postfix) with ESMTP id 692B840041
 for <test-report@dpdk.org>; Tue,  4 Jun 2024 12:40:41 +0200 (CEST)
Received: by mail-ot1-f98.google.com with SMTP id
 46e09a7af769-6f8ffe1b65dso2523494a34.0
 for <test-report@dpdk.org>; Tue, 04 Jun 2024 03:40:41 -0700 (PDT)
DKIM-Signature: v=1; a=rsa-sha256; c=relaxed/relaxed;
 d=iol.unh.edu; s=unh-iol; t=1717497640; x=1718102440; darn=dpdk.org;
 h=references:in-reply-to:cc:to:from:subject:message-id:date:from:to
 :cc:subject:date:message-id:reply-to;
 bh=ny2tpuMc22I7CtIbPYLPL8XeurLyF0j2WZRPtR20xY0=;
 b=VOV3KI3qlHbjCRIvGbPXCzRHxnVluOWJFa2ruKmsUePVoN+TZgXAGlQvh+6pkeJ9ir
 pUgW8o6Vf5rfDxTIJeim8mVl5EGsHqSU3uUaXRCN6nJ9veDxT6HVSNumozmmQVLGVs52
 z/XYwHoG3aW9hRBvtJUbMx4pfTgpFILKcgo40=
X-Google-DKIM-Signature: v=1; a=rsa-sha256; c=relaxed/relaxed;
 d=1e100.net; s=20230601; t=1717497640; x=1718102440;
 h=references:in-reply-to:cc:to:from:subject:message-id:date
 :x-gm-message-state:from:to:cc:subject:date:message-id:reply-to;
 bh=ny2tpuMc22I7CtIbPYLPL8XeurLyF0j2WZRPtR20xY0=;
 b=occet+RDRT4PN94YD4sLm9y94RNg+N7d5iR0BTAa3cdOhNbnLodstZL5ltGzrRV4Ks
 d/5U3QNzkYq/8ja93hMwxSk778raJzbaboLbPyKIr2dIcG/qzIAdwDYyIEm9Wqm14JZz
 dMyBc0sJi9b8c0JnW6KJUxj37ZvceY7gPTLwJPQltT/VlfAhgevDh3PoOyZHXV3AtdFb
 bpQxf/v9loxYLhVuO9lW3LRX8R1hJBcdzIszTP5TUDJRUDJIZYkmMp55yKJr2O6MZgUv
 yJCafSbSU29qWdjVlFGWCcHigdxfdORlWnlsyuWK8Hdk9KgE4x85E0S69UM368TFofGc
 YV0Q==
X-Gm-Message-State: AOJu0Yzt52mg71l0b3o+54JfvwEelmB+3Mj29bCKV5QoiKtMAvvp9th6
 9YgsrVPBYukAxAYDNhHV5fiJKP6r+bi+BHiY3jG7YXnoNFZuJrsi4rAW+qFZuuy1gFTDUAhdFcX
 3WC1dKI+vezkHMznTyfwG1D5ZN14EukSOCdHq07Hi
X-Google-Smtp-Source: AGHT+IHX/OCCuzWQSxl6s7SbgpEkqfgwTtQf6EloxwcRxN66UCivLOhi+157MnJV7JHwiEOQeI+eytvFt3lJ
X-Received: by 2002:a9d:74d4:0:b0:6f8:f876:a547 with SMTP id
 46e09a7af769-6f936f4d03bmr994603a34.6.1717497640719; 
 Tue, 04 Jun 2024 03:40:40 -0700 (PDT)
Received: from postal.iol.unh.edu (postal.iol.unh.edu. [132.177.123.84])
 by smtp-relay.gmail.com with ESMTPS id
 006d021491bc7-5ba004fa601sm693461eaf.23.2024.06.04.03.40.40
 (version=TLS1_2 cipher=ECDHE-ECDSA-AES128-GCM-SHA256 bits=128/128);
 Tue, 04 Jun 2024 03:40:40 -0700 (PDT)
X-Relaying-Domain: iol.unh.edu
Date: Tue, 04 Jun 2024 03:40:40 -0700 (PDT)
Message-ID: <665eef28.4a0a0220.4ba74.a47cSMTPIN_ADDED_MISSING@mx.google.com>
Received: from [172.21.0.7] (unknown [172.18.0.240])
 by postal.iol.unh.edu (Postfix) with ESMTP id 271C8605C373;
 Tue,  4 Jun 2024 06:40:40 -0400 (EDT)
Subject: |FAILURE| pw140673-140674 [PATCH] [V2,2/2] app/testpmd: introduce VX
From: dpdklab@iol.unh.edu
To: Test Report <test-report@dpdk.org>
Cc: dpdk-test-reports@iol.unh.edu, Gavin Li <gavinl@nvidia.com>
In-Reply-To: <20240604062746.355383-3-gavinl@nvidia.com>
References: <20240604062746.355383-3-gavinl@nvidia.com>
Content-Type: text/plain
X-BeenThere: test-report@dpdk.org
X-Mailman-Version: 2.1.29
Precedence: list
List-Id: automatic DPDK test reports <test-report.dpdk.org>
List-Unsubscribe: <https://mails.dpdk.org/options/test-report>,
 <mailto:test-report-request@dpdk.org?subject=unsubscribe>
List-Archive: <http://mails.dpdk.org/archives/test-report/>
List-Post: <mailto:test-report@dpdk.org>
List-Help: <mailto:test-report-request@dpdk.org?subject=help>
List-Subscribe: <https://mails.dpdk.org/listinfo/test-report>,
 <mailto:test-report-request@dpdk.org?subject=subscribe>
Errors-To: test-report-bounces@dpdk.org

Test-Label: iol-compile-amd64-testing
Test-Status: FAILURE
http://dpdk.org/patch/140674

_Testing issues_

Submitter: Gavin Li <gavinl@nvidia.com>
Date: Tuesday, June 04 2024 06:27:45 
DPDK git baseline: Repo:dpdk
  Branch: master
  CommitID:2dbb63594a9a985e2c8639b57f9fcd1468b9de97

140673-140674 --> testing issues

Test environment and result as below:

+---------------------+--------------------+----------------------+-------------------+------------------+
|     Environment     | dpdk_meson_compile | dpdk_mingw64_compile | dpdk_msvc_compile | dpdk_compile_ovs |
+=====================+====================+======================+===================+==================+
| FreeBSD 13.3        | PASS               | SKIPPED              | SKIPPED           | SKIPPED          |
+---------------------+--------------------+----------------------+-------------------+------------------+
| Windows Server 2019 | PASS               | PASS                 | SKIPPED           | SKIPPED          |
+---------------------+--------------------+----------------------+-------------------+------------------+
| FreeBSD 14.0        | PASS               | SKIPPED              | SKIPPED           | SKIPPED          |
+---------------------+--------------------+----------------------+-------------------+------------------+
| Windows Server 2022 | PASS               | PASS                 | PASS              | SKIPPED          |
+---------------------+--------------------+----------------------+-------------------+------------------+
| Debian 12           | PASS               | SKIPPED              | SKIPPED           | PASS             |
+---------------------+--------------------+----------------------+-------------------+------------------+
| Ubuntu 24.04        | FAIL               | SKIPPED              | SKIPPED           | SKIPPED          |
+---------------------+--------------------+----------------------+-------------------+------------------+
| CentOS Stream 9     | PASS               | SKIPPED              | SKIPPED           | PASS             |
+---------------------+--------------------+----------------------+-------------------+------------------+
| Debian Bullseye     | PASS               | SKIPPED              | SKIPPED           | PASS             |
+---------------------+--------------------+----------------------+-------------------+------------------+
| CentOS Stream 8     | PASS               | SKIPPED              | SKIPPED           | PASS             |
+---------------------+--------------------+----------------------+-------------------+------------------+
| Ubuntu 22.04        | PASS               | SKIPPED              | SKIPPED           | PASS             |
+---------------------+--------------------+----------------------+-------------------+------------------+
| Fedora 37           | PASS               | SKIPPED              | SKIPPED           | PASS             |
+---------------------+--------------------+----------------------+-------------------+------------------+
| RHEL8               | PASS               | SKIPPED              | SKIPPED           | PASS             |
+---------------------+--------------------+----------------------+-------------------+------------------+
| Fedora 38           | PASS               | SKIPPED              | SKIPPED           | PASS             |
+---------------------+--------------------+----------------------+-------------------+------------------+
| openSUSE Leap 15    | PASS               | SKIPPED              | SKIPPED           | PASS             |
+---------------------+--------------------+----------------------+-------------------+------------------+

==== 20 line log output for Ubuntu 24.04 (dpdk_meson_compile): ====
 --- Failed to get log output --- 
==== End log output ====

FreeBSD 13.3
	Kernel: 13.3-RELEASE-p1
	Compiler: clang 17.0.6

Windows Server 2019
	Kernel: 10.0.17763
	Compiler: clang 14.0 and gcc 8.1.0 (MinGW)

FreeBSD 14.0
	Kernel: 14.0
	Compiler: clang 16.0.6

Windows Server 2022
	Kernel: 10.0.20348.2031
	Compiler: clang 15.0.7, gcc 8.1.0 (MinGW), and MSVC VS 17.9

Debian 12
	Kernel: Container Host Kernel
	Compiler: gcc 10.2.1

Ubuntu 24.04
	Kernel: 5.4.0-167-generic
	Compiler: gcc 13.2.0

CentOS Stream 9
	Kernel: 5.4.0-167-generic
	Compiler: gcc 11.4.1 20230605

Debian Bullseye
	Kernel: 5.4.0-167-generic
	Compiler: gcc 10.2.1-6

CentOS Stream 8
	Kernel: 5.4.0-167-generic
	Compiler: gcc 8.5.0 20210514

Ubuntu 22.04
	Kernel: 5.4.0-167-generic
	Compiler: gcc 11.4.0

Fedora 37
	Kernel: Depends on container host system
	Compiler: gcc 12.3.1

RHEL8
	Kernel: 5.4.0-167-generic
	Compiler: gcc 8.5.0 20210514 (Red Hat 8.5.0-20)

Fedora 38
	Kernel: Depends on container host
	Compiler: gcc 13.2.1

openSUSE Leap 15
	Kernel: 5.4.0-167-generic
	Compiler: gcc 7.5.0

To view detailed results, visit:
https://lab.dpdk.org/results/dashboard/patchsets/30095/

UNH-IOL DPDK Community Lab

To manage your email subscriptions, visit: 
https://lab.dpdk.org/results/dashboard/preferences/subscriptions/