From mboxrd@z Thu Jan  1 00:00:00 1970
Return-Path: <test-report-bounces@dpdk.org>
Received: from mails.dpdk.org (mails.dpdk.org [217.70.189.124])
	by inbox.dpdk.org (Postfix) with ESMTP id 0B65145522
	for <public@inbox.dpdk.org>; Fri, 28 Jun 2024 12:06:23 +0200 (CEST)
Received: from mails.dpdk.org (localhost [127.0.0.1])
	by mails.dpdk.org (Postfix) with ESMTP id 03324410D3;
	Fri, 28 Jun 2024 12:06:23 +0200 (CEST)
Received: from mail-oa1-f97.google.com (mail-oa1-f97.google.com
 [209.85.160.97]) by mails.dpdk.org (Postfix) with ESMTP id D56474029E
 for <test-report@dpdk.org>; Fri, 28 Jun 2024 12:06:05 +0200 (CEST)
Received: by mail-oa1-f97.google.com with SMTP id
 586e51a60fabf-25982aa59efso208759fac.3
 for <test-report@dpdk.org>; Fri, 28 Jun 2024 03:06:05 -0700 (PDT)
DKIM-Signature: v=1; a=rsa-sha256; c=relaxed/relaxed;
 d=iol.unh.edu; s=unh-iol; t=1719569165; x=1720173965; darn=dpdk.org;
 h=references:in-reply-to:cc:to:from:subject:message-id:date:from:to
 :cc:subject:date:message-id:reply-to;
 bh=sYoCgkLoH2xAmzwZm4ygnBPhsZ5kdvpH9vj9AcK54Ag=;
 b=WnGWoKza0td47w55a3f2Sz1V7t39Q3HIUnhAV7NpyP7neAHVCY+br+MMYm2z4253Kn
 Nt2I0olo4/ivmJOrOxrVUeU3kgV6G6/Fd2TYa7HZV+HLCp/U+UP3aMz9E3RT0+/bOKVn
 g7giOF5y8BHbHP8Y5GXVTi7Fq/JyOxUdNt9mc=
X-Google-DKIM-Signature: v=1; a=rsa-sha256; c=relaxed/relaxed;
 d=1e100.net; s=20230601; t=1719569165; x=1720173965;
 h=references:in-reply-to:cc:to:from:subject:message-id:date
 :x-gm-message-state:from:to:cc:subject:date:message-id:reply-to;
 bh=sYoCgkLoH2xAmzwZm4ygnBPhsZ5kdvpH9vj9AcK54Ag=;
 b=F1wkrtnsCRk8+Hrus0YJXLNjaEJXqm2POcokVnjr3WfkpRkPOGR4ekExlirv27mZAS
 hrniW+CW2WLxBtkm9RcGtQulx9uQ90ul9heKefwZnm/v/VyFRSWudr0enlqzGMYv2Uos
 XUegXB7/Ugc5zUFnNVrF5FPRlr1Aco5ED/KHWLVeHj/bmZuT3/Itd199uBX4DvOqf5da
 zv2PFr/TUulMapkMxLLBA9YI6vBe6SKs0va3MbK25Hgc3zK3E/4PFRRz91W+DuidmL4h
 yY5nQSLsu7Lx1Fe8CdwHVXvfJDQ0rVOi8Tcqx29Kjl17TXrZn4Ye86qe1Gcwnzk7tLY5
 gq9w==
X-Gm-Message-State: AOJu0YwF/w8J8st8jLCT/YnMpPcKb9BpK0T7ls7SbETO5pseIk2xWYOd
 02snstnm6j8ke4kCb8AZ3cJ6euzsiw5UwKw1tzztXSix52mQnkJ+ArkTUX35PTtgm88LlSEvuKM
 YgYb0J7NnUKXofKSi3C58U9E9ZNS29Ssn1oOLpz4Q
X-Google-Smtp-Source: AGHT+IE7gjNV/V32viKEVTrZcy2e5BsJpMvBMd+aQ/5bXaa0RjYwxIVofcqOYdEyl2LmF8CMXf1UYBhADJjI
X-Received: by 2002:a05:6871:810:b0:259:89af:7af8 with SMTP id
 586e51a60fabf-25d06b765bamr15114031fac.10.1719569165023; 
 Fri, 28 Jun 2024 03:06:05 -0700 (PDT)
Received: from postal.iol.unh.edu (postal.iol.unh.edu. [132.177.123.84])
 by smtp-relay.gmail.com with ESMTPS id
 d2e1a72fcca58-70801c0c915sm54972b3a.14.2024.06.28.03.06.04
 (version=TLS1_2 cipher=ECDHE-ECDSA-AES128-GCM-SHA256 bits=128/128);
 Fri, 28 Jun 2024 03:06:04 -0700 (PDT)
X-Relaying-Domain: iol.unh.edu
Date: Fri, 28 Jun 2024 03:06:04 -0700 (PDT)
Message-ID: <667e8b0c.050a0220.e430e.49f7SMTPIN_ADDED_MISSING@mx.google.com>
Received: from [172.21.0.6] (unknown [172.18.0.240])
 by postal.iol.unh.edu (Postfix) with ESMTP id 2FC6A605C373;
 Fri, 28 Jun 2024 06:06:04 -0400 (EDT)
Subject: |FAILURE| pw138647-138648 [PATCH] [2/2] mempool: use rte constant ma
From: dpdklab@iol.unh.edu
To: Test Report <test-report@dpdk.org>
Cc: dpdk-test-reports@iol.unh.edu,
 Tyler Retzlaff <roretzla@linux.microsoft.com>
In-Reply-To: <1710970416-27841-3-git-send-email-roretzla@linux.microsoft.com>
References: <1710970416-27841-3-git-send-email-roretzla@linux.microsoft.com>
Content-Type: text/plain
X-BeenThere: test-report@dpdk.org
X-Mailman-Version: 2.1.29
Precedence: list
List-Id: automatic DPDK test reports <test-report.dpdk.org>
List-Unsubscribe: <https://mails.dpdk.org/options/test-report>,
 <mailto:test-report-request@dpdk.org?subject=unsubscribe>
List-Archive: <http://mails.dpdk.org/archives/test-report/>
List-Post: <mailto:test-report@dpdk.org>
List-Help: <mailto:test-report-request@dpdk.org?subject=help>
List-Subscribe: <https://mails.dpdk.org/listinfo/test-report>,
 <mailto:test-report-request@dpdk.org?subject=subscribe>
Errors-To: test-report-bounces@dpdk.org

Test-Label: iol-unit-amd64-testing
Test-Status: FAILURE
http://dpdk.org/patch/138648

_Testing issues RETEST #1_

Submitter: Tyler Retzlaff <roretzla@linux.microsoft.com>
Date: Wednesday, March 20 2024 21:33:36 
DPDK git baseline: Repo:dpdk
  Branch: master
  CommitID:80ecef6d1f71fcebc0a51d7cabc51f73ee142ff2

138647-138648 --> testing issues

Test environment and result as below:

+---------------------+----------------+
|     Environment     | dpdk_unit_test |
+=====================+================+
| CentOS Stream 8     | PASS           |
+---------------------+----------------+
| CentOS Stream 9     | PASS           |
+---------------------+----------------+
| Debian Bullseye     | PASS           |
+---------------------+----------------+
| Debian 12           | PASS           |
+---------------------+----------------+
| Fedora 38           | PASS           |
+---------------------+----------------+
| Fedora 37           | PASS           |
+---------------------+----------------+
| Fedora 38 (Clang)   | PASS           |
+---------------------+----------------+
| Ubuntu 20.04        | PASS           |
+---------------------+----------------+
| RHEL8               | PASS           |
+---------------------+----------------+
| openSUSE Leap 15    | PASS           |
+---------------------+----------------+
| Ubuntu 22.04        | PASS           |
+---------------------+----------------+
| Windows Server 2019 | PASS           |
+---------------------+----------------+
| Windows Server 2022 | PASS           |
+---------------------+----------------+
| Fedora 40           | PASS           |
+---------------------+----------------+
| Fedora 39           | PASS           |
+---------------------+----------------+
| Fedora 39 (Clang)   | PASS           |
+---------------------+----------------+
| Fedora 40 (Clang)   | PASS           |
+---------------------+----------------+
| Ubuntu 24.04        | FAIL           |
+---------------------+----------------+
| RHEL9               | PASS           |
+---------------------+----------------+

==== 20 line log output for Ubuntu 24.04 (dpdk_unit_test): ====
/usr/include/x86_64-linux-gnu/bits/string_fortified.h:29:10: error: argument 2 null where non-null expected [-Werror=nonnull]
29 |   return __builtin___memcpy_chk (__dest, __src, __len,
|          ^~~~~~~~~~~~~~~~~~~~~~~~~~~~~~~~~~~~~~~~~~~~~
30 |                                  __glibc_objsize0 (__dest));
|                                  ~~~~~~~~~~~~~~~~~~~~~~~~~~
/usr/include/x86_64-linux-gnu/bits/string_fortified.h:29:10: note: in a call to built-in function '__builtin___memcpy_chk'
In function 'memcpy',
inlined from 'pcapng_add_option' at ../lib/pcapng/rte_pcapng.c:131:2,
inlined from 'rte_pcapng_write_stats' at ../lib/pcapng/rte_pcapng.c:371:9:
/usr/include/x86_64-linux-gnu/bits/string_fortified.h:29:10: error: argument 2 null where non-null expected [-Werror=nonnull]
29 |   return __builtin___memcpy_chk (__dest, __src, __len,
|          ^~~~~~~~~~~~~~~~~~~~~~~~~~~~~~~~~~~~~~~~~~~~~
30 |                                  __glibc_objsize0 (__dest));
|                                  ~~~~~~~~~~~~~~~~~~~~~~~~~~
/usr/include/x86_64-linux-gnu/bits/string_fortified.h:29:10: note: in a call to built-in function '__builtin___memcpy_chk'
cc1: all warnings being treated as errors
[337/2871] Compiling C object 'lib/76b5a35@@rte_power@sta/power_guest_channel.c.o'.
[338/2871] Generating lpm.sym_chk with a meson_exe.py custom command.
[339/2871] Compiling C object 'lib/76b5a35@@rte_power@sta/power_power_acpi_cpufreq.c.o'.
ninja: build stopped: subcommand failed.
==== End log output ====

CentOS Stream 8
	Kernel: 5.4.0-167-generic
	Compiler: gcc 8.5.0 20210514

CentOS Stream 9
	Kernel: 5.4.0-167-generic
	Compiler: gcc 11.4.1 20230605

Debian Bullseye
	Kernel: 5.4.0-167-generic
	Compiler: gcc 10.2.1-6

Debian 12
	Kernel: Container Host Kernel
	Compiler: gcc 12.2.0

Fedora 38
	Kernel: Depends on container host
	Compiler: gcc 13.2.1

Fedora 37
	Kernel: Depends on container host system
	Compiler: gcc 12.3.1

Fedora 38 (Clang)
	Kernel: Depends on container host
	Compiler: clang 16.0.6

Ubuntu 20.04
	Kernel: 5.4.0-167-generic
	Compiler: gcc 9.4.0-1ubuntu1~20.04.1

RHEL8
	Kernel: 5.4.0-167-generic
	Compiler: gcc 8.5.0 20210514 (Red Hat 8.5.0-20)

openSUSE Leap 15
	Kernel: 5.4.0-167-generic
	Compiler: gcc 7.5.0

Ubuntu 22.04
	Kernel: 5.4.0-167-generic
	Compiler: gcc 11.4.0

Windows Server 2019
	Kernel: 10.0.17763
	Compiler: clang 14.0 and gcc 8.1.0 (MinGW)

Windows Server 2022
	Kernel: 10.0.20348.2031
	Compiler: clang 15.0.7, gcc 8.1.0 (MinGW), and MSVC VS 17.9

Fedora 40
	Kernel: Depends on container host
	Compiler: gcc 14.1.1

Fedora 39
	Kernel: Depends on container host
	Compiler: gcc 13.2.1

Fedora 39 (Clang)
	Kernel: Depends on container host
	Compiler: clang 17.0.6

Fedora 40 (Clang)
	Kernel: Depends on container host
	Compiler: clang 18.1.6

Ubuntu 24.04
	Kernel: 5.4.0-167-generic
	Compiler: gcc 13.2.0

RHEL9
	Kernel: Depends on container host
	Compiler: gcc 11.4.1

To view detailed results, visit:
https://lab.dpdk.org/results/dashboard/patchsets/29615/

UNH-IOL DPDK Community Lab

To manage your email subscriptions, visit: 
https://lab.dpdk.org/results/dashboard/preferences/subscriptions/