From mboxrd@z Thu Jan  1 00:00:00 1970
Return-Path: <test-report-bounces@dpdk.org>
Received: from mails.dpdk.org (mails.dpdk.org [217.70.189.124])
	by inbox.dpdk.org (Postfix) with ESMTP id 624C445564
	for <public@inbox.dpdk.org>; Wed,  3 Jul 2024 22:51:51 +0200 (CEST)
Received: from mails.dpdk.org (localhost [127.0.0.1])
	by mails.dpdk.org (Postfix) with ESMTP id 37451410F1;
	Wed,  3 Jul 2024 22:51:51 +0200 (CEST)
Received: from mail-pl1-f226.google.com (mail-pl1-f226.google.com
 [209.85.214.226])
 by mails.dpdk.org (Postfix) with ESMTP id 187174064E
 for <test-report@dpdk.org>; Wed,  3 Jul 2024 22:51:49 +0200 (CEST)
Received: by mail-pl1-f226.google.com with SMTP id
 d9443c01a7336-1fb1c918860so6708485ad.1
 for <test-report@dpdk.org>; Wed, 03 Jul 2024 13:51:48 -0700 (PDT)
DKIM-Signature: v=1; a=rsa-sha256; c=relaxed/relaxed;
 d=iol.unh.edu; s=unh-iol; t=1720039908; x=1720644708; darn=dpdk.org;
 h=references:in-reply-to:cc:to:from:subject:message-id:date:from:to
 :cc:subject:date:message-id:reply-to;
 bh=o4lyh+WKHTVOW4C57BHs7ZUZ+cZ3ytU5xrR6EIdJSLk=;
 b=E8hx+I/inQ3j3o6woYONbVEX7W1+fWuY+YF3o70+ybca5KdDTjKiAxses//mgN8deY
 n+pfkRlsO6TGEmHmV3r6alfvOoJmToW6PKlxwq5eDlh//N6KFJMEkavTryNbxdCLn4lh
 W/vrt1nY7q8Xzjb1Q4fhr/XdmqvcIsv/+WobM=
X-Google-DKIM-Signature: v=1; a=rsa-sha256; c=relaxed/relaxed;
 d=1e100.net; s=20230601; t=1720039908; x=1720644708;
 h=references:in-reply-to:cc:to:from:subject:message-id:date
 :x-gm-message-state:from:to:cc:subject:date:message-id:reply-to;
 bh=o4lyh+WKHTVOW4C57BHs7ZUZ+cZ3ytU5xrR6EIdJSLk=;
 b=NZDgvr5/XRLtgmV9VPXgTqJEC1KBECogM0a7bD1dvKTK4cqaSBr2jXNRopwApnwnhV
 K2iiMcR+AWGn5B/PgVX8mcNsogZ2OsF7Yelc5HUVEKU3rvTWxMtxaU4QHY6KwjVfuqM3
 rAQGMcYbxY+8RqLlfg3YLEO6btd2gLxftMzlll+mRo0Qyf3w0LZBU9mJ844by87CLBgj
 Jvh/dkT4AEwuKDsa2BjQyBia8K2gW3L1tZHcGOFWBLWGM7uMJ/kCs8FWDFc+J3U0XJzE
 kZiiTDlRrEwv3NeCh2YBZb1/9V94w3NdDK7Mjhf2LbwhR+qIjPBEtXorFY2KB6T/VEM5
 CsOw==
X-Gm-Message-State: AOJu0Yy+gCxuGHp/jkuNq7T0KbSx0rwEC4o4A0bs+QJ6XHhCooanhQbq
 4zQkBIzJxEN3o/aTWfMVp297hOdFwsYRmuhPG4cXTf2Z6TeixtjW+I14J7fwo87tjYJ/r96gQZ5
 YuYCDCAGctWDZUYXQEn1/5QkLAzdyqqLyGc3HzLig
X-Google-Smtp-Source: AGHT+IEdMvpzLGqAKijE1Ypubu3aebVb39wcd5iFUQh5HzeU5i+Sj0DuW0nblDZcLuU+hWK0DoRK/VAXDJVJ
X-Received: by 2002:a17:903:2350:b0:1fb:3c1:cb1c with SMTP id
 d9443c01a7336-1fb1a040251mr44349445ad.10.1720039908109; 
 Wed, 03 Jul 2024 13:51:48 -0700 (PDT)
Received: from postal.iol.unh.edu (postal.iol.unh.edu. [132.177.123.84])
 by smtp-relay.gmail.com with ESMTPS id
 d9443c01a7336-1fafb952d0esm1025675ad.18.2024.07.03.13.51.47
 (version=TLS1_2 cipher=ECDHE-ECDSA-AES128-GCM-SHA256 bits=128/128);
 Wed, 03 Jul 2024 13:51:48 -0700 (PDT)
X-Relaying-Domain: iol.unh.edu
Date: Wed, 03 Jul 2024 13:51:48 -0700 (PDT)
Message-ID: <6685b9e4.170a0220.937c6.7587SMTPIN_ADDED_MISSING@mx.google.com>
Received: from [172.21.0.6] (unknown [172.18.0.240])
 by postal.iol.unh.edu (Postfix) with ESMTP id 32F0F605C351;
 Wed,  3 Jul 2024 16:51:47 -0400 (EDT)
Subject: |FAILURE| pw142074-142081 [PATCH] [8/8] mempool/dpaax: cache free op
From: dpdklab@iol.unh.edu
To: Test Report <test-report@dpdk.org>
Cc: dpdk-test-reports@iol.unh.edu, None <vanshika.shukla@nxp.com>
In-Reply-To: <20240703111644.1523242-9-vanshika.shukla@nxp.com>
References: <20240703111644.1523242-9-vanshika.shukla@nxp.com>
Content-Type: text/plain
X-BeenThere: test-report@dpdk.org
X-Mailman-Version: 2.1.29
Precedence: list
List-Id: automatic DPDK test reports <test-report.dpdk.org>
List-Unsubscribe: <https://mails.dpdk.org/options/test-report>,
 <mailto:test-report-request@dpdk.org?subject=unsubscribe>
List-Archive: <http://mails.dpdk.org/archives/test-report/>
List-Post: <mailto:test-report@dpdk.org>
List-Help: <mailto:test-report-request@dpdk.org?subject=help>
List-Subscribe: <https://mails.dpdk.org/listinfo/test-report>,
 <mailto:test-report-request@dpdk.org?subject=subscribe>
Errors-To: test-report-bounces@dpdk.org

Test-Label: iol-compile-amd64-testing
Test-Status: FAILURE
http://dpdk.org/patch/142081

_Testing issues_

Submitter: None <vanshika.shukla@nxp.com>
Date: Wednesday, July 03 2024 11:16:44 
DPDK git baseline: Repo:dpdk
  Branch: master
  CommitID:fbba6db3640f9f623c29c452e1a6b057073e81d2

142074-142081 --> testing issues

Test environment and result as below:

+---------------------+--------------------+------------------+-------------------+----------------------+-------------------+
|     Environment     | dpdk_meson_compile | dpdk_compile_ovs | dpdk_compile_spdk | dpdk_mingw64_compile | dpdk_msvc_compile |
+=====================+====================+==================+===================+======================+===================+
| CentOS Stream 8     | FAIL               | WARN             | WARN              | SKIPPED              | SKIPPED           |
+---------------------+--------------------+------------------+-------------------+----------------------+-------------------+
| Debian 12           | PEND               | PEND             | PEND              | SKIPPED              | SKIPPED           |
+---------------------+--------------------+------------------+-------------------+----------------------+-------------------+
| Fedora 37           | PEND               | PEND             | PEND              | SKIPPED              | SKIPPED           |
+---------------------+--------------------+------------------+-------------------+----------------------+-------------------+
| Debian Bullseye     | FAIL               | WARN             | WARN              | SKIPPED              | SKIPPED           |
+---------------------+--------------------+------------------+-------------------+----------------------+-------------------+
| CentOS Stream 9     | PEND               | PEND             | PEND              | SKIPPED              | SKIPPED           |
+---------------------+--------------------+------------------+-------------------+----------------------+-------------------+
| Fedora 38 (Clang)   | PASS               | PASS             | PASS              | SKIPPED              | SKIPPED           |
+---------------------+--------------------+------------------+-------------------+----------------------+-------------------+
| Fedora 39 (Clang)   | PEND               | PEND             | PEND              | SKIPPED              | SKIPPED           |
+---------------------+--------------------+------------------+-------------------+----------------------+-------------------+
| Fedora 38           | PEND               | PEND             | PEND              | SKIPPED              | SKIPPED           |
+---------------------+--------------------+------------------+-------------------+----------------------+-------------------+
| Fedora 39           | PEND               | PEND             | PEND              | SKIPPED              | SKIPPED           |
+---------------------+--------------------+------------------+-------------------+----------------------+-------------------+
| Fedora 40 (Clang)   | PEND               | PEND             | PEND              | SKIPPED              | SKIPPED           |
+---------------------+--------------------+------------------+-------------------+----------------------+-------------------+
| Fedora 40           | PEND               | PEND             | PEND              | SKIPPED              | SKIPPED           |
+---------------------+--------------------+------------------+-------------------+----------------------+-------------------+
| openSUSE Leap 15    | PEND               | PEND             | SKIPPED           | SKIPPED              | SKIPPED           |
+---------------------+--------------------+------------------+-------------------+----------------------+-------------------+
| RHEL9               | PEND               | PEND             | SKIPPED           | SKIPPED              | SKIPPED           |
+---------------------+--------------------+------------------+-------------------+----------------------+-------------------+
| RHEL8               | FAIL               | WARN             | SKIPPED           | SKIPPED              | SKIPPED           |
+---------------------+--------------------+------------------+-------------------+----------------------+-------------------+
| Ubuntu 24.04        | PEND               | PEND             | PEND              | SKIPPED              | SKIPPED           |
+---------------------+--------------------+------------------+-------------------+----------------------+-------------------+
| Ubuntu 22.04        | PEND               | PEND             | PEND              | SKIPPED              | SKIPPED           |
+---------------------+--------------------+------------------+-------------------+----------------------+-------------------+
| Ubuntu 20.04        | FAIL               | WARN             | SKIPPED           | SKIPPED              | SKIPPED           |
+---------------------+--------------------+------------------+-------------------+----------------------+-------------------+
| FreeBSD 13.3        | PASS               | SKIPPED          | SKIPPED           | SKIPPED              | SKIPPED           |
+---------------------+--------------------+------------------+-------------------+----------------------+-------------------+
| Alpine              | PEND               | PEND             | SKIPPED           | SKIPPED              | SKIPPED           |
+---------------------+--------------------+------------------+-------------------+----------------------+-------------------+
| FreeBSD 14.1        | PASS               | SKIPPED          | SKIPPED           | SKIPPED              | SKIPPED           |
+---------------------+--------------------+------------------+-------------------+----------------------+-------------------+
| Windows Server 2022 | PASS               | SKIPPED          | SKIPPED           | PASS                 | PASS              |
+---------------------+--------------------+------------------+-------------------+----------------------+-------------------+
| Windows Server 2019 | PASS               | SKIPPED          | SKIPPED           | PASS                 | SKIPPED           |
+---------------------+--------------------+------------------+-------------------+----------------------+-------------------+

==== 20 line log output for Ubuntu 20.04 (dpdk_compile_ovs): ====
 --- Failed to get log output --- 
==== End log output ====

CentOS Stream 8
	Kernel: 5.4.0-167-generic
	Compiler: gcc 8.5.0 20210514

Debian 12
	Kernel: Container Host Kernel
	Compiler: gcc 12.2.0

Fedora 37
	Kernel: Depends on container host system
	Compiler: gcc 12.3.1

Debian Bullseye
	Kernel: 5.4.0-167-generic
	Compiler: gcc 10.2.1-6

CentOS Stream 9
	Kernel: 5.4.0-167-generic
	Compiler: gcc 11.4.1 20230605

Fedora 38 (Clang)
	Kernel: Depends on container host
	Compiler: clang 16.0.6

Fedora 39 (Clang)
	Kernel: Depends on container host
	Compiler: clang 17.0.6

Fedora 38
	Kernel: Depends on container host
	Compiler: gcc 13.2.1

Fedora 39
	Kernel: Depends on container host
	Compiler: gcc 13.2.1

Fedora 40 (Clang)
	Kernel: Depends on container host
	Compiler: clang 18.1.6

Fedora 40
	Kernel: Depends on container host
	Compiler: gcc 14.1.1

openSUSE Leap 15
	Kernel: 5.4.0-167-generic
	Compiler: gcc 7.5.0

RHEL9
	Kernel: Depends on container host
	Compiler: gcc 11.4.1

RHEL8
	Kernel: 5.4.0-167-generic
	Compiler: gcc 8.5.0 20210514 (Red Hat 8.5.0-20)

Ubuntu 24.04
	Kernel: 5.4.0-167-generic
	Compiler: gcc 13.2.0

Ubuntu 22.04
	Kernel: 5.4.0-167-generic
	Compiler: gcc 11.4.0

Ubuntu 20.04
	Kernel: 5.4.0-167-generic
	Compiler: gcc 9.4.0-1ubuntu1~20.04.1

FreeBSD 13.3
	Kernel: 13.3-RELEASE-p1
	Compiler: clang 17.0.6

Alpine
	Kernel: 5.4.0-167-generic
	Compiler: gcc (Alpine 13.2.1_git20231014) 13.2.1 20231014

FreeBSD 14.1
	Kernel: 14.1
	Compiler: clang 18.1.5

Windows Server 2022
	Kernel: 10.0.20348.2031
	Compiler: clang 15.0.7, gcc 8.1.0 (MinGW), and MSVC VS 17.9

Windows Server 2019
	Kernel: 10.0.17763
	Compiler: clang 14.0 and gcc 8.1.0 (MinGW)

To view detailed results, visit:
https://lab.dpdk.org/results/dashboard/patchsets/30399/

UNH-IOL DPDK Community Lab

To manage your email subscriptions, visit: 
https://lab.dpdk.org/results/dashboard/preferences/subscriptions/