From mboxrd@z Thu Jan  1 00:00:00 1970
Return-Path: <test-report-bounces@dpdk.org>
Received: from mails.dpdk.org (mails.dpdk.org [217.70.189.124])
	by inbox.dpdk.org (Postfix) with ESMTP id 18F8E45565
	for <public@inbox.dpdk.org>; Wed,  3 Jul 2024 23:59:04 +0200 (CEST)
Received: from mails.dpdk.org (localhost [127.0.0.1])
	by mails.dpdk.org (Postfix) with ESMTP id 0C2DF42ED0;
	Wed,  3 Jul 2024 23:59:04 +0200 (CEST)
Received: from mail-io1-f97.google.com (mail-io1-f97.google.com
 [209.85.166.97]) by mails.dpdk.org (Postfix) with ESMTP id 2A6BD42ECE
 for <test-report@dpdk.org>; Wed,  3 Jul 2024 23:59:02 +0200 (CEST)
Received: by mail-io1-f97.google.com with SMTP id
 ca18e2360f4ac-7f669a63f75so1233839f.1
 for <test-report@dpdk.org>; Wed, 03 Jul 2024 14:59:02 -0700 (PDT)
DKIM-Signature: v=1; a=rsa-sha256; c=relaxed/relaxed;
 d=iol.unh.edu; s=unh-iol; t=1720043941; x=1720648741; darn=dpdk.org;
 h=references:in-reply-to:cc:to:from:subject:message-id:date:from:to
 :cc:subject:date:message-id:reply-to;
 bh=voR4Tlz0KtXypXaKGMSOqwFY9C877zmni2tbdvXXJNg=;
 b=Q9pK9A+IkMTvP32/dYMNhDZhIEo4lQdRGTO04OBYkOiNnd8X/QRwgLFEpMZqG3obA+
 r2kR/jcHNfNR9W0AeezYreDXyS/GGSx4PwUfYHww9sQui7NaObidqK+AfhHf06nomYOP
 2faTVlOT6YtHEZLDmBvSpn9TdK6OmGCki2oyE=
X-Google-DKIM-Signature: v=1; a=rsa-sha256; c=relaxed/relaxed;
 d=1e100.net; s=20230601; t=1720043941; x=1720648741;
 h=references:in-reply-to:cc:to:from:subject:message-id:date
 :x-gm-message-state:from:to:cc:subject:date:message-id:reply-to;
 bh=voR4Tlz0KtXypXaKGMSOqwFY9C877zmni2tbdvXXJNg=;
 b=tjYryyS/msZBjwjBAxNEyCy4O812A7ZuC3/3kzQSDF6wkgdyvvNblcgPvHOPiyXwFA
 dlNZw/h1QUYW4Z++2B5A7RocaeMzlQSluYD8AGw+LC2NVnH7DArxS+0N+c8jlbBfG8FU
 Yfhyc2C4LSwFDz3JD7FIy+bi7FnBS+wOFSjCgwwx5DF0uXK5fAjBQ+LC2O7Vm6mMoGjK
 V3nc4Q7cljSrcFQ9E3wLnG22Svtr7mVIwoo5URmEiDb/Q5143CQQiFIPtMnEZUSjDwlu
 MNM55ss6s5kB/vR7gjFdza4RjrV86q6D3jlHIQW+Zv48HpdftXet9dniP3MK5APe72Q1
 K6Jw==
X-Gm-Message-State: AOJu0Yyitu0rImKQmelSwlCVeAYqYnDktJgJ6HPv8H4pLcmL7RUXrwhK
 0KHqPjfIPBXACp24VJOA0NrH4+reW8q22FkR4ixuWv7S8feZ5kowvKGxTlrvpjH1IeGEgcf8FMW
 LEQXHjfvqtxzJf/li3MavBRSjDbgpcSgesXGn2lM/
X-Google-Smtp-Source: AGHT+IGszKTWT4TXH5szeTiMfsE9m+ssX278OPFFqq4NEanVMn/NoOMqJNC36bxglWRPW5xExDdtK4aFOLsc
X-Received: by 2002:a5d:840e:0:b0:7f6:2570:509 with SMTP id
 ca18e2360f4ac-7f62ee0aeffmr1405148339f.6.1720043941384; 
 Wed, 03 Jul 2024 14:59:01 -0700 (PDT)
Received: from postal.iol.unh.edu (postal.iol.unh.edu. [132.177.123.84])
 by smtp-relay.gmail.com with ESMTPS id
 ca18e2360f4ac-7f61ceab843sm42574339f.15.2024.07.03.14.59.01
 (version=TLS1_2 cipher=ECDHE-ECDSA-AES128-GCM-SHA256 bits=128/128);
 Wed, 03 Jul 2024 14:59:01 -0700 (PDT)
X-Relaying-Domain: iol.unh.edu
Date: Wed, 03 Jul 2024 14:59:01 -0700 (PDT)
Message-ID: <6685c9a5.050a0220.35d95.fe37SMTPIN_ADDED_MISSING@mx.google.com>
Received: from [172.21.0.7] (unknown [172.18.0.240])
 by postal.iol.unh.edu (Postfix) with ESMTP id E6E0B605C351;
 Wed,  3 Jul 2024 17:59:00 -0400 (EDT)
Subject: |FAILURE| pw142074-142081 [PATCH] [8/8] mempool/dpaax: cache free op
From: dpdklab@iol.unh.edu
To: Test Report <test-report@dpdk.org>
Cc: dpdk-test-reports@iol.unh.edu, None <vanshika.shukla@nxp.com>
In-Reply-To: <20240703111644.1523242-9-vanshika.shukla@nxp.com>
References: <20240703111644.1523242-9-vanshika.shukla@nxp.com>
Content-Type: text/plain
X-BeenThere: test-report@dpdk.org
X-Mailman-Version: 2.1.29
Precedence: list
List-Id: automatic DPDK test reports <test-report.dpdk.org>
List-Unsubscribe: <https://mails.dpdk.org/options/test-report>,
 <mailto:test-report-request@dpdk.org?subject=unsubscribe>
List-Archive: <http://mails.dpdk.org/archives/test-report/>
List-Post: <mailto:test-report@dpdk.org>
List-Help: <mailto:test-report-request@dpdk.org?subject=help>
List-Subscribe: <https://mails.dpdk.org/listinfo/test-report>,
 <mailto:test-report-request@dpdk.org?subject=subscribe>
Errors-To: test-report-bounces@dpdk.org

Test-Label: iol-unit-amd64-testing
Test-Status: FAILURE
http://dpdk.org/patch/142081

_Testing issues_

Submitter: None <vanshika.shukla@nxp.com>
Date: Wednesday, July 03 2024 11:16:44 
DPDK git baseline: Repo:dpdk
  Branch: master
  CommitID:fbba6db3640f9f623c29c452e1a6b057073e81d2

142074-142081 --> testing issues

Test environment and result as below:

+-------------------+----------------+
|    Environment    | dpdk_unit_test |
+===================+================+
| CentOS Stream 8   | FAIL           |
+-------------------+----------------+
| Debian Bullseye   | FAIL           |
+-------------------+----------------+
| CentOS Stream 9   | PASS           |
+-------------------+----------------+
| Fedora 37         | PASS           |
+-------------------+----------------+
| Fedora 38 (Clang) | PASS           |
+-------------------+----------------+
| Fedora 38         | PASS           |
+-------------------+----------------+
| Fedora 39         | PASS           |
+-------------------+----------------+
| Fedora 39 (Clang) | PASS           |
+-------------------+----------------+
| Fedora 40         | PASS           |
+-------------------+----------------+
| Fedora 40 (Clang) | PASS           |
+-------------------+----------------+
| openSUSE Leap 15  | PASS           |
+-------------------+----------------+
| RHEL8             | FAIL           |
+-------------------+----------------+
| RHEL9             | PASS           |
+-------------------+----------------+
| Ubuntu 20.04      | FAIL           |
+-------------------+----------------+
| Ubuntu 22.04      | PASS           |
+-------------------+----------------+
| Ubuntu 24.04      | PASS           |
+-------------------+----------------+
| Debian 12         | PASS           |
+-------------------+----------------+

==== 20 line log output for Ubuntu 20.04 (dpdk_unit_test): ====
[1305/2866] Compiling C object 'drivers/a715181@@rte_net_cxgbe@sta/meson-generated_.._rte_net_cxgbe.pmd.c.o'.
[1306/2866] Linking static target drivers/librte_net_cxgbe.a.
[1307/2866] Compiling C object 'drivers/a715181@@rte_net_cxgbe@sha/meson-generated_.._rte_net_cxgbe.pmd.c.o'.
[1308/2866] Linking target drivers/librte_net_cxgbe.so.24.2.
[1309/2866] Compiling C object 'drivers/a715181@@tmp_rte_net_dpaa@sta/net_dpaa_dpaa_ethdev.c.o'.
FAILED: drivers/a715181@@tmp_rte_net_dpaa@sta/net_dpaa_dpaa_ethdev.c.o
ccache cc -Idrivers/a715181@@tmp_rte_net_dpaa@sta -Idrivers -I../drivers -Idrivers/net/dpaa -I../drivers/net/dpaa -Ilib/ethdev -I../lib/ethdev -I. -I../ -Iconfig -I../config -Ilib/eal/include -I../lib/eal/include -Ilib/eal/linux/include -I../lib/eal/linux/include -Ilib/eal/x86/include -I../lib/eal/x86/include -Ilib/eal/common -I../lib/eal/common -Ilib/eal -I../lib/eal -Ilib/kvargs -I../lib/kvargs -Ilib/log -I../lib/log -Ilib/telemetry/../metrics -I../lib/telemetry/../metrics -Ilib/telemetry -I../lib/telemetry -Ilib/net -I../lib/net -Ilib/mbuf -I../lib/mbuf -Ilib/mempool -I../lib/mempool -Ilib/ring -I../lib/ring -Ilib/meter -I../lib/meter -Idrivers/bus/pci -I../drivers/bus/pci -I../drivers/bus/pci/linux -Ilib/pci -I../lib/pci -Idrivers/bus/vdev -I../drivers/bus/vdev -Idrivers/mempool/dpaa -I../drivers/mempool/dpaa -Idrivers/bus/dpaa -I../drivers/bus/dpaa -I../drivers/bus/dpaa/include -I../drivers/bus/dpaa/base/qbman -Idrivers/common/dpaax -I../drivers/common/dpaax -I../drivers/common/
 dpaax/caamflib -Ilib/eventdev -I../lib/eventdev -Ilib/hash -I../lib/hash -Ilib/rcu -I../lib/rcu -Ilib/timer -I../lib/timer -Ilib/cryptodev -I../lib/cryptodev -Ilib/dmadev -I../lib/dmadev -fdiagnostics-color=always -pipe -D_FILE_OFFSET_BITS=64 -Wall -Winvalid-pch -Wextra -Werror -std=c11 -O3 -include rte_config.h -Wcast-qual -Wdeprecated -Wformat -Wformat-nonliteral -Wformat-security -Wmissing-declarations -Wmissing-prototypes -Wnested-externs -Wold-style-definition -Wpointer-arith -Wsign-compare -Wstrict-prototypes -Wundef -Wwrite-strings -Wno-address-of-packed-member -Wno-packed-not-aligned -Wno-missing-field-initializers -D_GNU_SOURCE -fPIC -march=native -mrtm -DALLOW_EXPERIMENTAL_API -DALLOW_INTERNAL_API -Wno-format-truncation -Wno-pointer-arith -DRTE_LOG_DEFAULT_LOGTYPE=pmd.net.dpaa -MD -MQ 'drivers/a715181@@tmp_rte_net_dpaa@sta/net_dpaa_dpaa_ethdev.c.o' -MF 'drivers/a715181@@tmp_rte_net_dpaa@sta/net_dpaa_dpaa_ethdev.c.o.d' -o 'drivers/a715181@@tmp_rte_net_dpaa@sta/net_dpaa_dpaa
 _ethdev.c.o' -c ../drivers/net/dpaa/dpaa_ethdev.c
In file included from /usr/include/string.h:495,
from ../lib/eal/include/rte_string_fns.h:20,
from ../drivers/net/dpaa/dpaa_ethdev.c:19:
In function 'strncpy',
inlined from 'dpaa_eth_dev_configure' at ../drivers/net/dpaa/dpaa_ethdev.c:240:3:
/usr/include/x86_64-linux-gnu/bits/string_fortified.h:106:10: error: '__builtin_strncpy' specified bound 16 equals destination size [-Werror=stringop-truncation]
106 |   return __builtin___strncpy_chk (__dest, __src, __len, __bos (__dest));
|          ^~~~~~~~~~~~~~~~~~~~~~~~~~~~~~~~~~~~~~~~~~~~~~~~~~~~~~~~~~~~~~
cc1: all warnings being treated as errors
[1310/2866] Compiling C object 'drivers/a715181@@tmp_rte_net_dpaa@sta/net_dpaa_fmlib_fm_lib.c.o'.
[1311/2866] Generating rte_common_sfc_efx.sym_chk with a meson_exe.py custom command.
[1312/2866] Generating rte_common_cnxk.sym_chk with a meson_exe.py custom command.
ninja: build stopped: subcommand failed.
==== End log output ====

CentOS Stream 8
	Kernel: 5.4.0-167-generic
	Compiler: gcc 8.5.0 20210514

Debian Bullseye
	Kernel: 5.4.0-167-generic
	Compiler: gcc 10.2.1-6

CentOS Stream 9
	Kernel: 5.4.0-167-generic
	Compiler: gcc 11.4.1 20230605

Fedora 37
	Kernel: Depends on container host system
	Compiler: gcc 12.3.1

Fedora 38 (Clang)
	Kernel: Depends on container host
	Compiler: clang 16.0.6

Fedora 38
	Kernel: Depends on container host
	Compiler: gcc 13.2.1

Fedora 39
	Kernel: Depends on container host
	Compiler: gcc 13.2.1

Fedora 39 (Clang)
	Kernel: Depends on container host
	Compiler: clang 17.0.6

Fedora 40
	Kernel: Depends on container host
	Compiler: gcc 14.1.1

Fedora 40 (Clang)
	Kernel: Depends on container host
	Compiler: clang 18.1.6

openSUSE Leap 15
	Kernel: 5.4.0-167-generic
	Compiler: gcc 7.5.0

RHEL8
	Kernel: 5.4.0-167-generic
	Compiler: gcc 8.5.0 20210514 (Red Hat 8.5.0-20)

RHEL9
	Kernel: Depends on container host
	Compiler: gcc 11.4.1

Ubuntu 20.04
	Kernel: 5.4.0-167-generic
	Compiler: gcc 9.4.0-1ubuntu1~20.04.1

Ubuntu 22.04
	Kernel: 5.4.0-167-generic
	Compiler: gcc 11.4.0

Ubuntu 24.04
	Kernel: 5.4.0-167-generic
	Compiler: gcc 13.2.0

Debian 12
	Kernel: Container Host Kernel
	Compiler: gcc 12.2.0

To view detailed results, visit:
https://lab.dpdk.org/results/dashboard/patchsets/30399/

UNH-IOL DPDK Community Lab

To manage your email subscriptions, visit: 
https://lab.dpdk.org/results/dashboard/preferences/subscriptions/