From mboxrd@z Thu Jan  1 00:00:00 1970
Return-Path: <test-report-bounces@dpdk.org>
Received: from mails.dpdk.org (mails.dpdk.org [217.70.189.124])
	by inbox.dpdk.org (Postfix) with ESMTP id 550AE43EC3
	for <public@inbox.dpdk.org>; Tue, 16 Jul 2024 12:58:06 +0200 (CEST)
Received: from mails.dpdk.org (localhost [127.0.0.1])
	by mails.dpdk.org (Postfix) with ESMTP id 506F840B94;
	Tue, 16 Jul 2024 12:58:06 +0200 (CEST)
Received: from mail-yb1-f225.google.com (mail-yb1-f225.google.com
 [209.85.219.225])
 by mails.dpdk.org (Postfix) with ESMTP id A008D402AD
 for <test-report@dpdk.org>; Tue, 16 Jul 2024 12:58:05 +0200 (CEST)
Received: by mail-yb1-f225.google.com with SMTP id
 3f1490d57ef6-e057ae1adbeso4024196276.0
 for <test-report@dpdk.org>; Tue, 16 Jul 2024 03:58:05 -0700 (PDT)
DKIM-Signature: v=1; a=rsa-sha256; c=relaxed/relaxed;
 d=iol.unh.edu; s=unh-iol; t=1721127485; x=1721732285; darn=dpdk.org;
 h=references:in-reply-to:cc:to:from:subject:message-id:date:from:to
 :cc:subject:date:message-id:reply-to;
 bh=J4ctFAossH4bY6VdIzW2+eHewmmQXFRiMyiBjRMZRsw=;
 b=N2Rgb885hgQ9ADR00AygGhD7jgds8BtbZ1ixSagMxqQwE2tJQ9VcXrNKp/8wAgQ9wM
 ccTjX2I9YWQvPMI3iEmmTPg1iPOGSjb2yJ2SVBg9lULeVUVgs+w9/zAOhg6eWaEzfiv9
 kyMqTISyheAf4/gmvCae6Virh+koI97E9fsD8=
X-Google-DKIM-Signature: v=1; a=rsa-sha256; c=relaxed/relaxed;
 d=1e100.net; s=20230601; t=1721127485; x=1721732285;
 h=references:in-reply-to:cc:to:from:subject:message-id:date
 :x-gm-message-state:from:to:cc:subject:date:message-id:reply-to;
 bh=J4ctFAossH4bY6VdIzW2+eHewmmQXFRiMyiBjRMZRsw=;
 b=ASQTTOK1XgNfdYlZLb1pKbLP2d1kVTU1eWgaCF3nDdKkcfozLkWWfBkjV544bLx6EH
 jpW7Ip13tiO4jgXwre3lmsHKi5U+VCOncVET1bNsH/18OY8eTMJUi7Gz8cJLRwGP0Jk4
 ojn9sI2qx8qLdG6eGuDwRacUA8YQ8SmCp2sD2T4uFtAHF5fMkH38cK89wnS2uwBUsKnk
 er7sCPP/CtTn+4m0XKcAKi3NX9yxwGP7bxlmQ6Nq0ChRcBAyB4BezeCQC8YrrXtGaERL
 xQUd1bDo/vWXNkW7Y38FxUCafYBMajfk81+pNomZQJ9vhGXXmM7n/QrCLl2dfbSrFLK8
 XBMg==
X-Gm-Message-State: AOJu0YwBAHhzlSV+27O5p3xBshzuFdvLYGh62ZQ5VZay0WKC0R6Ug89O
 r0+T7fhXEtugBvqVSwYVst7P5wBeaT7BwDc2/69hwgwE4tVw5rVAq7cWJ4NApW5EV6Ip/9L1q13
 BgC8VrlLk/F0t7QCXXohLNO7cRNQ4IJCpMmvL94c74I0Tl5eOquPrsP/i
X-Google-Smtp-Source: AGHT+IGQn49T/dZgbxqcFMRVW681cF2dTg8Xj5cr1hi+usFlz+SAhxuHFrntj6bWRH/SGS/oMAlO6kpo1dY9
X-Received: by 2002:a0d:fcc6:0:b0:64b:1eb2:3dd4 with SMTP id
 00721157ae682-663a4106cbbmr10801757b3.8.1721127484985; 
 Tue, 16 Jul 2024 03:58:04 -0700 (PDT)
Received: from postal.iol.unh.edu (postal.iol.unh.edu.
 [2606:4100:3880:1234::84]) by smtp-relay.gmail.com with ESMTPS id
 00721157ae682-65fc4b21b6esm2490957b3.60.2024.07.16.03.58.04
 (version=TLS1_2 cipher=ECDHE-ECDSA-AES128-GCM-SHA256 bits=128/128);
 Tue, 16 Jul 2024 03:58:04 -0700 (PDT)
X-Relaying-Domain: iol.unh.edu
Date: Tue, 16 Jul 2024 03:58:04 -0700 (PDT)
Message-ID: <6696523c.050a0220.c4065.b6a3SMTPIN_ADDED_MISSING@mx.google.com>
Received: from [172.21.0.6] (unknown [172.18.0.240])
 by postal.iol.unh.edu (Postfix) with ESMTP id 9D9FD6052500;
 Tue, 16 Jul 2024 06:58:04 -0400 (EDT)
Subject: |WARNING| pw142417 [PATCH] [RFC,v2] ethdev: an API for cache stashin
From: dpdklab@iol.unh.edu
To: Test Report <test-report@dpdk.org>
Cc: dpdk-test-reports@iol.unh.edu
In-Reply-To: <20240715221141.16153-1-wathsala.vithanage@arm.com>
References: <20240715221141.16153-1-wathsala.vithanage@arm.com>
Content-Type: text/plain
X-BeenThere: test-report@dpdk.org
X-Mailman-Version: 2.1.29
Precedence: list
List-Id: automatic DPDK test reports <test-report.dpdk.org>
List-Unsubscribe: <https://mails.dpdk.org/options/test-report>,
 <mailto:test-report-request@dpdk.org?subject=unsubscribe>
List-Archive: <http://mails.dpdk.org/archives/test-report/>
List-Post: <mailto:test-report@dpdk.org>
List-Help: <mailto:test-report-request@dpdk.org?subject=help>
List-Subscribe: <https://mails.dpdk.org/listinfo/test-report>,
 <mailto:test-report-request@dpdk.org?subject=subscribe>
Errors-To: test-report-bounces@dpdk.org

Test-Label: iol-abi-testing
Test-Status: WARNING
http://dpdk.org/patch/142417

_Testing issues_

Submitter: Wathsala Vithanage <wathsala.vithanage@arm.com>
Date: Monday, July 15 2024 22:11:41 
DPDK git baseline: Repo:dpdk
  Branch: master
  CommitID:fa8d2f7f28524a6c8defa3dcd94f5aa131aae084

142417 --> testing issues

Test environment and result as below:

+-------------------+----------+
|    Environment    | abi_test |
+===================+==========+
| CentOS Stream 8   | FAIL     |
+-------------------+----------+
| CentOS Stream 9   | FAIL     |
+-------------------+----------+
| Debian Bullseye   | FAIL     |
+-------------------+----------+
| Debian 12         | FAIL     |
+-------------------+----------+
| Fedora 37         | FAIL     |
+-------------------+----------+
| Fedora 38 (Clang) | FAIL     |
+-------------------+----------+
| Fedora 39 (Clang) | FAIL     |
+-------------------+----------+
| Fedora 38         | FAIL     |
+-------------------+----------+
| Fedora 39         | FAIL     |
+-------------------+----------+
| Fedora 40 (Clang) | FAIL     |
+-------------------+----------+
| Fedora 40         | FAIL     |
+-------------------+----------+
| RHEL8             | FAIL     |
+-------------------+----------+
| openSUSE Leap 15  | FAIL     |
+-------------------+----------+
| Ubuntu 24.04      | FAIL     |
+-------------------+----------+
| RHEL9             | FAIL     |
+-------------------+----------+
| Ubuntu 22.04      | PEND     |
+-------------------+----------+

==== 20 line log output for RHEL9 (abi_test): ====
Variables changes summary: 0 Removed, 0 Changed, 0 Added variable

Functions changes summary: 0 Removed, 0 Changed (3 filtered out), 0 Added functions
Variables changes summary: 0 Removed, 0 Changed, 0 Added variable

Functions changes summary: 0 Removed, 0 Changed (2 filtered out), 0 Added functions
Variables changes summary: 0 Removed, 0 Changed, 0 Added variable

Functions changes summary: 0 Removed, 0 Changed (15 filtered out), 0 Added functions
Variables changes summary: 0 Removed, 0 Changed (2 filtered out), 0 Added (2 filtered out) variables

Functions changes summary: 0 Removed, 0 Changed (4 filtered out), 0 Added functions
Variables changes summary: 0 Removed, 0 Changed, 0 Added variable

Functions changes summary: 0 Removed, 0 Changed (12 filtered out), 0 Added (4 filtered out) functions
Variables changes summary: 0 Removed, 0 Changed (1 filtered out), 0 Added variable

Functions changes summary: 0 Removed, 0 Changed, 0 Added (6 filtered out) functions
Variables changes summary: 0 Removed, 0 Changed, 0 Added variable

==== End log output ====

CentOS Stream 8
	Kernel: 5.4.0-167-generic
	Compiler: gcc 8.5.0 20210514

CentOS Stream 9
	Kernel: 5.4.0-167-generic
	Compiler: gcc 11.4.1 20230605

Debian Bullseye
	Kernel: 5.4.0-167-generic
	Compiler: gcc 10.2.1-6

Debian 12
	Kernel: Container Host Kernel
	Compiler: gcc 12.2.0

Fedora 37
	Kernel: Depends on container host system
	Compiler: gcc 12.3.1

Fedora 38 (Clang)
	Kernel: Depends on container host
	Compiler: clang 16.0.6

Fedora 39 (Clang)
	Kernel: Depends on container host
	Compiler: clang 17.0.6

Fedora 38
	Kernel: Depends on container host
	Compiler: gcc 13.2.1

Fedora 39
	Kernel: Depends on container host
	Compiler: gcc 13.2.1

Fedora 40 (Clang)
	Kernel: Depends on container host
	Compiler: clang 18.1.6

Fedora 40
	Kernel: Depends on container host
	Compiler: gcc 14.1.1

RHEL8
	Kernel: 5.4.0-167-generic
	Compiler: gcc 8.5.0 20210514 (Red Hat 8.5.0-20)

openSUSE Leap 15
	Kernel: 5.4.0-167-generic
	Compiler: gcc 7.5.0

Ubuntu 24.04
	Kernel: 5.4.0-167-generic
	Compiler: gcc 13.2.0

RHEL9
	Kernel: Depends on container host
	Compiler: gcc 11.4.1

Ubuntu 22.04
	Kernel: 5.4.0-167-generic
	Compiler: gcc 11.4.0

To view detailed results, visit:
https://lab.dpdk.org/results/dashboard/patchsets/30524/

UNH-IOL DPDK Community Lab

To manage your email subscriptions, visit: 
https://lab.dpdk.org/results/dashboard/preferences/subscriptions/