From mboxrd@z Thu Jan  1 00:00:00 1970
Return-Path: <test-report-bounces@dpdk.org>
Received: from mails.dpdk.org (mails.dpdk.org [217.70.189.124])
	by inbox.dpdk.org (Postfix) with ESMTP id 1D812455D8
	for <public@inbox.dpdk.org>; Tue, 16 Jul 2024 13:52:49 +0200 (CEST)
Received: from mails.dpdk.org (localhost [127.0.0.1])
	by mails.dpdk.org (Postfix) with ESMTP id 1A99E432F2;
	Tue, 16 Jul 2024 13:52:49 +0200 (CEST)
Received: from mail-qv1-f98.google.com (mail-qv1-f98.google.com
 [209.85.219.98]) by mails.dpdk.org (Postfix) with ESMTP id 20046402AD
 for <test-report@dpdk.org>; Tue, 16 Jul 2024 13:52:30 +0200 (CEST)
Received: by mail-qv1-f98.google.com with SMTP id
 6a1803df08f44-6b73f7b855bso32650526d6.3
 for <test-report@dpdk.org>; Tue, 16 Jul 2024 04:52:30 -0700 (PDT)
DKIM-Signature: v=1; a=rsa-sha256; c=relaxed/relaxed;
 d=iol.unh.edu; s=unh-iol; t=1721130749; x=1721735549; darn=dpdk.org;
 h=references:in-reply-to:cc:to:from:subject:message-id:date:from:to
 :cc:subject:date:message-id:reply-to;
 bh=vNKov3qjvq1UEowvxqCkGsKVjgGravx/XPtYjh3ht7M=;
 b=HN1VdOSVTAmMESomrdghlBOLgMJdjzzNCsn3FarFGbvnzJ5Su9R5zj2XjtPTN+yFw+
 5B2SukP5Iia4wTGtFXafu+iZh3D0Oh5++7TA5Vnm9VZKyR9rgY4nkr1mXOIYr2NMnV2O
 9EhPlt6qMiAQG9xUD10XwTvY5X7WVNaSO7yLc=
X-Google-DKIM-Signature: v=1; a=rsa-sha256; c=relaxed/relaxed;
 d=1e100.net; s=20230601; t=1721130749; x=1721735549;
 h=references:in-reply-to:cc:to:from:subject:message-id:date
 :x-gm-message-state:from:to:cc:subject:date:message-id:reply-to;
 bh=vNKov3qjvq1UEowvxqCkGsKVjgGravx/XPtYjh3ht7M=;
 b=LFlXqaH8TEZ+dEDWc4olSzj4D0Bk3JHru48OXjAIF44vha4QrJDnBF+ccHHHBIDsE+
 4XawPWZJTkldHGqA9MCStmnJmHXbooAVmYwo9Fc0tPXNSFehJw/ACZZ9M9iWziYKx4Un
 BcAKhimQglff+9WDJj8mns4T/J8iDWQEA2Xg4X4pXiOOnmMPokHU1IWF05oIiR3Bq4ag
 GA16QI+k5nX7Tpq9NITzwQ2bGIljiF9GxWkhcEmsjadcPlLOt+EHHd+GNO5mKo4DashM
 OD4qoUvV385p+9W6MokRliAYegkemp45TtX9suG08HFd/cMze5v9AGLyRJX9rUCVVsHh
 JuJg==
X-Gm-Message-State: AOJu0YyZZApXpHQR0vUc/TrH2wH58cGA/mMrV2Qf604ez9+nj0FVBvXU
 X2SISWwd2+/bGNtC9LMDmvcELB2jVUimqPno48T+qx8XUT7EEaLYBfT1FoKX52soqw1bGT3gFcJ
 LHbaJAyqJmV+uWh7qrSJ0puQygqjXroKZTw8tZ4KVvEH0/2FW
X-Google-Smtp-Source: AGHT+IGYfaNlJnvEvgL4Nir24382A8lIcumDb8NhhVD3aCw8JuWVn6JntBGCkp2DVyf4Osmv41W4isnyFvu0
X-Received: by 2002:ad4:4ee9:0:b0:6b5:e58a:63a6 with SMTP id
 6a1803df08f44-6b77f52d04fmr25947266d6.34.1721130749314; 
 Tue, 16 Jul 2024 04:52:29 -0700 (PDT)
Received: from postal.iol.unh.edu (postal.iol.unh.edu.
 [2606:4100:3880:1234::84]) by smtp-relay.gmail.com with ESMTPS id
 6a1803df08f44-6b7654173f2sm3053446d6.1.2024.07.16.04.52.29
 (version=TLS1_2 cipher=ECDHE-ECDSA-AES128-GCM-SHA256 bits=128/128);
 Tue, 16 Jul 2024 04:52:29 -0700 (PDT)
X-Relaying-Domain: iol.unh.edu
Date: Tue, 16 Jul 2024 04:52:29 -0700 (PDT)
Message-ID: <66965efd.050a0220.ba729.dd16SMTPIN_ADDED_MISSING@mx.google.com>
Received: from [172.21.0.8] (unknown [172.18.0.240])
 by postal.iol.unh.edu (Postfix) with ESMTP id 0B4246052500;
 Tue, 16 Jul 2024 07:52:29 -0400 (EDT)
Subject: |FAILURE| pw142417 [PATCH] [RFC,v2] ethdev: an API for cache stashin
From: dpdklab@iol.unh.edu
To: Test Report <test-report@dpdk.org>
Cc: dpdk-test-reports@iol.unh.edu,
 Wathsala Vithanage <wathsala.vithanage@arm.com>
In-Reply-To: <20240715221141.16153-1-wathsala.vithanage@arm.com>
References: <20240715221141.16153-1-wathsala.vithanage@arm.com>
Content-Type: text/plain
X-BeenThere: test-report@dpdk.org
X-Mailman-Version: 2.1.29
Precedence: list
List-Id: automatic DPDK test reports <test-report.dpdk.org>
List-Unsubscribe: <https://mails.dpdk.org/options/test-report>,
 <mailto:test-report-request@dpdk.org?subject=unsubscribe>
List-Archive: <http://mails.dpdk.org/archives/test-report/>
List-Post: <mailto:test-report@dpdk.org>
List-Help: <mailto:test-report-request@dpdk.org?subject=help>
List-Subscribe: <https://mails.dpdk.org/listinfo/test-report>,
 <mailto:test-report-request@dpdk.org?subject=subscribe>
Errors-To: test-report-bounces@dpdk.org

Test-Label: iol-unit-amd64-testing
Test-Status: FAILURE
http://dpdk.org/patch/142417

_Testing issues_

Submitter: Wathsala Vithanage <wathsala.vithanage@arm.com>
Date: Monday, July 15 2024 22:11:41 
DPDK git baseline: Repo:dpdk
  Branch: master
  CommitID:fa8d2f7f28524a6c8defa3dcd94f5aa131aae084

142417 --> testing issues

Test environment and result as below:

+---------------------+----------------+
|     Environment     | dpdk_unit_test |
+=====================+================+
| Windows Server 2019 | FAIL           |
+---------------------+----------------+
| Windows Server 2022 | FAIL           |
+---------------------+----------------+
| CentOS Stream 8     | PASS           |
+---------------------+----------------+
| CentOS Stream 9     | PEND           |
+---------------------+----------------+
| Debian Bullseye     | PEND           |
+---------------------+----------------+
| Debian 12           | PEND           |
+---------------------+----------------+
| Fedora 38 (Clang)   | PEND           |
+---------------------+----------------+
| Fedora 37           | PEND           |
+---------------------+----------------+
| Fedora 38           | PEND           |
+---------------------+----------------+
| Fedora 39           | PEND           |
+---------------------+----------------+
| Fedora 39 (Clang)   | PEND           |
+---------------------+----------------+
| Fedora 40           | PEND           |
+---------------------+----------------+
| Fedora 40 (Clang)   | PEND           |
+---------------------+----------------+
| openSUSE Leap 15    | PEND           |
+---------------------+----------------+
| Ubuntu 20.04        | PEND           |
+---------------------+----------------+
| RHEL8               | PEND           |
+---------------------+----------------+
| RHEL9               | PEND           |
+---------------------+----------------+
| Ubuntu 22.04        | PEND           |
+---------------------+----------------+
| Ubuntu 24.04        | PEND           |
+---------------------+----------------+

==== Unit test summary for Windows Server 2022 (dpdk_unit_test): ====
Failed to get the unit test results.
Displaying the unit test results is not supported for some environments,
such as our aarch32 testing, where meson is not used to run the tests.
Download the logs available on our CI site.
==== End log output ====

Windows Server 2019
	Kernel: 10.0.17763
	Compiler: clang 14.0 and gcc 8.1.0 (MinGW)

Windows Server 2022
	Kernel: 10.0.20348.2031
	Compiler: clang 15.0.7, gcc 8.1.0 (MinGW), and MSVC VS 17.9

CentOS Stream 8
	Kernel: 5.4.0-167-generic
	Compiler: gcc 8.5.0 20210514

CentOS Stream 9
	Kernel: 5.4.0-167-generic
	Compiler: gcc 11.4.1 20230605

Debian Bullseye
	Kernel: 5.4.0-167-generic
	Compiler: gcc 10.2.1-6

Debian 12
	Kernel: Container Host Kernel
	Compiler: gcc 12.2.0

Fedora 38 (Clang)
	Kernel: Depends on container host
	Compiler: clang 16.0.6

Fedora 37
	Kernel: Depends on container host system
	Compiler: gcc 12.3.1

Fedora 38
	Kernel: Depends on container host
	Compiler: gcc 13.2.1

Fedora 39
	Kernel: Depends on container host
	Compiler: gcc 13.2.1

Fedora 39 (Clang)
	Kernel: Depends on container host
	Compiler: clang 17.0.6

Fedora 40
	Kernel: Depends on container host
	Compiler: gcc 14.1.1

Fedora 40 (Clang)
	Kernel: Depends on container host
	Compiler: clang 18.1.6

openSUSE Leap 15
	Kernel: 5.4.0-167-generic
	Compiler: gcc 7.5.0

Ubuntu 20.04
	Kernel: 5.4.0-167-generic
	Compiler: gcc 9.4.0-1ubuntu1~20.04.1

RHEL8
	Kernel: 5.4.0-167-generic
	Compiler: gcc 8.5.0 20210514 (Red Hat 8.5.0-20)

RHEL9
	Kernel: Depends on container host
	Compiler: gcc 11.4.1

Ubuntu 22.04
	Kernel: 5.4.0-167-generic
	Compiler: gcc 11.4.0

Ubuntu 24.04
	Kernel: 5.4.0-167-generic
	Compiler: gcc 13.2.0

To view detailed results, visit:
https://lab.dpdk.org/results/dashboard/patchsets/30524/

UNH-IOL DPDK Community Lab

To manage your email subscriptions, visit: 
https://lab.dpdk.org/results/dashboard/preferences/subscriptions/