From mboxrd@z Thu Jan  1 00:00:00 1970
Return-Path: <test-report-bounces@dpdk.org>
Received: from mails.dpdk.org (mails.dpdk.org [217.70.189.124])
	by inbox.dpdk.org (Postfix) with ESMTP id AED6C45648
	for <public@inbox.dpdk.org>; Thu, 18 Jul 2024 17:43:56 +0200 (CEST)
Received: from mails.dpdk.org (localhost [127.0.0.1])
	by mails.dpdk.org (Postfix) with ESMTP id A81C443264;
	Thu, 18 Jul 2024 17:43:56 +0200 (CEST)
Received: from mail-yw1-f226.google.com (mail-yw1-f226.google.com
 [209.85.128.226])
 by mails.dpdk.org (Postfix) with ESMTP id C18604025E
 for <test-report@dpdk.org>; Thu, 18 Jul 2024 17:43:45 +0200 (CEST)
Received: by mail-yw1-f226.google.com with SMTP id
 00721157ae682-66498fd4f91so8734827b3.3
 for <test-report@dpdk.org>; Thu, 18 Jul 2024 08:43:45 -0700 (PDT)
DKIM-Signature: v=1; a=rsa-sha256; c=relaxed/relaxed;
 d=iol.unh.edu; s=unh-iol; t=1721317425; x=1721922225; darn=dpdk.org;
 h=references:in-reply-to:cc:to:from:subject:message-id:date:from:to
 :cc:subject:date:message-id:reply-to;
 bh=Vaj1noyaJFEIXyUlvO6MI8cYGMYM/gY/tc83KFDQFnI=;
 b=RUIZ7QFdsdWLFqMBdBKf9VxFRCy8RVXg/2Ofhhc4TIlN3OZOTVZvf0AbBFhXMPomOV
 4AZQOMF/QTI9LChU6LZNRXGWvO6aO8lcNAqpH70JnUh9+7WNFdqaK87Y7L2nqT5fAXuZ
 lnkpx7DAHaPsU3PvLuurNmEYXxAGuGzT3ksfI=
X-Google-DKIM-Signature: v=1; a=rsa-sha256; c=relaxed/relaxed;
 d=1e100.net; s=20230601; t=1721317425; x=1721922225;
 h=references:in-reply-to:cc:to:from:subject:message-id:date
 :x-gm-message-state:from:to:cc:subject:date:message-id:reply-to;
 bh=Vaj1noyaJFEIXyUlvO6MI8cYGMYM/gY/tc83KFDQFnI=;
 b=Xyl2BqAEKnfMfDKzyMjIqD8Xju7CktkHvx+SYP3b1y9GC3il8PTiJO49j5A6Yz16iD
 YTrx8xu877ftbB6mFRd5BlAaqwTBx9Z0bTUCIZnojHABT+BxZ3ZgEUUyryIwSS3Z4HLC
 XQ2zYi2vk9P7pr5GDANkKJQBzzW1TovWXMK+yAlgeS/uoR4u2G54blHOWAJrGH6JvTHf
 ktSbUV/mdc/ZHSwCpJojyePVcNoQ8fK7j/TliztE6g8QOI0GumJ3GyCZph6+zKy0KDMV
 xImgLmL8vR6dav6LTAjsXehumOrReCv8l29VlNl/X+PmyFh7f2X8g9NYBD6TYJvdN7OM
 AvGA==
X-Gm-Message-State: AOJu0YysCsRZ2oQA7MGIaT910rlGHGhYZRVEBsmCOixcx7i6eh0oHGsQ
 BCxj6HGAE1EUIQZOPSj4wXpOFJBOs3bfuiPJjkaGGcCtXhZmzggJMLHDgU8MAyyc3jWNLBNOyZM
 g9WPdPHoq/BrbYyTpletJH28HeSr6Me8eLFVgIu/XTWoy7CnVeFT21XAZ
X-Google-Smtp-Source: AGHT+IGPo3IDvx0lF4ebXdgNCzKlqdSxk8i6uO2Av0fYvkO6Zyxx06+keWhjDaJdF+p8fB7cq/X2ePsn/ZMV
X-Received: by 2002:a0d:da07:0:b0:62f:2589:1231 with SMTP id
 00721157ae682-664ffdb8f12mr58138017b3.42.1721317425226; 
 Thu, 18 Jul 2024 08:43:45 -0700 (PDT)
Received: from postal.iol.unh.edu (postal.iol.unh.edu.
 [2606:4100:3880:1234::84]) by smtp-relay.gmail.com with ESMTPS id
 00721157ae682-66602d43828sm1117577b3.49.2024.07.18.08.43.45
 (version=TLS1_2 cipher=ECDHE-ECDSA-AES128-GCM-SHA256 bits=128/128);
 Thu, 18 Jul 2024 08:43:45 -0700 (PDT)
X-Relaying-Domain: iol.unh.edu
Date: Thu, 18 Jul 2024 08:43:45 -0700 (PDT)
Message-ID: <66993831.0d0a0220.797b.2faaSMTPIN_ADDED_MISSING@mx.google.com>
Received: from [172.21.0.7] (unknown [172.18.0.240])
 by postal.iol.unh.edu (Postfix) with ESMTP id EA6A3605C351;
 Thu, 18 Jul 2024 11:43:44 -0400 (EDT)
Subject: |FAILURE| pw142503-142505 [PATCH] [v2,3/3] net/hns3: fix Rx packet w
From: dpdklab@iol.unh.edu
To: Test Report <test-report@dpdk.org>
Cc: dpdk-test-reports@iol.unh.edu, Jie Hai <haijie1@huawei.com>
In-Reply-To: <20240718114806.577298-4-haijie1@huawei.com>
References: <20240718114806.577298-4-haijie1@huawei.com>
Content-Type: text/plain
X-BeenThere: test-report@dpdk.org
X-Mailman-Version: 2.1.29
Precedence: list
List-Id: automatic DPDK test reports <test-report.dpdk.org>
List-Unsubscribe: <https://mails.dpdk.org/options/test-report>,
 <mailto:test-report-request@dpdk.org?subject=unsubscribe>
List-Archive: <http://mails.dpdk.org/archives/test-report/>
List-Post: <mailto:test-report@dpdk.org>
List-Help: <mailto:test-report-request@dpdk.org?subject=help>
List-Subscribe: <https://mails.dpdk.org/listinfo/test-report>,
 <mailto:test-report-request@dpdk.org?subject=subscribe>
Errors-To: test-report-bounces@dpdk.org

Test-Label: iol-unit-amd64-testing
Test-Status: FAILURE
http://dpdk.org/patch/142505

_Testing issues_

Submitter: Jie Hai <haijie1@huawei.com>
Date: Thursday, July 18 2024 11:48:05 
DPDK git baseline: Repo:dpdk
  Branch: master
  CommitID:3317515e9377c13e458e31a64f8987a9d1f2eaf6

142503-142505 --> testing issues

Upstream job id: Generic-Unit-Test-DPDK#241446

Test environment and result as below:

+---------------------+----------------+
|     Environment     | dpdk_unit_test |
+=====================+================+
| Windows Server 2022 | PASS           |
+---------------------+----------------+
| CentOS Stream 8     | PASS           |
+---------------------+----------------+
| CentOS Stream 9     | WARN           |
+---------------------+----------------+
| Debian Bullseye     | PASS           |
+---------------------+----------------+
| Windows Server 2019 | PASS           |
+---------------------+----------------+
| Fedora 38           | WARN           |
+---------------------+----------------+
| Fedora 37           | WARN           |
+---------------------+----------------+
| Debian 12           | WARN           |
+---------------------+----------------+
| Fedora 38 (Clang)   | PEND           |
+---------------------+----------------+
| Fedora 39           | WARN           |
+---------------------+----------------+
| Fedora 39 (Clang)   | PEND           |
+---------------------+----------------+
| Fedora 40           | PEND           |
+---------------------+----------------+
| Fedora 40 (Clang)   | PEND           |
+---------------------+----------------+
| Ubuntu 22.04        | PEND           |
+---------------------+----------------+
| Ubuntu 20.04        | PEND           |
+---------------------+----------------+
| openSUSE Leap 15    | PEND           |
+---------------------+----------------+
| RHEL8               | PEND           |
+---------------------+----------------+
| RHEL9               | PEND           |
+---------------------+----------------+
| Ubuntu 24.04        | PEND           |
+---------------------+----------------+

==== 20 line log output for Fedora 39 (dpdk_unit_test): ====
../drivers/net/hns3/hns3_rxtx.c:2454:18: note: object 'crc' of size 4
2454 |         uint32_t crc;
|                  ^~~
In function 'rte_mov15_or_less',
inlined from 'rte_memcpy_aligned' at ../lib/eal/x86/include/rte_memcpy.h:706:10,
inlined from 'rte_memcpy' at ../lib/eal/x86/include/rte_memcpy.h:755:10,
inlined from 'hns3_recalculate_crc' at ../drivers/net/hns3/hns3_rxtx.c:2471:2,
inlined from 'hns3_recv_pkts_simple' at ../drivers/net/hns3/hns3_rxtx.c:2571:4:
../lib/eal/x86/include/rte_memcpy.h:83:63: error: array subscript 'const struct rte_uint64_alias[0]' is partly outside array bounds of 'uint32_t[1]' {aka 'unsigned int[1]'} [-Werror=array-bounds=]
83 |                         ((const struct rte_uint64_alias *)src)->val;
|                         ~~~~~~~~~~~~~~~~~~~~~~~~~~~~~~~~~~~~~~^~~~~
../drivers/net/hns3/hns3_rxtx.c: In function 'hns3_recv_pkts_simple':
../drivers/net/hns3/hns3_rxtx.c:2454:18: note: object 'crc' of size 4
2454 |         uint32_t crc;
|                  ^~~
cc1: all warnings being treated as errors
[1531/2911] Compiling C object 'drivers/a715181@@tmp_rte_net_hns3@sta/net_hns3_hns3_common.c.o'.
[1532/2911] Compiling C object 'drivers/a715181@@tmp_rte_net_hns3@sta/net_hns3_hns3_dump.c.o'.
[1533/2911] Compiling C object 'drivers/net/i40e/1b39a87@@i40e_avx2_lib@sta/i40e_rxtx_vec_avx2.c.o'.
ninja: build stopped: subcommand failed.
==== End log output ====

Windows Server 2022
	Kernel: 10.0.20348.2031
	Compiler: clang 15.0.7, gcc 8.1.0 (MinGW), and MSVC VS 17.9

CentOS Stream 8
	Kernel: 5.4.0-167-generic
	Compiler: gcc 8.5.0 20210514

CentOS Stream 9
	Kernel: 5.4.0-167-generic
	Compiler: gcc 11.4.1 20230605

Debian Bullseye
	Kernel: 5.4.0-167-generic
	Compiler: gcc 10.2.1-6

Windows Server 2019
	Kernel: 10.0.17763
	Compiler: clang 14.0 and gcc 8.1.0 (MinGW)

Fedora 38
	Kernel: Depends on container host
	Compiler: gcc 13.2.1

Fedora 37
	Kernel: Depends on container host system
	Compiler: gcc 12.3.1

Debian 12
	Kernel: Container Host Kernel
	Compiler: gcc 12.2.0

Fedora 38 (Clang)
	Kernel: Depends on container host
	Compiler: clang 16.0.6

Fedora 39
	Kernel: Depends on container host
	Compiler: gcc 13.2.1

Fedora 39 (Clang)
	Kernel: Depends on container host
	Compiler: clang 17.0.6

Fedora 40
	Kernel: Depends on container host
	Compiler: gcc 14.1.1

Fedora 40 (Clang)
	Kernel: Depends on container host
	Compiler: clang 18.1.6

Ubuntu 22.04
	Kernel: 5.4.0-167-generic
	Compiler: gcc 11.4.0

Ubuntu 20.04
	Kernel: 5.4.0-167-generic
	Compiler: gcc 9.4.0-1ubuntu1~20.04.1

openSUSE Leap 15
	Kernel: 5.4.0-167-generic
	Compiler: gcc 7.5.0

RHEL8
	Kernel: 5.4.0-167-generic
	Compiler: gcc 8.5.0 20210514 (Red Hat 8.5.0-20)

RHEL9
	Kernel: Depends on container host
	Compiler: gcc 11.4.1

Ubuntu 24.04
	Kernel: 5.4.0-167-generic
	Compiler: gcc 13.2.0

To view detailed results, visit:
https://lab.dpdk.org/results/dashboard/patchsets/30553/

UNH-IOL DPDK Community Lab

To manage your email subscriptions, visit: 
https://lab.dpdk.org/results/dashboard/preferences/subscriptions/