From mboxrd@z Thu Jan  1 00:00:00 1970
Return-Path: <test-report-bounces@dpdk.org>
Received: from mails.dpdk.org (mails.dpdk.org [217.70.189.124])
	by inbox.dpdk.org (Postfix) with ESMTP id 43CB845655
	for <public@inbox.dpdk.org>; Fri, 19 Jul 2024 14:22:34 +0200 (CEST)
Received: from mails.dpdk.org (localhost [127.0.0.1])
	by mails.dpdk.org (Postfix) with ESMTP id 3F52C402D2;
	Fri, 19 Jul 2024 14:22:34 +0200 (CEST)
Received: from mail-io1-f100.google.com (mail-io1-f100.google.com
 [209.85.166.100])
 by mails.dpdk.org (Postfix) with ESMTP id A153840285
 for <test-report@dpdk.org>; Fri, 19 Jul 2024 14:22:32 +0200 (CEST)
Received: by mail-io1-f100.google.com with SMTP id
 ca18e2360f4ac-7f97e794f34so74929639f.3
 for <test-report@dpdk.org>; Fri, 19 Jul 2024 05:22:32 -0700 (PDT)
DKIM-Signature: v=1; a=rsa-sha256; c=relaxed/relaxed;
 d=iol.unh.edu; s=unh-iol; t=1721391752; x=1721996552; darn=dpdk.org;
 h=references:in-reply-to:cc:to:from:subject:message-id:date:from:to
 :cc:subject:date:message-id:reply-to;
 bh=jzhvS2zkWVvdNLFU3whkIsASLKV4ao8VUctcTjJaInk=;
 b=hDEOmOzkBpeBrOREKQqBQkCV1Ahziwy6nrVfxzCmsg1nESdHHAAGF8M4TLMsX+11kI
 lU9jAsnCjBlP1gI2FeqbjVXDdYbjmBDx78Fb/FjptUp1EX/hhaCaqCjmiVEOAqIIbKWt
 fWFvgFNLf3zUvt5tv1lDazn2P9s76G13O7jOs=
X-Google-DKIM-Signature: v=1; a=rsa-sha256; c=relaxed/relaxed;
 d=1e100.net; s=20230601; t=1721391752; x=1721996552;
 h=references:in-reply-to:cc:to:from:subject:message-id:date
 :x-gm-message-state:from:to:cc:subject:date:message-id:reply-to;
 bh=jzhvS2zkWVvdNLFU3whkIsASLKV4ao8VUctcTjJaInk=;
 b=v1oMdBApnv5DAy/p/d5mu2ol0/u3cHSxCo/bReix5mbyXPi1U24d9r0NOIC2BH8cOh
 p5PPheK+OqKsi39XENvOV0MrbytlGf27NeUNpqhQngl90x8stMmkTyACeFP+3/0UvUf1
 qdV9RG/NdgfpCIt1Zfi+sP9Ng1kUBu32m9/Ao49Bf9SpuRLZBtWbekl5pkQMZ0B9hBtt
 5FtXy75iYy56roxHk3Lyp6BiCItpXDQleFdNYYrKYjQWaTgBzW1bJUQvpBlrXks7Akwl
 xBKzks4gsTMT5UsRh3RqsAklXPWGp0zRIulI31uATIT77Mm33eK+VsuQG78WjHvulOUk
 xe5A==
X-Gm-Message-State: AOJu0Yyd/mwWjpg9rvtms6tgz+QfJHY++HxAgvsj/vGETutrvIwHqa/O
 8tt3e1+fMAJQ6L7aqUHCaj+S9ZsThsDeSjZEskgtqvMH7NSQIEuHbiDBfnxSPTY5bmizprohB7b
 aNs9OqZXl0zGdxoLgAijjfft1CHJLa87Zsv3IcJyK
X-Google-Smtp-Source: AGHT+IFIDhOQWc6nqhIVECPtWYu5LCnXMWnU5Jy1JcGZI2P1vp5Oro01EsZrbsgwfqtSJa8cURMRbsn5y9p/
X-Received: by 2002:a05:6602:6b86:b0:806:f495:3b34 with SMTP id
 ca18e2360f4ac-8170ff4b1bcmr877014339f.2.1721391752006; 
 Fri, 19 Jul 2024 05:22:32 -0700 (PDT)
Received: from postal.iol.unh.edu (postal.iol.unh.edu. [132.177.123.84])
 by smtp-relay.gmail.com with ESMTPS id
 8926c6da1cb9f-4c23440deb1sm48511173.56.2024.07.19.05.22.31
 (version=TLS1_2 cipher=ECDHE-ECDSA-AES128-GCM-SHA256 bits=128/128);
 Fri, 19 Jul 2024 05:22:31 -0700 (PDT)
X-Relaying-Domain: iol.unh.edu
Date: Fri, 19 Jul 2024 05:22:31 -0700 (PDT)
Message-ID: <669a5a87.050a0220.93868.2d7eSMTPIN_ADDED_MISSING@mx.google.com>
Received: from [172.21.0.6] (unknown [172.18.0.240])
 by postal.iol.unh.edu (Postfix) with ESMTP id 864B760524C8;
 Fri, 19 Jul 2024 08:22:31 -0400 (EDT)
Subject: |FAILURE| pw142513-142516 [PATCH] [4/4] test: run timer secondary te
From: dpdklab@iol.unh.edu
To: Test Report <test-report@dpdk.org>
Cc: dpdk-test-reports@iol.unh.edu,
 Stephen Hemminger <stephen@networkplumber.org>
In-Reply-To: <20240718191049.84865-5-stephen@networkplumber.org>
References: <20240718191049.84865-5-stephen@networkplumber.org>
Content-Type: text/plain
X-BeenThere: test-report@dpdk.org
X-Mailman-Version: 2.1.29
Precedence: list
List-Id: automatic DPDK test reports <test-report.dpdk.org>
List-Unsubscribe: <https://mails.dpdk.org/options/test-report>,
 <mailto:test-report-request@dpdk.org?subject=unsubscribe>
List-Archive: <http://mails.dpdk.org/archives/test-report/>
List-Post: <mailto:test-report@dpdk.org>
List-Help: <mailto:test-report-request@dpdk.org?subject=help>
List-Subscribe: <https://mails.dpdk.org/listinfo/test-report>,
 <mailto:test-report-request@dpdk.org?subject=subscribe>
Errors-To: test-report-bounces@dpdk.org

Test-Label: iol-unit-amd64-testing
Test-Status: FAILURE
http://dpdk.org/patch/142516

_Testing issues_

Submitter: Stephen Hemminger <stephen@networkplumber.org>
Date: Thursday, July 18 2024 19:07:15 
DPDK git baseline: Repo:dpdk
  Branch: master
  CommitID:fa8d2f7f28524a6c8defa3dcd94f5aa131aae084

142513-142516 --> testing issues

Upstream job id: Generic-Unit-Test-DPDK#241784

Test environment and result as below:

+---------------------+----------------+
|     Environment     | dpdk_unit_test |
+=====================+================+
| CentOS Stream 8     | PASS           |
+---------------------+----------------+
| Debian Bullseye     | PEND           |
+---------------------+----------------+
| CentOS Stream 9     | PASS           |
+---------------------+----------------+
| Windows Server 2022 | FAIL           |
+---------------------+----------------+
| Debian 12           | PASS           |
+---------------------+----------------+
| Fedora 37           | PASS           |
+---------------------+----------------+
| Fedora 38 (Clang)   | PEND           |
+---------------------+----------------+
| Windows Server 2019 | FAIL           |
+---------------------+----------------+
| Fedora 38           | PEND           |
+---------------------+----------------+
| Fedora 39           | PEND           |
+---------------------+----------------+
| Fedora 39 (Clang)   | PEND           |
+---------------------+----------------+
| Fedora 40           | PEND           |
+---------------------+----------------+
| Fedora 40 (Clang)   | PEND           |
+---------------------+----------------+
| openSUSE Leap 15    | PEND           |
+---------------------+----------------+
| RHEL9               | PEND           |
+---------------------+----------------+
| RHEL8               | PEND           |
+---------------------+----------------+
| Ubuntu 24.04        | PEND           |
+---------------------+----------------+
| Ubuntu 22.04        | PEND           |
+---------------------+----------------+

==== Unit test summary for Windows Server 2019 (dpdk_unit_test): ====
Failed to get the unit test results.
Displaying the unit test results is not supported for some environments,
such as our aarch32 testing, where meson is not used to run the tests.
Download the logs available on our CI site.
==== End log output ====

CentOS Stream 8
	Kernel: 5.4.0-167-generic
	Compiler: gcc 8.5.0 20210514

Debian Bullseye
	Kernel: 5.4.0-167-generic
	Compiler: gcc 10.2.1-6

CentOS Stream 9
	Kernel: 5.4.0-167-generic
	Compiler: gcc 11.4.1 20230605

Windows Server 2022
	Kernel: 10.0.20348.2031
	Compiler: clang 15.0.7, gcc 8.1.0 (MinGW), and MSVC VS 17.9

Debian 12
	Kernel: Container Host Kernel
	Compiler: gcc 12.2.0

Fedora 37
	Kernel: Depends on container host system
	Compiler: gcc 12.3.1

Fedora 38 (Clang)
	Kernel: Depends on container host
	Compiler: clang 16.0.6

Windows Server 2019
	Kernel: 10.0.17763
	Compiler: clang 14.0 and gcc 8.1.0 (MinGW)

Fedora 38
	Kernel: Depends on container host
	Compiler: gcc 13.2.1

Fedora 39
	Kernel: Depends on container host
	Compiler: gcc 13.2.1

Fedora 39 (Clang)
	Kernel: Depends on container host
	Compiler: clang 17.0.6

Fedora 40
	Kernel: Depends on container host
	Compiler: gcc 14.1.1

Fedora 40 (Clang)
	Kernel: Depends on container host
	Compiler: clang 18.1.6

openSUSE Leap 15
	Kernel: 5.4.0-167-generic
	Compiler: gcc 7.5.0

RHEL9
	Kernel: Depends on container host
	Compiler: gcc 11.4.1

RHEL8
	Kernel: 5.4.0-167-generic
	Compiler: gcc 8.5.0 20210514 (Red Hat 8.5.0-20)

Ubuntu 24.04
	Kernel: 5.4.0-167-generic
	Compiler: gcc 13.2.0

Ubuntu 22.04
	Kernel: 5.4.0-167-generic
	Compiler: gcc 11.4.0

To view detailed results, visit:
https://lab.dpdk.org/results/dashboard/patchsets/30558/

UNH-IOL DPDK Community Lab

To manage your email subscriptions, visit: 
https://lab.dpdk.org/results/dashboard/preferences/subscriptions/