From mboxrd@z Thu Jan  1 00:00:00 1970
Return-Path: <test-report-bounces@dpdk.org>
Received: from mails.dpdk.org (mails.dpdk.org [217.70.189.124])
	by inbox.dpdk.org (Postfix) with ESMTP id 208BE45655
	for <public@inbox.dpdk.org>; Fri, 19 Jul 2024 14:37:08 +0200 (CEST)
Received: from mails.dpdk.org (localhost [127.0.0.1])
	by mails.dpdk.org (Postfix) with ESMTP id 1A7FC402D2;
	Fri, 19 Jul 2024 14:37:08 +0200 (CEST)
Received: from mail-il1-f226.google.com (mail-il1-f226.google.com
 [209.85.166.226])
 by mails.dpdk.org (Postfix) with ESMTP id CFC3740285
 for <test-report@dpdk.org>; Fri, 19 Jul 2024 14:37:06 +0200 (CEST)
Received: by mail-il1-f226.google.com with SMTP id
 e9e14a558f8ab-39865a15900so1345095ab.1
 for <test-report@dpdk.org>; Fri, 19 Jul 2024 05:37:06 -0700 (PDT)
DKIM-Signature: v=1; a=rsa-sha256; c=relaxed/relaxed;
 d=iol.unh.edu; s=unh-iol; t=1721392626; x=1721997426; darn=dpdk.org;
 h=references:in-reply-to:cc:to:from:subject:message-id:date:from:to
 :cc:subject:date:message-id:reply-to;
 bh=lrJFH0hsMnADPmxGDfDOdkXqxAsiyOvffYV5MF1Olis=;
 b=CBqmDhAZpscfGM5+t1xuXrh+gYk/RmWqipraixEoNEXDSpDYppZTOaSe0NA4PP1UtH
 77cypAhkQcAGChjaGQyOgkP/1hgKsI93Kj9FLljsA+MLa6nRvTSyiRFeJjR3f/Stjsm5
 c8r1BLF0say42tJG8NDLm9Xid6cDz67i6qZLY=
X-Google-DKIM-Signature: v=1; a=rsa-sha256; c=relaxed/relaxed;
 d=1e100.net; s=20230601; t=1721392626; x=1721997426;
 h=references:in-reply-to:cc:to:from:subject:message-id:date
 :x-gm-message-state:from:to:cc:subject:date:message-id:reply-to;
 bh=lrJFH0hsMnADPmxGDfDOdkXqxAsiyOvffYV5MF1Olis=;
 b=Qyrx7w2yPnCVfIzOVWMyegAZ1koU8KPkw1e+qADN3+KOGXsk0fM9FWCGxSiLKAukss
 AunP/vYBw9BRzjjX8bFY32GpooQ0V4JdsTNkQeBqRTh2TIy+eAT2O1p8JDzZ7zvVVqjn
 EFqk3q6C9iviOnTomWrMVdHlC5GiBhhkF9ymP6nNamO2JhSmYfpC45gPiGJKxjREXPmy
 Sq6XexZm1jaj3EqpnZoXEfQnFfBAJztbdjTgqhGhAXofd/7opWytEgw5xGZ8n28UHrh+
 w73XezMPw7bNg3PHGmwoUqGa2QLG6ep3ZPKcjTnPv04FnCWoOAouiG3uzEJ/KlzAlPnR
 vPaQ==
X-Gm-Message-State: AOJu0YwpgdsBM4hGXav3vzOmpNdFKKBSboZ5OTqO/3Dv93zKSppn3wo+
 9k8w58eUWhGngJQDewQSS9m6GBcEdlg7OL1fIXzw9IwiYp7hELVTjmtRYTmDabq8gpR66YSPC72
 XNilo97ROejAemVIhey1GKeU7beBsl6lh7Biu3SmD0Zovb5quy0LjNt/Z
X-Google-Smtp-Source: AGHT+IGn1E5Sp/OqqZS4iKbYWJb/9yk7Akiyk0Cq87x9WcXCFVSxRrWFYI8Q+6nupN+uzbT567SYV0jHXjYW
X-Received: by 2002:a05:6e02:1586:b0:397:70e7:1441 with SMTP id
 e9e14a558f8ab-39770e7172dmr37687375ab.11.1721392626129; 
 Fri, 19 Jul 2024 05:37:06 -0700 (PDT)
Received: from postal.iol.unh.edu (postal.iol.unh.edu.
 [2606:4100:3880:1234::84]) by smtp-relay.gmail.com with ESMTPS id
 e9e14a558f8ab-397f509559dsm654165ab.11.2024.07.19.05.37.06
 (version=TLS1_2 cipher=ECDHE-ECDSA-AES128-GCM-SHA256 bits=128/128);
 Fri, 19 Jul 2024 05:37:06 -0700 (PDT)
X-Relaying-Domain: iol.unh.edu
Date: Fri, 19 Jul 2024 05:37:06 -0700 (PDT)
Message-ID: <669a5df2.050a0220.325b64.443bSMTPIN_ADDED_MISSING@mx.google.com>
Received: from [172.21.0.7] (unknown [172.18.0.240])
 by postal.iol.unh.edu (Postfix) with ESMTP id 95CD360524C8;
 Fri, 19 Jul 2024 08:37:05 -0400 (EDT)
Subject: |FAILURE| pw142513-142516 [PATCH] [4/4] test: run timer secondary te
From: dpdklab@iol.unh.edu
To: Test Report <test-report@dpdk.org>
Cc: dpdk-test-reports@iol.unh.edu,
 Stephen Hemminger <stephen@networkplumber.org>
In-Reply-To: <20240718191049.84865-5-stephen@networkplumber.org>
References: <20240718191049.84865-5-stephen@networkplumber.org>
Content-Type: text/plain
X-BeenThere: test-report@dpdk.org
X-Mailman-Version: 2.1.29
Precedence: list
List-Id: automatic DPDK test reports <test-report.dpdk.org>
List-Unsubscribe: <https://mails.dpdk.org/options/test-report>,
 <mailto:test-report-request@dpdk.org?subject=unsubscribe>
List-Archive: <http://mails.dpdk.org/archives/test-report/>
List-Post: <mailto:test-report@dpdk.org>
List-Help: <mailto:test-report-request@dpdk.org?subject=help>
List-Subscribe: <https://mails.dpdk.org/listinfo/test-report>,
 <mailto:test-report-request@dpdk.org?subject=subscribe>
Errors-To: test-report-bounces@dpdk.org

Test-Label: iol-unit-amd64-testing
Test-Status: FAILURE
http://dpdk.org/patch/142516

_Testing issues_

Submitter: Stephen Hemminger <stephen@networkplumber.org>
Date: Thursday, July 18 2024 19:07:15 
DPDK git baseline: Repo:dpdk
  Branch: master
  CommitID:fa8d2f7f28524a6c8defa3dcd94f5aa131aae084

142513-142516 --> testing issues

Upstream job id: Generic-Unit-Test-DPDK#241802

Test environment and result as below:

+---------------------+----------------+
|     Environment     | dpdk_unit_test |
+=====================+================+
| CentOS Stream 8     | PASS           |
+---------------------+----------------+
| Debian Bullseye     | PASS           |
+---------------------+----------------+
| CentOS Stream 9     | PASS           |
+---------------------+----------------+
| Windows Server 2022 | FAIL           |
+---------------------+----------------+
| Debian 12           | PASS           |
+---------------------+----------------+
| Fedora 37           | PASS           |
+---------------------+----------------+
| Fedora 38 (Clang)   | PASS           |
+---------------------+----------------+
| Windows Server 2019 | FAIL           |
+---------------------+----------------+
| Fedora 38           | PASS           |
+---------------------+----------------+
| Fedora 39           | PASS           |
+---------------------+----------------+
| Fedora 39 (Clang)   | PEND           |
+---------------------+----------------+
| Fedora 40           | PASS           |
+---------------------+----------------+
| Fedora 40 (Clang)   | PEND           |
+---------------------+----------------+
| openSUSE Leap 15    | PASS           |
+---------------------+----------------+
| RHEL9               | PASS           |
+---------------------+----------------+
| RHEL8               | PEND           |
+---------------------+----------------+
| Ubuntu 24.04        | PEND           |
+---------------------+----------------+
| Ubuntu 22.04        | PEND           |
+---------------------+----------------+
| Ubuntu 20.04        | PEND           |
+---------------------+----------------+

==== Unit test summary for Windows Server 2019 (dpdk_unit_test): ====
Failed to get the unit test results.
Displaying the unit test results is not supported for some environments,
such as our aarch32 testing, where meson is not used to run the tests.
Download the logs available on our CI site.
==== End log output ====

CentOS Stream 8
	Kernel: 5.4.0-167-generic
	Compiler: gcc 8.5.0 20210514

Debian Bullseye
	Kernel: 5.4.0-167-generic
	Compiler: gcc 10.2.1-6

CentOS Stream 9
	Kernel: 5.4.0-167-generic
	Compiler: gcc 11.4.1 20230605

Windows Server 2022
	Kernel: 10.0.20348.2031
	Compiler: clang 15.0.7, gcc 8.1.0 (MinGW), and MSVC VS 17.9

Debian 12
	Kernel: Container Host Kernel
	Compiler: gcc 12.2.0

Fedora 37
	Kernel: Depends on container host system
	Compiler: gcc 12.3.1

Fedora 38 (Clang)
	Kernel: Depends on container host
	Compiler: clang 16.0.6

Windows Server 2019
	Kernel: 10.0.17763
	Compiler: clang 14.0 and gcc 8.1.0 (MinGW)

Fedora 38
	Kernel: Depends on container host
	Compiler: gcc 13.2.1

Fedora 39
	Kernel: Depends on container host
	Compiler: gcc 13.2.1

Fedora 39 (Clang)
	Kernel: Depends on container host
	Compiler: clang 17.0.6

Fedora 40
	Kernel: Depends on container host
	Compiler: gcc 14.1.1

Fedora 40 (Clang)
	Kernel: Depends on container host
	Compiler: clang 18.1.6

openSUSE Leap 15
	Kernel: 5.4.0-167-generic
	Compiler: gcc 7.5.0

RHEL9
	Kernel: Depends on container host
	Compiler: gcc 11.4.1

RHEL8
	Kernel: 5.4.0-167-generic
	Compiler: gcc 8.5.0 20210514 (Red Hat 8.5.0-20)

Ubuntu 24.04
	Kernel: 5.4.0-167-generic
	Compiler: gcc 13.2.0

Ubuntu 22.04
	Kernel: 5.4.0-167-generic
	Compiler: gcc 11.4.0

Ubuntu 20.04
	Kernel: 5.4.0-167-generic
	Compiler: gcc 9.4.0-1ubuntu1~20.04.1

To view detailed results, visit:
https://lab.dpdk.org/results/dashboard/patchsets/30558/

UNH-IOL DPDK Community Lab

To manage your email subscriptions, visit: 
https://lab.dpdk.org/results/dashboard/preferences/subscriptions/